CRAN Package Check Results for Package abstractr

Last updated on 2022-05-23 16:53:51 CEST.

Flavor Version Tinstall Tcheck Ttotal Status Flags
r-devel-linux-x86_64-debian-clang 0.1.0 6.42 82.20 88.62 NOTE
r-devel-linux-x86_64-debian-gcc 0.1.0 5.77 60.50 66.27 NOTE
r-devel-linux-x86_64-fedora-clang 0.1.0 103.94 NOTE
r-devel-linux-x86_64-fedora-gcc 0.1.0 101.95 NOTE
r-devel-windows-x86_64 0.1.0 17.00 107.00 124.00 NOTE
r-patched-linux-x86_64 0.1.0 5.88 76.50 82.38 NOTE
r-release-linux-x86_64 0.1.0 NOTE
r-release-macos-arm64 0.1.0 33.00 NOTE
r-release-macos-x86_64 0.1.0 54.00 NOTE
r-release-windows-x86_64 0.1.0 15.00 109.00 124.00 NOTE
r-oldrel-macos-arm64 0.1.0 35.00 NOTE
r-oldrel-macos-x86_64 0.1.0 61.00 NOTE
r-oldrel-windows-ix86+x86_64 0.1.0 20.00 95.00 115.00 NOTE

Check Details

Version: 0.1.0
Check: LazyData
Result: NOTE
     'LazyData' is specified without a 'data' directory
Flavors: r-devel-linux-x86_64-debian-clang, r-devel-linux-x86_64-debian-gcc, r-devel-linux-x86_64-fedora-clang, r-devel-linux-x86_64-fedora-gcc, r-devel-windows-x86_64, r-patched-linux-x86_64, r-release-linux-x86_64, r-release-macos-arm64, r-release-macos-x86_64, r-release-windows-x86_64, r-oldrel-macos-arm64, r-oldrel-macos-x86_64, r-oldrel-windows-ix86+x86_64