CRAN Package Check Results for Package abundant

Last updated on 2019-07-23 08:49:24 CEST.

Flavor Version Tinstall Tcheck Ttotal Status Flags
r-devel-linux-x86_64-debian-clang 1.1 2.48 25.52 28.00 OK
r-devel-linux-x86_64-debian-gcc 1.1 1.80 19.73 21.53 OK
r-devel-linux-x86_64-fedora-clang 1.1 31.90 NOTE
r-devel-linux-x86_64-fedora-gcc 1.1 31.77 NOTE
r-devel-windows-ix86+x86_64 1.1 7.00 52.00 59.00 OK
r-patched-linux-x86_64 1.1 1.91 25.18 27.09 OK
r-patched-solaris-x86 1.1 52.90 OK
r-release-linux-x86_64 1.1 2.53 25.10 27.63 OK
r-release-windows-ix86+x86_64 1.1 7.00 64.00 71.00 OK
r-release-osx-x86_64 1.1 OK
r-oldrel-windows-ix86+x86_64 1.1 5.00 46.00 51.00 OK
r-oldrel-osx-x86_64 1.1 OK

Check Details

Version: 1.1
Check: compiled code
Result: NOTE
    File ‘abundant/libs/abundant.so’:
     Found no calls to: ‘R_registerRoutines’, ‘R_useDynamicSymbols’
    
    It is good practice to register native routines and to disable symbol
    search.
    
    See ‘Writing portable packages’ in the ‘Writing R Extensions’ manual.
Flavors: r-devel-linux-x86_64-fedora-clang, r-devel-linux-x86_64-fedora-gcc