CRAN Package Check Results for Package acc

Last updated on 2022-07-02 18:51:30 CEST.

Flavor Version Tinstall Tcheck Ttotal Status Flags
r-devel-linux-x86_64-debian-clang 1.3.3 63.82 89.27 153.09 OK
r-devel-linux-x86_64-debian-gcc 1.3.3 50.44 65.46 115.90 OK
r-devel-linux-x86_64-fedora-clang 1.3.3 242.92 NOTE
r-devel-linux-x86_64-fedora-gcc 1.3.3 221.05 NOTE
r-devel-windows-x86_64 1.3.3 390.00 128.00 518.00 OK
r-patched-linux-x86_64 1.3.3 60.19 84.66 144.85 OK
r-release-linux-x86_64 1.3.3 61.43 83.62 145.05 OK
r-release-macos-arm64 1.3.3 59.00 OK
r-release-macos-x86_64 1.3.3 71.00 OK
r-release-windows-x86_64 1.3.3 64.00 129.00 193.00 OK
r-oldrel-macos-arm64 1.3.3 61.00 OK
r-oldrel-macos-x86_64 1.3.3 107.00 OK
r-oldrel-windows-ix86+x86_64 1.3.3 168.00 146.00 314.00 OK

Check Details

Version: 1.3.3
Check: compiled code
Result: NOTE
    File ‘acc/libs/acc.so’:
     Found no calls to: ‘R_registerRoutines’, ‘R_useDynamicSymbols’
    
    It is good practice to register native routines and to disable symbol
    search.
    
    See ‘Writing portable packages’ in the ‘Writing R Extensions’ manual.
Flavors: r-devel-linux-x86_64-fedora-clang, r-devel-linux-x86_64-fedora-gcc