CRAN Package Check Results for Package accelmissing

Last updated on 2020-06-05 01:49:55 CEST.

Flavor Version Tinstall Tcheck Ttotal Status Flags
r-devel-linux-x86_64-debian-clang 1.4 7.01 63.24 70.25 NOTE
r-devel-linux-x86_64-debian-gcc 1.4 5.58 49.89 55.47 NOTE
r-devel-linux-x86_64-fedora-clang 1.4 92.33 NOTE
r-devel-linux-x86_64-fedora-gcc 1.4 81.54 NOTE
r-devel-windows-ix86+x86_64 1.4 32.00 87.00 119.00 OK
r-patched-linux-x86_64 1.4 5.34 62.51 67.85 NOTE
r-patched-solaris-x86 1.4 122.00 NOTE
r-release-linux-x86_64 1.4 7.65 62.73 70.38 NOTE
r-release-osx-x86_64 1.4 OK
r-release-windows-ix86+x86_64 1.4 15.00 87.00 102.00 OK
r-oldrel-osx-x86_64 1.4 OK
r-oldrel-windows-ix86+x86_64 1.4 20.00 76.00 96.00 OK

Check Details

Version: 1.4
Check: for non-standard things in the check directory
Result: NOTE
    Found the following files/directories:
     'acceldata2.RData'
Flavors: r-devel-linux-x86_64-debian-clang, r-devel-linux-x86_64-debian-gcc, r-devel-linux-x86_64-fedora-clang, r-devel-linux-x86_64-fedora-gcc, r-patched-linux-x86_64, r-patched-solaris-x86, r-release-linux-x86_64