CRAN Package Check Results for Package acepack

Last updated on 2021-10-16 01:48:09 CEST.

Flavor Version Tinstall Tcheck Ttotal Status Flags
r-devel-linux-x86_64-debian-clang 1.4.1 3.73 21.74 25.47 OK
r-devel-linux-x86_64-debian-gcc 1.4.1 2.77 17.10 19.87 OK
r-devel-linux-x86_64-fedora-clang 1.4.1 43.22 NOTE
r-devel-linux-x86_64-fedora-gcc 1.4.1 33.27 NOTE
r-devel-windows-x86_64 1.4.1 7.00 29.00 36.00 OK
r-devel-windows-x86_64-gcc10-UCRT 1.4.1 OK
r-patched-linux-x86_64 1.4.1 3.90 21.06 24.96 OK
r-patched-solaris-x86 1.4.1 52.10 OK
r-release-linux-x86_64 1.4.1 3.65 21.16 24.81 OK
r-release-macos-arm64 1.4.1 OK
r-release-macos-x86_64 1.4.1 OK
r-release-windows-ix86+x86_64 1.4.1 12.00 48.00 60.00 OK
r-oldrel-macos-x86_64 1.4.1 OK
r-oldrel-windows-ix86+x86_64 1.4.1 13.00 50.00 63.00 OK

Check Details

Version: 1.4.1
Check: compiled code
Result: NOTE
    File ‘acepack/libs/acepack.so’:
     Found no calls to: ‘R_registerRoutines’, ‘R_useDynamicSymbols’
    
    It is good practice to register native routines and to disable symbol
    search.
    
    See ‘Writing portable packages’ in the ‘Writing R Extensions’ manual.
Flavors: r-devel-linux-x86_64-fedora-clang, r-devel-linux-x86_64-fedora-gcc