CRAN Package Check Results for Package acepack

Last updated on 2014-09-20 15:49:15.

Flavor Version Tinstall Tcheck Ttotal Status Flags
r-devel-linux-x86_64-debian-clang 1.3-3.3 2.06 8.81 10.87 NOTE
r-devel-linux-x86_64-debian-gcc 1.3-3.3 2.06 8.59 10.65 NOTE
r-devel-linux-x86_64-fedora-clang 1.3-3.3 19.85 NOTE
r-devel-linux-x86_64-fedora-gcc 1.3-3.3 18.82 NOTE
r-devel-osx-x86_64-clang 1.3-3.3 25.11 OK
r-devel-windows-ix86+x86_64 1.3-3.3 8.00 18.00 26.00 OK
r-patched-linux-x86_64 1.3-3.3 2.08 8.75 10.82 NOTE
r-patched-solaris-sparc 1.3-3.3 126.70 OK
r-patched-solaris-x86 1.3-3.3 32.50 OK
r-release-linux-ix86 1.3-3.3 3.45 14.73 18.18 OK
r-release-linux-x86_64 1.3-3.3 2.44 8.96 11.40 NOTE
r-release-osx-x86_64-mavericks 1.3-3.3 OK
r-release-windows-ix86+x86_64 1.3-3.3 11.00 20.00 31.00 OK
r-oldrel-windows-ix86+x86_64 1.3-3.3 9.00 19.00 28.00 OK

Check Details

Version: 1.3-3.3
Check: top-level files
Result: NOTE
    Non-standard files/directories found at top level:
     ‘README.ace’ ‘README.avas’ ‘ace.doc’
Flavors: r-devel-linux-x86_64-debian-clang, r-devel-linux-x86_64-debian-gcc, r-devel-linux-x86_64-fedora-clang, r-devel-linux-x86_64-fedora-gcc, r-patched-linux-x86_64, r-release-linux-x86_64