CRAN Package Check Results for Package acepack

Last updated on 2018-02-24 23:48:45 CET.

Flavor Version Tinstall Tcheck Ttotal Status Flags
r-devel-linux-x86_64-debian-clang 1.4.1 2.62 16.93 19.55 NOTE
r-devel-linux-x86_64-debian-gcc 1.4.1 1.81 13.50 15.31 NOTE
r-devel-linux-x86_64-fedora-clang 1.4.1 23.98 NOTE
r-devel-linux-x86_64-fedora-gcc 1.4.1 22.95 NOTE
r-devel-windows-ix86+x86_64 1.4.1 20.00 47.00 67.00 OK
r-patched-linux-x86_64 1.4.1 2.52 16.64 19.16 NOTE
r-patched-solaris-x86 1.4.1 34.40 OK
r-release-linux-x86_64 1.4.1 2.51 16.48 18.99 NOTE
r-release-windows-ix86+x86_64 1.4.1 11.00 49.00 60.00 OK
r-release-osx-x86_64 1.4.1 OK
r-oldrel-windows-ix86+x86_64 1.4.1 11.00 29.00 40.00 OK
r-oldrel-osx-x86_64 1.4.1 OK

Check Details

Version: 1.4.1
Check: compiled code
Result: NOTE
    File ‘acepack/libs/acepack.so’:
     Found no calls to: ‘R_registerRoutines’, ‘R_useDynamicSymbols’
    
    It is good practice to register native routines and to disable symbol
    search.
    
    See ‘Writing portable packages’ in the ‘Writing R Extensions’ manual.
Flavors: r-devel-linux-x86_64-debian-clang, r-devel-linux-x86_64-debian-gcc, r-devel-linux-x86_64-fedora-clang, r-devel-linux-x86_64-fedora-gcc, r-patched-linux-x86_64, r-release-linux-x86_64