Last updated on 2018-04-25 01:46:20 CEST.
Flavor | Version | Tinstall | Tcheck | Ttotal | Status | Flags |
---|---|---|---|---|---|---|
r-devel-linux-x86_64-debian-clang | 1.4.1 | 2.70 | 17.42 | 20.12 | NOTE | |
r-devel-linux-x86_64-debian-gcc | 1.4.1 | 2.02 | 13.67 | 15.69 | NOTE | |
r-devel-linux-x86_64-fedora-clang | 1.4.1 | 24.68 | NOTE | |||
r-devel-linux-x86_64-fedora-gcc | 1.4.1 | 22.77 | NOTE | |||
r-devel-windows-ix86+x86_64 | 1.4.1 | 17.00 | 42.00 | 59.00 | OK | |
r-patched-linux-x86_64 | 1.4.1 | 3.13 | 16.77 | 19.90 | NOTE | |
r-patched-solaris-x86 | 1.4.1 | 39.20 | OK | |||
r-release-linux-x86_64 | 1.4.1 | 2.29 | 16.74 | 19.03 | NOTE | |
r-release-windows-ix86+x86_64 | 1.4.1 | 17.00 | 42.00 | 59.00 | OK | |
r-release-osx-x86_64 | 1.4.1 | OK | ||||
r-oldrel-windows-ix86+x86_64 | 1.4.1 | 16.00 | 43.00 | 59.00 | OK | |
r-oldrel-osx-x86_64 | 1.4.1 | OK |
Version: 1.4.1
Check: compiled code
Result: NOTE
File ‘acepack/libs/acepack.so’:
Found no calls to: ‘R_registerRoutines’, ‘R_useDynamicSymbols’
It is good practice to register native routines and to disable symbol
search.
See ‘Writing portable packages’ in the ‘Writing R Extensions’ manual.
Flavors: r-devel-linux-x86_64-debian-clang, r-devel-linux-x86_64-debian-gcc, r-devel-linux-x86_64-fedora-clang, r-devel-linux-x86_64-fedora-gcc, r-patched-linux-x86_64, r-release-linux-x86_64