CRAN Package Check Results for Package acepack

Last updated on 2017-12-13 03:47:40 CET.

Flavor Version Tinstall Tcheck Ttotal Status Flags
r-devel-linux-x86_64-debian-clang 1.4.1 2.21 15.19 17.40 NOTE
r-devel-linux-x86_64-debian-gcc 1.4.1 1.70 12.95 14.65 NOTE
r-devel-linux-x86_64-fedora-clang 1.4.1 21.30 NOTE
r-devel-linux-x86_64-fedora-gcc 1.4.1 22.37 NOTE
r-devel-windows-ix86+x86_64 1.4.1 22.00 36.00 58.00 OK
r-patched-linux-x86_64 1.4.1 2.11 15.45 17.56 NOTE
r-patched-solaris-x86 1.4.1 33.80 OK
r-release-linux-x86_64 1.4.1 1.71 15.26 16.97 NOTE
r-release-windows-ix86+x86_64 1.4.1 11.00 44.00 55.00 OK
r-release-osx-x86_64 1.4.1 OK
r-oldrel-windows-ix86+x86_64 1.4.1 15.00 37.00 52.00 OK
r-oldrel-osx-x86_64 1.4.1 OK

Check Details

Version: 1.4.1
Check: compiled code
Result: NOTE
    File ‘acepack/libs/acepack.so’:
     Found no calls to: ‘R_registerRoutines’, ‘R_useDynamicSymbols’
    
    It is good practice to register native routines and to disable symbol
    search.
    
    See ‘Writing portable packages’ in the ‘Writing R Extensions’ manual.
Flavors: r-devel-linux-x86_64-debian-clang, r-devel-linux-x86_64-debian-gcc, r-devel-linux-x86_64-fedora-clang, r-devel-linux-x86_64-fedora-gcc, r-patched-linux-x86_64, r-release-linux-x86_64