CRAN Package Check Results for Package acepack

Last updated on 2017-10-21 18:47:00.

Flavor Version Tinstall Tcheck Ttotal Status Flags
r-devel-linux-x86_64-debian-clang 1.4.1 1.89 11.84 13.73 NOTE
r-devel-linux-x86_64-debian-gcc 1.4.1 3.98 12.08 16.06 NOTE
r-devel-linux-x86_64-fedora-clang 1.4.1 22.80 NOTE
r-devel-linux-x86_64-fedora-gcc 1.4.1 21.89 NOTE
r-devel-windows-ix86+x86_64 1.4.1 16.00 32.00 48.00 OK
r-patched-linux-x86_64 1.4.1 2.04 11.44 13.48 NOTE
r-patched-solaris-x86 1.4.1 37.20 OK
r-release-linux-x86_64 1.4.1 1.96 11.70 13.66 NOTE
r-release-windows-ix86+x86_64 1.4.1 15.00 72.00 87.00 OK
r-release-osx-x86_64 1.4.1 OK
r-oldrel-windows-ix86+x86_64 1.4.1 10.00 41.00 51.00 OK
r-oldrel-osx-x86_64 1.4.1 OK

Check Details

Version: 1.4.1
Check: compiled code
Result: NOTE
    File ‘acepack/libs/acepack.so’:
     Found no calls to: ‘R_registerRoutines’, ‘R_useDynamicSymbols’
    
    It is good practice to register native routines and to disable symbol
    search.
    
    See ‘Writing portable packages’ in the ‘Writing R Extensions’ manual.
Flavors: r-devel-linux-x86_64-debian-clang, r-devel-linux-x86_64-debian-gcc, r-devel-linux-x86_64-fedora-clang, r-devel-linux-x86_64-fedora-gcc, r-patched-linux-x86_64, r-release-linux-x86_64