CRAN Package Check Results for Package acepack

Last updated on 2017-04-28 21:46:59.

Flavor Version Tinstall Tcheck Ttotal Status Flags
r-devel-linux-x86_64-debian-clang 1.4.1 2.42 11.49 13.91 NOTE
r-devel-linux-x86_64-debian-gcc 1.4.1 2.40 11.25 13.65 NOTE
r-devel-linux-x86_64-fedora-clang 1.4.1 21.94 NOTE --no-stop-on-test-error
r-devel-linux-x86_64-fedora-gcc 1.4.1 20.95 NOTE --no-stop-on-test-error
r-devel-windows-ix86+x86_64 1.4.1 14.00 44.00 58.00 OK
r-patched-linux-x86_64 1.4.1 2.29 11.19 13.48 NOTE
r-patched-solaris-sparc 1.4.1 133.00 OK
r-patched-solaris-x86 1.4.1 33.90 OK
r-release-linux-x86_64 1.4.1 2.40 11.15 13.55 NOTE
r-release-windows-ix86+x86_64 1.4.1 17.00 32.00 49.00 OK
r-release-osx-x86_64 1.4.1 OK
r-oldrel-windows-ix86+x86_64 1.4.1 13.00 28.00 41.00 OK
r-oldrel-osx-x86_64 1.4.1 OK

Check Details

Version: 1.4.1
Check: compiled code
Result: NOTE
    File ‘acepack/libs/acepack.so’:
     Found no calls to: ‘R_registerRoutines’, ‘R_useDynamicSymbols’
    
    It is good practice to register native routines and to disable symbol
    search.
    
    See ‘Writing portable packages’ in the ‘Writing R Extensions’ manual.
Flavors: r-devel-linux-x86_64-debian-clang, r-devel-linux-x86_64-debian-gcc, r-patched-linux-x86_64, r-release-linux-x86_64

Version: 1.4.1
Flags: --no-stop-on-test-error
Check: compiled code
Result: NOTE
    File ‘acepack/libs/acepack.so’:
     Found no calls to: ‘R_registerRoutines’, ‘R_useDynamicSymbols’
    
    It is good practice to register native routines and to disable symbol
    search.
    
    See ‘Writing portable packages’ in the ‘Writing R Extensions’ manual.
Flavors: r-devel-linux-x86_64-fedora-clang, r-devel-linux-x86_64-fedora-gcc