CRAN Package Check Results for Package acepack

Last updated on 2019-03-25 02:48:54 CET.

Flavor Version Tinstall Tcheck Ttotal Status Flags
r-devel-linux-x86_64-debian-clang 1.4.1 3.41 18.23 21.64 OK
r-devel-linux-x86_64-debian-gcc 1.4.1 2.86 14.51 17.37 OK
r-devel-linux-x86_64-fedora-clang 1.4.1 27.32 NOTE
r-devel-linux-x86_64-fedora-gcc 1.4.1 25.37 NOTE
r-devel-windows-ix86+x86_64 1.4.1 17.00 56.00 73.00 OK
r-patched-linux-x86_64 1.4.1 2.75 17.21 19.96 OK
r-patched-solaris-x86 1.4.1 39.20 OK
r-release-linux-x86_64 1.4.1 2.88 17.15 20.03 OK
r-release-windows-ix86+x86_64 1.4.1 12.00 38.00 50.00 OK
r-release-osx-x86_64 1.4.1 OK
r-oldrel-windows-ix86+x86_64 1.4.1 11.00 36.00 47.00 OK
r-oldrel-osx-x86_64 1.4.1 OK

Check Details

Version: 1.4.1
Check: compiled code
Result: NOTE
    File ‘acepack/libs/acepack.so’:
     Found no calls to: ‘R_registerRoutines’, ‘R_useDynamicSymbols’
    
    It is good practice to register native routines and to disable symbol
    search.
    
    See ‘Writing portable packages’ in the ‘Writing R Extensions’ manual.
Flavors: r-devel-linux-x86_64-fedora-clang, r-devel-linux-x86_64-fedora-gcc