CRAN Package Check Results for Package acepack

Last updated on 2014-07-24 11:53:18.

Flavor Version Tinstall Tcheck Ttotal Status Flags
r-devel-linux-x86_64-debian-clang 1.3-3.3 2.06 10.77 12.82 OK
r-devel-linux-x86_64-debian-gcc 1.3-3.3 2.05 8.64 10.69 OK
r-devel-linux-x86_64-fedora-clang 1.3-3.3 20.58 NOTE
r-devel-linux-x86_64-fedora-gcc 1.3-3.3 20.15 NOTE
r-devel-osx-x86_64-clang 1.3-3.3 23.56 OK
r-devel-windows-ix86+x86_64 1.3-3.3 8.00 19.00 27.00 OK
r-patched-linux-x86_64 1.3-3.3 2.53 8.75 11.28 OK
r-patched-solaris-sparc 1.3-3.3 119.80 OK
r-patched-solaris-x86 1.3-3.3 32.50 OK
r-release-linux-ix86 1.3-3.3 3.39 14.30 17.69 OK
r-release-linux-x86_64 1.3-3.3 2.13 8.78 10.91 OK
r-release-osx-x86_64-mavericks 1.3-3.3 OK
r-release-windows-ix86+x86_64 1.3-3.3 11.00 20.00 31.00 OK
r-oldrel-windows-ix86+x86_64 1.3-3.3 9.00 19.00 28.00 OK

Check Details

Version: 1.3-3.3
Check: top-level files
Result: NOTE
    Non-standard files/directories found at top level:
     ‘README.ace’ ‘README.avas’ ‘ace.doc’
Flavors: r-devel-linux-x86_64-fedora-clang, r-devel-linux-x86_64-fedora-gcc