CRAN Package Check Results for Package acepack

Last updated on 2014-11-01 03:48:39.

Flavor Version Tinstall Tcheck Ttotal Status Flags
r-devel-linux-x86_64-debian-clang 1.3-3.3 2.68 9.05 11.74 NOTE
r-devel-linux-x86_64-debian-gcc 1.3-3.3 2.20 9.12 11.32 NOTE
r-devel-linux-x86_64-fedora-clang 1.3-3.3 21.33 NOTE
r-devel-linux-x86_64-fedora-gcc 1.3-3.3 19.99 NOTE
r-devel-osx-x86_64-clang 1.3-3.3 24.38 OK
r-devel-windows-ix86+x86_64 1.3-3.3 8.00 18.00 26.00 OK
r-patched-linux-x86_64 1.3-3.3 2.14 9.70 11.84 NOTE
r-patched-solaris-sparc 1.3-3.3 126.70 OK
r-patched-solaris-x86 1.3-3.3 34.50 OK
r-release-linux-ix86 1.3-3.3 3.40 14.60 18.00 OK
r-release-linux-x86_64 1.3-3.3 2.10 8.83 10.93 NOTE
r-release-osx-x86_64-mavericks 1.3-3.3 OK
r-release-windows-ix86+x86_64 1.3-3.3 11.00 20.00 31.00 OK
r-oldrel-windows-ix86+x86_64 1.3-3.3 9.00 19.00 28.00 OK

Check Details

Version: 1.3-3.3
Check: top-level files
Result: NOTE
    Non-standard files/directories found at top level:
     ‘README.ace’ ‘README.avas’ ‘ace.doc’
Flavors: r-devel-linux-x86_64-debian-clang, r-devel-linux-x86_64-debian-gcc, r-devel-linux-x86_64-fedora-clang, r-devel-linux-x86_64-fedora-gcc, r-patched-linux-x86_64, r-release-linux-x86_64