CRAN Package Check Results for Package acepack

Last updated on 2016-09-30 23:47:45.

Flavor Version Tinstall Tcheck Ttotal Status Flags
r-devel-linux-x86_64-debian-clang 1.3-3.3 2.55 9.61 12.16 WARN
r-devel-linux-x86_64-debian-gcc 1.3-3.3 2.39 9.37 11.76 WARN
r-devel-linux-x86_64-fedora-clang 1.3-3.3 19.17 WARN
r-devel-linux-x86_64-fedora-gcc 1.3-3.3 16.36 WARN
r-devel-macos-x86_64-clang 1.3-3.3 16.49 WARN
r-devel-windows-ix86+x86_64 1.3-3.3 17.00 37.00 54.00 WARN
r-patched-linux-x86_64 1.3-3.3 2.29 8.83 11.12 OK
r-patched-solaris-sparc 1.3-3.3 101.80 OK
r-patched-solaris-x86 1.3-3.3 25.40 OK
r-release-linux-x86_64 1.3-3.3 2.36 8.60 10.96 OK
r-release-osx-x86_64-mavericks 1.3-3.3 OK
r-release-windows-ix86+x86_64 1.3-3.3 9.00 41.00 50.00 OK
r-oldrel-windows-ix86+x86_64 1.3-3.3 10.00 18.00 28.00 OK

Check Details

Version: 1.3-3.3
Check: whether package can be installed
Result: WARN
    Found the following significant warnings:
     Warning: GNU Extension: Different type kinds at (1)
Flavors: r-devel-linux-x86_64-debian-clang, r-devel-linux-x86_64-debian-gcc, r-devel-linux-x86_64-fedora-clang, r-devel-linux-x86_64-fedora-gcc, r-devel-macos-x86_64-clang, r-devel-windows-ix86+x86_64