CRAN Package Check Results for Package acepack

Last updated on 2014-04-17 20:47:30.

Flavor Version Tinstall Tcheck Ttotal Status Flags
r-devel-linux-x86_64-debian-clang 1.3-3.3 3.37 8.91 12.28 OK
r-devel-linux-x86_64-debian-gcc 1.3-3.3 2.95 9.09 12.04 OK
r-devel-linux-x86_64-fedora-clang 1.3-3.3 21.20 NOTE
r-devel-linux-x86_64-fedora-gcc 1.3-3.3 19.31 NOTE
r-devel-macosx-x86_64-clang 1.3-3.3 23.82 OK
r-devel-macosx-x86_64-gcc 1.3-3.3 OK
r-devel-windows-ix86+x86_64 1.3-3.3 8.00 23.00 31.00 OK
r-patched-linux-x86_64 1.3-3.3 3.13 9.48 12.61 OK
r-patched-solaris-sparc 1.3-3.3 119.80 OK
r-patched-solaris-x86 1.3-3.3 33.20 OK
r-release-linux-ix86 1.3-3.3 5.00 21.00 26.00 OK
r-release-linux-x86_64 1.3-3.3 2.13 9.35 11.48 OK
r-release-windows-ix86+x86_64 1.3-3.3 13.00 29.00 42.00 OK
r-oldrel-windows-ix86+x86_64 1.3-3.3 9.00 19.00 28.00 OK

Check Details

Version: 1.3-3.3
Check: top-level files
Result: NOTE
    Non-standard files/directories found at top level:
     ‘README.ace’ ‘README.avas’ ‘ace.doc’
Flavors: r-devel-linux-x86_64-fedora-clang, r-devel-linux-x86_64-fedora-gcc