CRAN Package Check Results for Package acepack

Last updated on 2019-07-23 07:48:40 CEST.

Flavor Version Tinstall Tcheck Ttotal Status Flags
r-devel-linux-x86_64-debian-clang 1.4.1 3.68 18.26 21.94 OK
r-devel-linux-x86_64-debian-gcc 1.4.1 2.93 14.81 17.74 OK
r-devel-linux-x86_64-fedora-clang 1.4.1 26.93 NOTE
r-devel-linux-x86_64-fedora-gcc 1.4.1 25.88 NOTE
r-devel-windows-ix86+x86_64 1.4.1 15.00 59.00 74.00 OK
r-patched-linux-x86_64 1.4.1 3.63 18.18 21.81 OK
r-patched-solaris-x86 1.4.1 46.80 OK
r-release-linux-x86_64 1.4.1 3.28 18.05 21.33 OK
r-release-windows-ix86+x86_64 1.4.1 13.00 39.00 52.00 OK
r-release-osx-x86_64 1.4.1 OK
r-oldrel-windows-ix86+x86_64 1.4.1 15.00 37.00 52.00 OK
r-oldrel-osx-x86_64 1.4.1 OK

Check Details

Version: 1.4.1
Check: compiled code
Result: NOTE
    File ‘acepack/libs/acepack.so’:
     Found no calls to: ‘R_registerRoutines’, ‘R_useDynamicSymbols’
    
    It is good practice to register native routines and to disable symbol
    search.
    
    See ‘Writing portable packages’ in the ‘Writing R Extensions’ manual.
Flavors: r-devel-linux-x86_64-fedora-clang, r-devel-linux-x86_64-fedora-gcc