CRAN Package Check Results for Package acepack

Last updated on 2017-06-26 02:47:18.

Flavor Version Tinstall Tcheck Ttotal Status Flags
r-devel-linux-x86_64-debian-clang 1.4.1 2.42 11.48 13.90 NOTE
r-devel-linux-x86_64-debian-gcc 1.4.1 2.42 10.85 13.27 NOTE
r-devel-linux-x86_64-fedora-clang 1.4.1 22.46 NOTE
r-devel-linux-x86_64-fedora-gcc 1.4.1 20.95 NOTE
r-devel-windows-ix86+x86_64 1.4.1 19.00 43.00 62.00 OK
r-patched-linux-x86_64 1.4.1 2.30 10.89 13.19 NOTE
r-patched-solaris-sparc 1.4.1 133.00 OK
r-patched-solaris-x86 1.4.1 33.70 OK
r-release-linux-x86_64 1.4.1 2.45 10.93 13.37 NOTE
r-release-windows-ix86+x86_64 1.4.1 11.00 42.00 53.00 OK
r-release-osx-x86_64 1.4.1 OK
r-oldrel-windows-ix86+x86_64 1.4.1 10.00 40.00 50.00 OK
r-oldrel-osx-x86_64 1.4.1 OK

Check Details

Version: 1.4.1
Check: compiled code
Result: NOTE
    File ‘acepack/libs/acepack.so’:
     Found no calls to: ‘R_registerRoutines’, ‘R_useDynamicSymbols’
    
    It is good practice to register native routines and to disable symbol
    search.
    
    See ‘Writing portable packages’ in the ‘Writing R Extensions’ manual.
Flavors: r-devel-linux-x86_64-debian-clang, r-devel-linux-x86_64-debian-gcc, r-devel-linux-x86_64-fedora-clang, r-devel-linux-x86_64-fedora-gcc, r-patched-linux-x86_64, r-release-linux-x86_64