CRAN Package Check Results for Package acepack

Last updated on 2016-08-30 06:48:44.

Flavor Version Tinstall Tcheck Ttotal Status Flags
r-devel-linux-x86_64-debian-clang 1.3-3.3 2.41 8.67 11.08 WARN
r-devel-linux-x86_64-debian-gcc 1.3-3.3 2.32 8.85 11.17 WARN
r-devel-linux-x86_64-fedora-clang 1.3-3.3 17.75 WARN
r-devel-linux-x86_64-fedora-gcc 1.3-3.3 16.62 WARN
r-devel-osx-x86_64-clang 1.3-3.3 16.49 WARN
r-devel-windows-ix86+x86_64 1.3-3.3 13.00 37.00 50.00 OK
r-patched-linux-x86_64 1.3-3.3 2.37 8.43 10.80 OK
r-patched-solaris-sparc 1.3-3.3 101.80 OK
r-patched-solaris-x86 1.3-3.3 26.00 OK
r-release-linux-x86_64 1.3-3.3 2.30 8.82 11.11 OK
r-release-osx-x86_64-mavericks 1.3-3.3 OK
r-release-windows-ix86+x86_64 1.3-3.3 19.00 42.00 61.00 OK
r-oldrel-windows-ix86+x86_64 1.3-3.3 10.00 18.00 28.00 OK

Check Details

Version: 1.3-3.3
Check: whether package can be installed
Result: WARN
    Found the following significant warnings:
     Warning: GNU Extension: Different type kinds at (1)
Flavors: r-devel-linux-x86_64-debian-clang, r-devel-linux-x86_64-debian-gcc, r-devel-linux-x86_64-fedora-clang, r-devel-linux-x86_64-fedora-gcc, r-devel-osx-x86_64-clang