CRAN Package Check Results for Package acepack

Last updated on 2014-08-22 22:46:31.

Flavor Version Tinstall Tcheck Ttotal Status Flags
r-devel-linux-x86_64-debian-clang 1.3-3.3 2.07 8.43 10.50 OK
r-devel-linux-x86_64-debian-gcc 1.3-3.3 2.34 8.93 11.27 OK
r-devel-linux-x86_64-fedora-clang 1.3-3.3 20.96 NOTE
r-devel-linux-x86_64-fedora-gcc 1.3-3.3 18.66 NOTE
r-devel-osx-x86_64-clang 1.3-3.3 24.06 OK
r-devel-windows-ix86+x86_64 1.3-3.3 7.00 19.00 26.00 OK
r-patched-linux-x86_64 1.3-3.3 2.06 8.60 10.66 OK
r-patched-solaris-sparc 1.3-3.3 126.70 OK
r-patched-solaris-x86 1.3-3.3 33.30 OK
r-release-linux-ix86 1.3-3.3 3.41 14.52 17.94 OK
r-release-linux-x86_64 1.3-3.3 2.16 8.86 11.02 OK
r-release-osx-x86_64-mavericks 1.3-3.3 OK
r-release-windows-ix86+x86_64 1.3-3.3 11.00 20.00 31.00 OK
r-oldrel-windows-ix86+x86_64 1.3-3.3 9.00 19.00 28.00 OK

Check Details

Version: 1.3-3.3
Check: top-level files
Result: NOTE
    Non-standard files/directories found at top level:
     ‘README.ace’ ‘README.avas’ ‘ace.doc’
Flavors: r-devel-linux-x86_64-fedora-clang, r-devel-linux-x86_64-fedora-gcc