CRAN Package Check Results for Package acepack

Last updated on 2017-02-20 20:47:36.

Flavor Version Tinstall Tcheck Ttotal Status Flags
r-devel-linux-x86_64-debian-clang 1.4.1 2.46 11.41 13.87 NOTE
r-devel-linux-x86_64-debian-gcc 1.4.1 2.31 11.16 13.47 NOTE
r-devel-linux-x86_64-fedora-clang 1.4.1 21.08 NOTE --no-stop-on-test-error
r-devel-linux-x86_64-fedora-gcc 1.4.1 20.65 NOTE --no-stop-on-test-error
r-devel-macos-x86_64-clang 1.4.1 20.44 NOTE --no-stop-on-test-error
r-devel-windows-ix86+x86_64 1.4.1 13.00 45.00 58.00 OK
r-patched-linux-x86_64 1.4.1 2.27 8.88 11.15 OK
r-patched-solaris-sparc 1.4.1 121.30 OK
r-patched-solaris-x86 1.4.1 28.40 OK
r-release-linux-x86_64 1.4.1 2.23 9.18 11.41 OK
r-release-osx-x86_64-mavericks 1.4.1 OK
r-release-windows-ix86+x86_64 1.4.1 11.00 26.00 37.00 OK
r-oldrel-windows-ix86+x86_64 1.4.1 10.00 44.00 54.00 OK

Check Details

Version: 1.4.1
Check: compiled code
Result: NOTE
    File ‘acepack/libs/acepack.so’:
     Found no calls to: ‘R_registerRoutines’, ‘R_useDynamicSymbols’
    
    It is good practice to register native routines and to disable symbol
    search.
    
    See ‘Writing portable packages’ in the ‘Writing R Extensions’ manual.
Flavors: r-devel-linux-x86_64-debian-clang, r-devel-linux-x86_64-debian-gcc

Version: 1.4.1
Flags: --no-stop-on-test-error
Check: compiled code
Result: NOTE
    File ‘acepack/libs/acepack.so’:
     Found no calls to: ‘R_registerRoutines’, ‘R_useDynamicSymbols’
    
    It is good practice to register native routines and to disable symbol
    search.
    
    See ‘Writing portable packages’ in the ‘Writing R Extensions’ manual.
Flavors: r-devel-linux-x86_64-fedora-clang, r-devel-linux-x86_64-fedora-gcc, r-devel-macos-x86_64-clang