CRAN Package Check Results for Package acepack

Last updated on 2017-08-16 16:46:23.

Flavor Version Tinstall Tcheck Ttotal Status Flags
r-devel-linux-x86_64-debian-clang 1.4.1 2.01 11.31 13.32 NOTE
r-devel-linux-x86_64-debian-gcc 1.4.1 2.03 11.00 13.03 NOTE
r-devel-linux-x86_64-fedora-clang 1.4.1 22.28 NOTE
r-devel-linux-x86_64-fedora-gcc 1.4.1 21.93 NOTE
r-devel-windows-ix86+x86_64 1.4.1 14.00 31.00 45.00 OK
r-patched-linux-x86_64 1.4.1 1.90 11.10 13.00 NOTE
r-patched-solaris-x86 1.4.1 36.10 OK
r-release-linux-x86_64 1.4.1 1.90 11.20 13.10 NOTE
r-release-windows-ix86+x86_64 1.4.1 11.00 40.00 51.00 OK
r-release-osx-x86_64 1.4.1 OK
r-oldrel-windows-ix86+x86_64 1.4.1 14.00 28.00 42.00 OK
r-oldrel-osx-x86_64 1.4.1 OK

Check Details

Version: 1.4.1
Check: compiled code
Result: NOTE
    File ‘acepack/libs/acepack.so’:
     Found no calls to: ‘R_registerRoutines’, ‘R_useDynamicSymbols’
    
    It is good practice to register native routines and to disable symbol
    search.
    
    See ‘Writing portable packages’ in the ‘Writing R Extensions’ manual.
Flavors: r-devel-linux-x86_64-debian-clang, r-devel-linux-x86_64-debian-gcc, r-devel-linux-x86_64-fedora-clang, r-devel-linux-x86_64-fedora-gcc, r-patched-linux-x86_64, r-release-linux-x86_64