CRAN Package Check Results for Package acer

Last updated on 2014-09-01 21:48:44.

Flavor Version Tinstall Tcheck Ttotal Status Flags
r-devel-linux-x86_64-debian-clang 0.1.2 6.18 12.92 19.10 NOTE
r-devel-linux-x86_64-debian-gcc 0.1.2 6.77 12.79 19.56 NOTE
r-devel-linux-x86_64-fedora-clang 0.1.2 43.69 NOTE
r-devel-linux-x86_64-fedora-gcc 0.1.2 38.40 NOTE
r-devel-osx-x86_64-clang 0.1.2 38.03 NOTE
r-devel-windows-ix86+x86_64 0.1.2 26.00 32.00 58.00 NOTE
r-patched-linux-x86_64 0.1.2 6.94 13.77 20.71 NOTE
r-patched-solaris-sparc 0.1.2 234.10 NOTE
r-patched-solaris-x86 0.1.2 54.90 NOTE
r-release-linux-ix86 0.1.2 8.66 22.07 30.73 NOTE
r-release-linux-x86_64 0.1.2 7.09 13.98 21.07 NOTE
r-release-osx-x86_64-mavericks 0.1.2 NOTE
r-release-osx-x86_64-snowleopard 0.1.2 NOTE
r-release-windows-ix86+x86_64 0.1.2 34.00 34.00 68.00 NOTE
r-oldrel-windows-ix86+x86_64 0.1.2 24.00 40.00 64.00 NOTE

Check Details

Version: 0.1.2
Check: dependencies in R code
Result: NOTE
    Package in Depends field not imported from: ‘Rcpp’
     These packages need to be imported from (in the NAMESPACE file)
     for when this namespace is loaded but not attached.
    See the information on DESCRIPTION files in the chapter ‘Creating R
    packages’ of the ‘Writing R Extensions’ manual.
Flavors: r-devel-linux-x86_64-debian-clang, r-devel-linux-x86_64-debian-gcc, r-devel-linux-x86_64-fedora-clang, r-devel-linux-x86_64-fedora-gcc, r-devel-osx-x86_64-clang, r-devel-windows-ix86+x86_64, r-patched-linux-x86_64, r-patched-solaris-sparc, r-patched-solaris-x86, r-release-linux-ix86, r-release-linux-x86_64, r-release-osx-x86_64-mavericks, r-release-windows-ix86+x86_64, r-oldrel-windows-ix86+x86_64

Version: 0.1.2
Check: for old-style vignette sources
Result: NOTE
    Vignette sources only in ‘inst/doc’:
     ‘acer.Rnw’
    A ‘vignettes’ directory is required as from R 3.1.0
    and these will not be indexed nor checked
Flavors: r-devel-linux-x86_64-debian-clang, r-devel-linux-x86_64-debian-gcc, r-devel-linux-x86_64-fedora-clang, r-devel-linux-x86_64-fedora-gcc, r-devel-osx-x86_64-clang, r-devel-windows-ix86+x86_64, r-patched-linux-x86_64, r-patched-solaris-sparc, r-patched-solaris-x86, r-release-linux-ix86, r-release-linux-x86_64, r-release-osx-x86_64-mavericks, r-release-osx-x86_64-snowleopard, r-release-windows-ix86+x86_64

Version: 0.1.2
Check: top-level files
Result: NOTE
    Non-standard file/directory found at top level:
     ‘share’
Flavors: r-devel-linux-x86_64-fedora-clang, r-devel-linux-x86_64-fedora-gcc

Version: 0.1.2
Check: for old-style vignette sources
Result: NOTE
    Vignette sources only in 'inst/doc':
     'acer.Rnw'
    A 'vignettes' directory will be required as from R 3.1.0
Flavor: r-oldrel-windows-ix86+x86_64