CRAN Package Check Results for Package acopula

Last updated on 2014-07-23 23:48:20.

Flavor Version Tinstall Tcheck Ttotal Status Flags
r-devel-linux-x86_64-debian-clang 0.9.2 0.65 22.46 23.12 OK
r-devel-linux-x86_64-debian-gcc 0.9.2 0.64 21.69 22.33 OK
r-devel-linux-x86_64-fedora-clang 0.9.2 51.37 NOTE
r-devel-linux-x86_64-fedora-gcc 0.9.2 49.95 NOTE
r-devel-osx-x86_64-clang 0.9.2 42.80 OK
r-devel-windows-ix86+x86_64 0.9.2 2.00 36.00 38.00 OK
r-patched-linux-x86_64 0.9.2 0.82 22.18 23.00 OK
r-patched-solaris-sparc 0.9.2 289.90 OK
r-patched-solaris-x86 0.9.2 62.70 OK
r-release-linux-ix86 0.9.2 1.01 29.73 30.74 OK
r-release-linux-x86_64 0.9.2 0.71 22.98 23.69 OK
r-release-osx-x86_64-mavericks 0.9.2 OK
r-release-windows-ix86+x86_64 0.9.2 3.00 35.00 38.00 OK
r-oldrel-windows-ix86+x86_64 0.9.2 3.00 30.00 33.00 OK

Check Details

Version: 0.9.2
Check: top-level files
Result: NOTE
    Non-standard file/directory found at top level:
     ‘acopula-Ex.R’
Flavors: r-devel-linux-x86_64-fedora-clang, r-devel-linux-x86_64-fedora-gcc