CRAN Package Check Results for Package acopula

Last updated on 2015-07-06 21:46:20.

Flavor Version Tinstall Tcheck Ttotal Status Flags
r-devel-linux-x86_64-debian-clang 0.9.2 0.63 22.18 22.81 NOTE
r-devel-linux-x86_64-debian-gcc 0.9.2 0.62 21.84 22.46 NOTE
r-devel-linux-x86_64-fedora-clang 0.9.2 44.00 NOTE
r-devel-linux-x86_64-fedora-gcc 0.9.2 43.19 NOTE
r-devel-osx-x86_64-clang 0.9.2 42.71 NOTE
r-devel-windows-ix86+x86_64 0.9.2 3.00 29.00 32.00 NOTE
r-patched-linux-x86_64 0.9.2 0.81 23.27 24.08 NOTE
r-patched-solaris-sparc 0.9.2 315.30 NOTE
r-patched-solaris-x86 0.9.2 53.70 NOTE
r-release-linux-x86_64 0.9.2 0.66 21.94 22.60 NOTE
r-release-osx-x86_64-mavericks 0.9.2 NOTE
r-release-windows-ix86+x86_64 0.9.2 2.00 30.00 32.00 NOTE
r-oldrel-windows-ix86+x86_64 0.9.2 4.00 36.00 40.00 NOTE

Check Details

Version: 0.9.2
Check: DESCRIPTION meta-information
Result: NOTE
    Malformed Title field: should not end in a period.
Flavors: r-devel-linux-x86_64-debian-clang, r-devel-linux-x86_64-debian-gcc, r-devel-linux-x86_64-fedora-clang, r-devel-linux-x86_64-fedora-gcc, r-devel-osx-x86_64-clang, r-devel-windows-ix86+x86_64, r-patched-linux-x86_64, r-patched-solaris-sparc, r-patched-solaris-x86, r-release-linux-x86_64, r-release-osx-x86_64-mavericks, r-release-windows-ix86+x86_64

Version: 0.9.2
Check: top-level files
Result: NOTE
    Non-standard file/directory found at top level:
     ‘acopula-Ex.R’
Flavors: r-devel-linux-x86_64-debian-clang, r-devel-linux-x86_64-debian-gcc, r-devel-linux-x86_64-fedora-clang, r-devel-linux-x86_64-fedora-gcc, r-patched-linux-x86_64, r-release-linux-x86_64

Version: 0.9.2
Check: dependencies in R code
Result: NOTE
    'library' or 'require' call to ‘mvtnorm’ in package code.
     Please use :: or requireNamespace() instead.
     See section 'Suggested packages' in the 'Writing R Extensions' manual.
Flavors: r-devel-linux-x86_64-debian-clang, r-devel-linux-x86_64-debian-gcc, r-devel-linux-x86_64-fedora-clang, r-devel-linux-x86_64-fedora-gcc, r-devel-osx-x86_64-clang, r-devel-windows-ix86+x86_64, r-patched-linux-x86_64, r-patched-solaris-sparc, r-patched-solaris-x86, r-release-linux-x86_64, r-release-osx-x86_64-mavericks, r-release-windows-ix86+x86_64, r-oldrel-windows-ix86+x86_64

Version: 0.9.2
Check: S3 generic/method consistency
Result: NOTE
    Found the following apparent S3 methods exported but not registered:
     print.eCopulaArchimax print.eCopulaGeneric print.gCopula
     print.isCopula
    See section ‘Registering S3 methods’ in the ‘Writing R Extensions’
    manual.
Flavors: r-devel-linux-x86_64-debian-clang, r-devel-linux-x86_64-debian-gcc, r-devel-linux-x86_64-fedora-clang, r-devel-linux-x86_64-fedora-gcc, r-devel-osx-x86_64-clang, r-patched-linux-x86_64, r-patched-solaris-sparc, r-patched-solaris-x86, r-release-linux-x86_64

Version: 0.9.2
Check: R code for possible problems
Result: NOTE
    cCopula : qcop: no visible global function definition for ‘uniroot’
    copNormal : pcopula: no visible global function definition for
     ‘pmvnorm’
    copNormal : pcopula: no visible binding for global variable ‘qnorm’
    copNormal : rcopula: no visible global function definition for ‘pnorm’
    copNormal : rcopula: no visible global function definition for
     ‘rmvnorm’
    copNormal : rcopula: no visible global function definition for ‘rnorm’
    copNormal : <anonymous>: no visible binding for global variable ‘qnorm’
    copPlackett : <anonymous>: no visible global function definition for
     ‘runif’
    copProduct : <anonymous>: no visible global function definition for
     ‘runif’
    depHuslerReiss : <anonymous>: no visible global function definition for
     ‘pnorm’
    eCopulaArchimax: no visible global function definition for ‘cor’
    eCopulaArchimax: no visible global function definition for ‘uniroot’
    eCopulaArchimax: no visible global function definition for ‘optim’
    eCopulaArchimax: no visible global function definition for ‘nlminb’
    eCopulaArchimax: no visible global function definition for ‘nls’
    eCopulaArchimax: no visible global function definition for ‘residuals’
    eCopulaGeneric: no visible global function definition for ‘cor’
    eCopulaGeneric: no visible global function definition for ‘uniroot’
    eCopulaGeneric: no visible global function definition for ‘optim’
    eCopulaGeneric: no visible global function definition for ‘nlminb’
    gCopula : fK: no visible global function definition for ‘integrate’
    gCopula: no visible global function definition for ‘txtProgressBar’
    gCopula : loop: no visible global function definition for
     ‘setTxtProgressBar’
    gCopula: no visible global function definition for ‘quantile’
    gCopulaEmpirical: no visible global function definition for
     ‘txtProgressBar’
    gCopulaEmpirical : loop: no visible global function definition for
     ‘rnorm’
    gCopulaEmpirical : loop: no visible global function definition for
     ‘setTxtProgressBar’
    gCopulaEmpirical: no visible global function definition for ‘quantile’
    genLog : <anonymous>: no visible global function definition for ‘runif’
    pCopula : qcop: no visible global function definition for ‘uniroot’
    rCopula : qcop: no visible global function definition for ‘uniroot’
    rCopula: no visible global function definition for ‘runif’
    rCopulaArchimax2D : Ki: no visible global function definition for
     ‘uniroot’
    rCopulaArchimax2D : Hi: no visible global function definition for
     ‘uniroot’
    rCopulaArchimax2D : rCA: no visible global function definition for
     ‘runif’
    rCopulaArchimax2D: no visible global function definition for ‘runif’
    Undefined global functions or variables:
     cor integrate nlminb nls optim pmvnorm pnorm qnorm quantile residuals
     rmvnorm rnorm runif setTxtProgressBar txtProgressBar uniroot
Flavors: r-devel-linux-x86_64-debian-clang, r-devel-linux-x86_64-debian-gcc, r-devel-linux-x86_64-fedora-clang, r-devel-linux-x86_64-fedora-gcc, r-devel-windows-ix86+x86_64

Version: 0.9.2
Check: R code for possible problems
Result: NOTE
    copNormal : pcopula: no visible global function definition for
     ‘pmvnorm’
    copNormal : rcopula: no visible global function definition for
     ‘rmvnorm’
    Undefined global functions or variables:
     pmvnorm rmvnorm
Flavor: r-devel-osx-x86_64-clang

Version: 0.9.2
Check: R code for possible problems
Result: NOTE
    copNormal : pcopula: no visible global function definition for
     ‘pmvnorm’
    copNormal : rcopula: no visible global function definition for
     ‘rmvnorm’
Flavors: r-patched-linux-x86_64, r-patched-solaris-sparc, r-patched-solaris-x86, r-release-linux-x86_64, r-release-osx-x86_64-mavericks, r-release-windows-ix86+x86_64, r-oldrel-windows-ix86+x86_64