CRAN Package Check Results for Package acopula

Last updated on 2014-11-22 20:46:48.

Flavor Version Tinstall Tcheck Ttotal Status Flags
r-devel-linux-x86_64-debian-clang 0.9.2 0.67 27.30 27.97 NOTE
r-devel-linux-x86_64-debian-gcc 0.9.2 0.88 25.80 26.68 NOTE
r-devel-linux-x86_64-fedora-clang 0.9.2 51.27 NOTE
r-devel-linux-x86_64-fedora-gcc 0.9.2 45.65 NOTE
r-devel-osx-x86_64-clang 0.9.2 45.52 NOTE
r-devel-windows-ix86+x86_64 0.9.2 2.00 32.00 34.00 NOTE
r-patched-linux-x86_64 0.9.2 0.78 26.49 27.28 NOTE
r-patched-solaris-sparc 0.9.2 294.80 NOTE
r-patched-solaris-x86 0.9.2 58.50 NOTE
r-release-linux-ix86 0.9.2 1.10 28.76 29.86 NOTE
r-release-linux-x86_64 0.9.2 0.67 27.14 27.81 NOTE
r-release-osx-x86_64-mavericks 0.9.2 OK
r-release-windows-ix86+x86_64 0.9.2 2.00 34.00 36.00 NOTE
r-oldrel-windows-ix86+x86_64 0.9.2 3.00 34.00 37.00 OK

Check Details

Version: 0.9.2
Check: top-level files
Result: NOTE
    Non-standard file/directory found at top level:
     ‘acopula-Ex.R’
Flavors: r-devel-linux-x86_64-debian-clang, r-devel-linux-x86_64-debian-gcc, r-devel-linux-x86_64-fedora-clang, r-devel-linux-x86_64-fedora-gcc, r-patched-linux-x86_64, r-release-linux-x86_64

Version: 0.9.2
Check: R code for possible problems
Result: NOTE
    copNormal : pcopula: no visible global function definition for
     ‘pmvnorm’
    copNormal : rcopula: no visible global function definition for
     ‘rmvnorm’
Flavors: r-devel-linux-x86_64-debian-clang, r-devel-linux-x86_64-debian-gcc, r-devel-linux-x86_64-fedora-clang, r-devel-linux-x86_64-fedora-gcc, r-devel-osx-x86_64-clang, r-devel-windows-ix86+x86_64, r-patched-linux-x86_64, r-patched-solaris-sparc, r-patched-solaris-x86, r-release-linux-ix86, r-release-linux-x86_64, r-release-windows-ix86+x86_64