CRAN Package Check Results for Package acopula

Last updated on 2014-08-23 13:47:50.

Flavor Version Tinstall Tcheck Ttotal Status Flags
r-devel-linux-x86_64-debian-clang 0.9.2 0.87 22.41 23.28 NOTE
r-devel-linux-x86_64-debian-gcc 0.9.2 0.62 21.26 21.88 NOTE
r-devel-linux-x86_64-fedora-clang 0.9.2 51.23 NOTE
r-devel-linux-x86_64-fedora-gcc 0.9.2 46.97 NOTE
r-devel-osx-x86_64-clang 0.9.2 42.70 NOTE
r-devel-windows-ix86+x86_64 0.9.2 3.00 30.00 33.00 OK
r-patched-linux-x86_64 0.9.2 0.70 22.31 23.00 OK
r-patched-solaris-sparc 0.9.2 307.80 OK
r-patched-solaris-x86 0.9.2 61.60 OK
r-release-linux-ix86 0.9.2 1.07 29.53 30.60 OK
r-release-linux-x86_64 0.9.2 0.78 23.40 24.17 OK
r-release-osx-x86_64-mavericks 0.9.2 OK
r-release-windows-ix86+x86_64 0.9.2 3.00 35.00 38.00 OK
r-oldrel-windows-ix86+x86_64 0.9.2 3.00 30.00 33.00 OK

Check Details

Version: 0.9.2
Check: R code for possible problems
Result: NOTE
    copNormal : pcopula: no visible global function definition for
     ‘pmvnorm’
    copNormal : rcopula: no visible global function definition for
     ‘rmvnorm’
Flavors: r-devel-linux-x86_64-debian-clang, r-devel-linux-x86_64-debian-gcc, r-devel-linux-x86_64-fedora-clang, r-devel-linux-x86_64-fedora-gcc, r-devel-osx-x86_64-clang

Version: 0.9.2
Check: top-level files
Result: NOTE
    Non-standard file/directory found at top level:
     ‘acopula-Ex.R’
Flavors: r-devel-linux-x86_64-fedora-clang, r-devel-linux-x86_64-fedora-gcc