CRAN Package Check Results for Package acopula

Last updated on 2014-10-26 07:49:54.

Flavor Version Tinstall Tcheck Ttotal Status Flags
r-devel-linux-x86_64-debian-clang 0.9.2 0.69 26.19 26.88 NOTE
r-devel-linux-x86_64-debian-gcc 0.9.2 0.72 25.86 26.57 NOTE
r-devel-linux-x86_64-fedora-clang 0.9.2 49.19 NOTE
r-devel-linux-x86_64-fedora-gcc 0.9.2 46.75 NOTE
r-devel-osx-x86_64-clang 0.9.2 44.34 NOTE
r-devel-windows-ix86+x86_64 0.9.2 2.00 31.00 33.00 NOTE
r-patched-linux-x86_64 0.9.2 0.71 27.05 27.76 NOTE
r-patched-solaris-sparc 0.9.2 294.80 NOTE
r-patched-solaris-x86 0.9.2 60.10 NOTE
r-release-linux-ix86 0.9.2 1.02 30.18 31.21 OK
r-release-linux-x86_64 0.9.2 0.94 26.37 27.31 NOTE
r-release-osx-x86_64-mavericks 0.9.2 OK
r-release-windows-ix86+x86_64 0.9.2 3.00 35.00 38.00 OK
r-oldrel-windows-ix86+x86_64 0.9.2 3.00 30.00 33.00 OK

Check Details

Version: 0.9.2
Check: top-level files
Result: NOTE
    Non-standard file/directory found at top level:
     ‘acopula-Ex.R’
Flavors: r-devel-linux-x86_64-debian-clang, r-devel-linux-x86_64-debian-gcc, r-devel-linux-x86_64-fedora-clang, r-devel-linux-x86_64-fedora-gcc, r-patched-linux-x86_64, r-release-linux-x86_64

Version: 0.9.2
Check: R code for possible problems
Result: NOTE
    copNormal : pcopula: no visible global function definition for
     ‘pmvnorm’
    copNormal : rcopula: no visible global function definition for
     ‘rmvnorm’
Flavors: r-devel-linux-x86_64-debian-clang, r-devel-linux-x86_64-debian-gcc, r-devel-linux-x86_64-fedora-clang, r-devel-linux-x86_64-fedora-gcc, r-devel-osx-x86_64-clang, r-devel-windows-ix86+x86_64, r-patched-linux-x86_64, r-patched-solaris-sparc, r-patched-solaris-x86