CRAN Package Check Results for Package acopula

Last updated on 2015-05-24 17:47:18.

Flavor Version Tinstall Tcheck Ttotal Status Flags
r-devel-linux-x86_64-debian-clang 0.9.2 0.70 23.00 23.70 NOTE
r-devel-linux-x86_64-debian-gcc 0.9.2 0.74 22.67 23.40 NOTE
r-devel-linux-x86_64-fedora-clang 0.9.2 45.91 NOTE
r-devel-linux-x86_64-fedora-gcc 0.9.2 42.78 NOTE
r-devel-osx-x86_64-clang 0.9.2 41.03 NOTE
r-devel-windows-ix86+x86_64 0.9.2 3.00 31.00 34.00 NOTE
r-patched-linux-x86_64 0.9.2 0.73 22.53 23.26 NOTE
r-patched-solaris-sparc 0.9.2 315.30 NOTE
r-patched-solaris-x86 0.9.2 54.00 NOTE
r-release-linux-x86_64 0.9.2 0.65 24.34 24.99 NOTE
r-release-osx-x86_64-mavericks 0.9.2 NOTE
r-release-osx-x86_64-snowleopard 0.9.2 NOTE
r-release-windows-ix86+x86_64 0.9.2 2.00 41.00 43.00 NOTE
r-oldrel-windows-ix86+x86_64 0.9.2 4.00 36.00 40.00 NOTE

Check Details

Version: 0.9.2
Check: DESCRIPTION meta-information
Result: NOTE
    Malformed Title field: should not end in a period.
Flavors: r-devel-linux-x86_64-debian-clang, r-devel-linux-x86_64-debian-gcc, r-devel-linux-x86_64-fedora-clang, r-devel-linux-x86_64-fedora-gcc, r-devel-osx-x86_64-clang, r-devel-windows-ix86+x86_64, r-patched-linux-x86_64, r-patched-solaris-sparc, r-patched-solaris-x86, r-release-linux-x86_64, r-release-osx-x86_64-mavericks, r-release-osx-x86_64-snowleopard, r-release-windows-ix86+x86_64

Version: 0.9.2
Check: top-level files
Result: NOTE
    Non-standard file/directory found at top level:
     ‘acopula-Ex.R’
Flavors: r-devel-linux-x86_64-debian-clang, r-devel-linux-x86_64-debian-gcc, r-devel-linux-x86_64-fedora-clang, r-devel-linux-x86_64-fedora-gcc, r-patched-linux-x86_64, r-release-linux-x86_64

Version: 0.9.2
Check: dependencies in R code
Result: NOTE
    'library' or 'require' call to ‘mvtnorm’ in package code.
     Please use :: or requireNamespace() instead.
     See section 'Suggested packages' in the 'Writing R Extensions' manual.
Flavors: r-devel-linux-x86_64-debian-clang, r-devel-linux-x86_64-debian-gcc, r-devel-linux-x86_64-fedora-clang, r-devel-linux-x86_64-fedora-gcc, r-devel-osx-x86_64-clang, r-devel-windows-ix86+x86_64, r-patched-linux-x86_64, r-patched-solaris-sparc, r-patched-solaris-x86, r-release-linux-x86_64, r-release-osx-x86_64-mavericks, r-release-osx-x86_64-snowleopard, r-release-windows-ix86+x86_64, r-oldrel-windows-ix86+x86_64

Version: 0.9.2
Check: S3 generic/method consistency
Result: NOTE
    Found the following apparent S3 methods exported but not registered:
     print.eCopulaArchimax print.eCopulaGeneric print.gCopula
     print.isCopula
    See section ‘Registering S3 methods’ in the ‘Writing R Extensions’
    manual.
Flavors: r-devel-linux-x86_64-debian-clang, r-devel-linux-x86_64-debian-gcc, r-devel-linux-x86_64-fedora-clang, r-devel-linux-x86_64-fedora-gcc, r-devel-osx-x86_64-clang, r-patched-linux-x86_64, r-patched-solaris-sparc, r-patched-solaris-x86, r-release-linux-x86_64

Version: 0.9.2
Check: R code for possible problems
Result: NOTE
    copNormal : pcopula: no visible global function definition for
     ‘pmvnorm’
    copNormal : rcopula: no visible global function definition for
     ‘rmvnorm’
Flavors: r-devel-linux-x86_64-debian-clang, r-devel-linux-x86_64-debian-gcc, r-devel-linux-x86_64-fedora-clang, r-devel-linux-x86_64-fedora-gcc, r-devel-osx-x86_64-clang, r-devel-windows-ix86+x86_64, r-patched-linux-x86_64, r-patched-solaris-sparc, r-patched-solaris-x86, r-release-linux-x86_64, r-release-osx-x86_64-mavericks, r-release-osx-x86_64-snowleopard, r-release-windows-ix86+x86_64, r-oldrel-windows-ix86+x86_64