CRAN Package Check Results for Package acs

Last updated on 2014-04-24 09:48:56.

Flavor Version Tinstall Tcheck Ttotal Status Flags
r-devel-linux-x86_64-debian-clang 1.2 3.30 29.86 33.16 OK
r-devel-linux-x86_64-debian-gcc 1.2 3.23 29.90 33.13 OK
r-devel-linux-x86_64-fedora-clang 1.2 66.68 OK
r-devel-linux-x86_64-fedora-gcc 1.2 65.17 OK
r-devel-osx-x86_64-clang 1.2 54.94 OK
r-devel-osx-x86_64-gcc 1.2 ERROR
r-devel-windows-ix86+x86_64 1.2 10.00 44.00 54.00 OK
r-patched-linux-x86_64 1.2 3.25 29.90 33.16 OK
r-patched-solaris-sparc 1.2 379.60 OK
r-patched-solaris-x86 1.2 89.40 OK
r-release-linux-ix86 1.2 6.00 55.00 61.00 OK
r-release-linux-x86_64 1.2 3.28 29.88 33.15 OK
r-release-osx-x86_64-mavericks 1.2 OK
r-release-osx-x86_64-snowleopard 1.2 OK
r-release-windows-ix86+x86_64 1.2 8.00 46.00 54.00 OK
r-oldrel-windows-ix86+x86_64 1.2 8.00 41.00 49.00 OK

Check Details

Version: 1.2
Check: package dependencies
Result: ERROR
    Package required but not available: ‘XML’
    
    See the information on DESCRIPTION files in the chapter ‘Creating R
    packages’ of the ‘Writing R Extensions’ manual.
Flavor: r-devel-osx-x86_64-gcc