CRAN Package Check Results for Package acs

Last updated on 2016-06-25 19:48:12.

Flavor Version Tinstall Tcheck Ttotal Status Flags
r-devel-linux-x86_64-debian-gcc 2.0 3.05 51.13 54.18 OK
r-devel-linux-x86_64-fedora-clang 2.0 62.56 OK
r-devel-linux-x86_64-fedora-gcc 2.0 59.19 OK
r-devel-osx-x86_64-clang 2.0 47.01 OK
r-devel-windows-ix86+x86_64 2.0 9.00 65.00 74.00 ERROR
r-patched-linux-x86_64 2.0 2.85 41.40 44.25 OK
r-patched-solaris-sparc 2.0 409.90 OK
r-patched-solaris-x86 2.0 87.60 OK
r-release-linux-x86_64 2.0 2.93 44.84 47.77 OK
r-release-osx-x86_64-mavericks 2.0 OK
r-release-windows-ix86+x86_64 2.0 12.00 68.00 80.00 OK
r-oldrel-windows-ix86+x86_64 2.0 11.00 65.00 76.00 OK

Check Details

Version: 2.0
Check: examples
Result: ERROR
    Running examples in 'acs-Ex.R' failed
    The error most likely occurred in:
    
    > ### Name: acs.lookup
    > ### Title: Search for relevant demographic variables and tables from the US
    > ### Census.
    > ### Aliases: acs.lookup
    >
    > ### ** Examples
    >
    > acs.lookup(endyear=2014, span=5, table.number="B01001")
    failed to load HTTP resource
    Error: 1: failed to load HTTP resource
    Execution halted
Flavor: r-devel-windows-ix86+x86_64