CRAN Package Check Results for Package acs

Last updated on 2015-01-30 21:46:53.

Flavor Version Tinstall Tcheck Ttotal Status Flags
r-devel-linux-x86_64-debian-clang 1.2 2.66 24.74 27.40 NOTE
r-devel-linux-x86_64-debian-gcc 1.2 4.17 26.65 30.82 NOTE
r-devel-linux-x86_64-fedora-clang 1.2 64.50 NOTE
r-devel-linux-x86_64-fedora-gcc 1.2 59.70 NOTE
r-devel-osx-x86_64-clang 1.2 62.84 NOTE
r-devel-windows-ix86+x86_64 1.2 11.00 40.00 51.00 NOTE
r-patched-linux-x86_64 1.2 3.16 29.32 32.49 NOTE
r-patched-solaris-sparc 1.2 433.60 NOTE
r-patched-solaris-x86 1.2 92.50 NOTE
r-release-linux-ix86 1.2 4.40 37.33 41.73 NOTE
r-release-linux-x86_64 1.2 3.18 29.87 33.05 NOTE
r-release-osx-x86_64-mavericks 1.2 NOTE
r-release-osx-x86_64-snowleopard 1.2 OK
r-release-windows-ix86+x86_64 1.2 9.00 47.00 56.00 NOTE
r-oldrel-windows-ix86+x86_64 1.2 9.00 68.00 77.00 OK

Check Details

Version: 1.2
Check: S3 generic/method consistency
Result: NOTE
    Found the following apparent S3 methods exported but not registered:
     confint.acs prompt.acs dim.acs length.acs
    See section ‘Registering S3 methods’ in the ‘Writing R Extensions’
    manual.
Flavors: r-devel-linux-x86_64-debian-clang, r-devel-linux-x86_64-debian-gcc, r-devel-linux-x86_64-fedora-clang, r-devel-linux-x86_64-fedora-gcc, r-devel-osx-x86_64-clang

Version: 1.2
Check: R code for possible problems
Result: NOTE
    geo.lookup: no visible binding for global variable ‘fips.state’
    geo.lookup: no visible binding for global variable
     ‘fips.county.subdivision’
    geo.lookup: no visible binding for global variable ‘fips.school’
    geo.make : .geo.unit.make: no visible binding for global variable
     ‘fips.american.indian.area’
    geo.make : .geo.unit.make: no visible binding for global variable
     ‘fips.state’
    geo.make : .geo.unit.make: no visible binding for global variable
     ‘fips.county’
    geo.make : .geo.unit.make: no visible binding for global variable
     ‘fips.county.subdivision’
    geo.make : .geo.unit.make: no visible binding for global variable
     ‘fips.place’
    geo.make : .geo.unit.make: no visible binding for global variable
     ‘fips.school’
Flavors: r-devel-linux-x86_64-debian-clang, r-devel-linux-x86_64-debian-gcc, r-devel-linux-x86_64-fedora-clang, r-devel-linux-x86_64-fedora-gcc, r-devel-osx-x86_64-clang, r-devel-windows-ix86+x86_64, r-patched-linux-x86_64, r-patched-solaris-sparc, r-patched-solaris-x86, r-release-linux-ix86, r-release-linux-x86_64, r-release-osx-x86_64-mavericks, r-release-windows-ix86+x86_64