CRAN Package Check Results for Package acs

Last updated on 2014-10-25 01:49:35.

Flavor Version Tinstall Tcheck Ttotal Status Flags
r-devel-linux-x86_64-debian-clang 1.2 3.11 28.61 31.72 NOTE
r-devel-linux-x86_64-debian-gcc 1.2 3.36 28.20 31.55 NOTE
r-devel-linux-x86_64-fedora-clang 1.2 64.36 NOTE
r-devel-linux-x86_64-fedora-gcc 1.2 63.82 NOTE
r-devel-osx-x86_64-clang 1.2 62.56 NOTE
r-devel-windows-ix86+x86_64 1.2 8.00 42.00 50.00 NOTE
r-patched-linux-x86_64 1.2 3.12 29.05 32.17 NOTE
r-patched-solaris-sparc 1.2 383.20 NOTE
r-patched-solaris-x86 1.2 92.10 NOTE
r-release-linux-ix86 1.2 4.41 38.05 42.46 OK
r-release-linux-x86_64 1.2 3.14 28.65 31.79 OK
r-release-osx-x86_64-mavericks 1.2 OK
r-release-osx-x86_64-snowleopard 1.2 OK
r-release-windows-ix86+x86_64 1.2 8.00 42.00 50.00 OK
r-oldrel-windows-ix86+x86_64 1.2 10.00 41.00 51.00 OK

Check Details

Version: 1.2
Check: R code for possible problems
Result: NOTE
    geo.lookup: no visible binding for global variable ‘fips.state’
    geo.lookup: no visible binding for global variable
     ‘fips.county.subdivision’
    geo.lookup: no visible binding for global variable ‘fips.school’
    geo.make : .geo.unit.make: no visible binding for global variable
     ‘fips.american.indian.area’
    geo.make : .geo.unit.make: no visible binding for global variable
     ‘fips.state’
    geo.make : .geo.unit.make: no visible binding for global variable
     ‘fips.county’
    geo.make : .geo.unit.make: no visible binding for global variable
     ‘fips.county.subdivision’
    geo.make : .geo.unit.make: no visible binding for global variable
     ‘fips.place’
    geo.make : .geo.unit.make: no visible binding for global variable
     ‘fips.school’
Flavors: r-devel-linux-x86_64-debian-clang, r-devel-linux-x86_64-debian-gcc, r-devel-linux-x86_64-fedora-clang, r-devel-linux-x86_64-fedora-gcc, r-devel-osx-x86_64-clang, r-devel-windows-ix86+x86_64, r-patched-linux-x86_64, r-patched-solaris-sparc, r-patched-solaris-x86