CRAN Package Check Results for Package acs

Last updated on 2015-09-04 22:46:38.

Flavor Version Tinstall Tcheck Ttotal Status Flags
r-devel-linux-x86_64-debian-clang 1.2 2.56 25.79 28.35 NOTE
r-devel-linux-x86_64-debian-gcc 1.2 2.60 25.35 27.95 NOTE
r-devel-linux-x86_64-fedora-clang 1.2 54.41 NOTE
r-devel-linux-x86_64-fedora-gcc 1.2 52.29 NOTE
r-devel-osx-x86_64-clang 1.2 46.28 NOTE
r-devel-windows-ix86+x86_64 1.2 6.00 43.00 49.00 NOTE
r-patched-linux-x86_64 1.2 2.64 26.44 29.08 NOTE
r-patched-solaris-sparc 1.2 374.30 NOTE
r-patched-solaris-x86 1.2 81.30 NOTE
r-release-linux-x86_64 1.2 2.66 26.31 28.97 NOTE
r-release-osx-x86_64-mavericks 1.2 NOTE
r-release-windows-ix86+x86_64 1.2 10.00 46.00 56.00 NOTE
r-oldrel-windows-ix86+x86_64 1.2 10.00 56.00 66.00 NOTE

Check Details

Version: 1.2
Check: S3 generic/method consistency
Result: NOTE
    Found the following apparent S3 methods exported but not registered:
     confint.acs dim.acs length.acs prompt.acs
    See section ‘Registering S3 methods’ in the ‘Writing R Extensions’
    manual.
Flavors: r-devel-linux-x86_64-debian-clang, r-devel-linux-x86_64-debian-gcc, r-devel-linux-x86_64-fedora-clang, r-devel-linux-x86_64-fedora-gcc, r-devel-osx-x86_64-clang, r-patched-linux-x86_64, r-patched-solaris-sparc, r-patched-solaris-x86, r-release-linux-x86_64

Version: 1.2
Check: R code for possible problems
Result: NOTE
    acs.fetch: no visible global function definition for ‘file_test’
    acs.fetch: no visible global function definition for ‘read.csv’
    confint.acs: no visible global function definition for ‘qnorm’
    currency.convert: no visible global function definition for ‘data’
    geo.lookup: no visible binding for global variable ‘fips.state’
    geo.lookup: no visible binding for global variable
     ‘fips.county.subdivision’
    geo.lookup: no visible binding for global variable ‘fips.school’
    geo.make : .geo.unit.make: no visible binding for global variable
     ‘fips.american.indian.area’
    geo.make : .geo.unit.make: no visible binding for global variable
     ‘fips.state’
    geo.make : .geo.unit.make: no visible binding for global variable
     ‘fips.county’
    geo.make : .geo.unit.make: no visible binding for global variable
     ‘fips.county.subdivision’
    geo.make : .geo.unit.make: no visible binding for global variable
     ‘fips.place’
    geo.make : .geo.unit.make: no visible binding for global variable
     ‘fips.school’
    geo.make: no visible binding for global variable ‘head’
    geo.make: no visible binding for global variable ‘tail’
    read.acs: no visible global function definition for ‘unzip’
    read.acs : get.colnames: no visible global function definition for
     ‘read.csv’
    read.acs : get.acs: no visible global function definition for
     ‘read.csv’
    plot,acs : plot.xy.acs: no visible global function definition for
     ‘axis’
    plot,acs : plot.xy.acs: no visible global function definition for
     ‘lines’
    plot,acs : plot.xy.acs: no visible global function definition for
     ‘points’
    plot,acs : acs.density.plot: no visible global function definition for
     ‘dnorm’
    plot,acs : acs.density.plot: no visible global function definition for
     ‘abline’
    plot,acs : acs.density.plot: no visible global function definition for
     ‘qnorm’
    plot,acs: no visible global function definition for ‘confint’
    plot,acs: no visible global function definition for ‘par’
    Undefined global functions or variables:
     abline axis confint data dnorm file_test fips.american.indian.area
     fips.county fips.county.subdivision fips.place fips.school fips.state
     head lines par points qnorm read.csv tail unzip
    Consider adding
     importFrom("graphics", "abline", "axis", "lines", "par", "points")
     importFrom("stats", "confint", "dnorm", "qnorm")
     importFrom("utils", "data", "file_test", "head", "read.csv", "tail",
     "unzip")
    to your NAMESPACE.
Flavors: r-devel-linux-x86_64-debian-clang, r-devel-linux-x86_64-debian-gcc, r-devel-linux-x86_64-fedora-clang, r-devel-linux-x86_64-fedora-gcc, r-devel-windows-ix86+x86_64

Version: 1.2
Check: R code for possible problems
Result: NOTE
    geo.lookup: no visible binding for global variable ‘fips.state’
    geo.lookup: no visible binding for global variable
     ‘fips.county.subdivision’
    geo.lookup: no visible binding for global variable ‘fips.school’
    geo.make : .geo.unit.make: no visible binding for global variable
     ‘fips.american.indian.area’
    geo.make : .geo.unit.make: no visible binding for global variable
     ‘fips.state’
    geo.make : .geo.unit.make: no visible binding for global variable
     ‘fips.county’
    geo.make : .geo.unit.make: no visible binding for global variable
     ‘fips.county.subdivision’
    geo.make : .geo.unit.make: no visible binding for global variable
     ‘fips.place’
    geo.make : .geo.unit.make: no visible binding for global variable
     ‘fips.school’
    Undefined global functions or variables:
     fips.american.indian.area fips.county fips.county.subdivision
     fips.place fips.school fips.state
Flavor: r-devel-osx-x86_64-clang

Version: 1.2
Check: R code for possible problems
Result: NOTE
    geo.lookup: no visible binding for global variable ‘fips.state’
    geo.lookup: no visible binding for global variable
     ‘fips.county.subdivision’
    geo.lookup: no visible binding for global variable ‘fips.school’
    geo.make : .geo.unit.make: no visible binding for global variable
     ‘fips.american.indian.area’
    geo.make : .geo.unit.make: no visible binding for global variable
     ‘fips.state’
    geo.make : .geo.unit.make: no visible binding for global variable
     ‘fips.county’
    geo.make : .geo.unit.make: no visible binding for global variable
     ‘fips.county.subdivision’
    geo.make : .geo.unit.make: no visible binding for global variable
     ‘fips.place’
    geo.make : .geo.unit.make: no visible binding for global variable
     ‘fips.school’
Flavors: r-patched-linux-x86_64, r-patched-solaris-sparc, r-patched-solaris-x86, r-release-linux-x86_64, r-release-osx-x86_64-mavericks, r-release-windows-ix86+x86_64, r-oldrel-windows-ix86+x86_64