CRAN Package Check Results for Package acs

Last updated on 2014-08-21 05:46:47.

Flavor Version Tinstall Tcheck Ttotal Status Flags
r-devel-linux-x86_64-debian-clang 1.2 3.13 28.70 31.83 OK
r-devel-linux-x86_64-debian-gcc 1.2 3.02 27.53 30.55 OK
r-devel-linux-x86_64-fedora-clang 1.2 70.96 NOTE
r-devel-linux-x86_64-fedora-gcc 1.2 69.59 NOTE
r-devel-osx-x86_64-clang 1.2 59.57 NOTE
r-devel-windows-ix86+x86_64 1.2 7.00 41.00 48.00 OK
r-patched-linux-x86_64 1.2 3.27 28.96 32.24 OK
r-patched-solaris-sparc 1.2 412.60 OK
r-patched-solaris-x86 1.2 88.30 OK
r-release-linux-ix86 1.2 4.48 37.88 42.36 OK
r-release-linux-x86_64 1.2 3.70 29.77 33.47 OK
r-release-osx-x86_64-mavericks 1.2 OK
r-release-osx-x86_64-snowleopard 1.2 OK
r-release-windows-ix86+x86_64 1.2 9.00 41.00 50.00 OK
r-oldrel-windows-ix86+x86_64 1.2 10.00 39.00 49.00 OK

Check Details

Version: 1.2
Check: R code for possible problems
Result: NOTE
    geo.lookup: no visible binding for global variable ‘fips.state’
    geo.lookup: no visible binding for global variable
     ‘fips.county.subdivision’
    geo.lookup: no visible binding for global variable ‘fips.school’
    geo.make : .geo.unit.make: no visible binding for global variable
     ‘fips.american.indian.area’
    geo.make : .geo.unit.make: no visible binding for global variable
     ‘fips.state’
    geo.make : .geo.unit.make: no visible binding for global variable
     ‘fips.county’
    geo.make : .geo.unit.make: no visible binding for global variable
     ‘fips.county.subdivision’
    geo.make : .geo.unit.make: no visible binding for global variable
     ‘fips.place’
    geo.make : .geo.unit.make: no visible binding for global variable
     ‘fips.school’
Flavors: r-devel-linux-x86_64-fedora-clang, r-devel-linux-x86_64-fedora-gcc, r-devel-osx-x86_64-clang