CRAN Package Check Results for Package acs

Last updated on 2014-12-23 03:49:36.

Flavor Version Tinstall Tcheck Ttotal Status Flags
r-devel-linux-x86_64-debian-clang 1.2 3.22 28.55 31.76 NOTE
r-devel-linux-x86_64-debian-gcc 1.2 2.93 27.98 30.91 NOTE
r-devel-linux-x86_64-fedora-clang 1.2 67.41 NOTE
r-devel-linux-x86_64-fedora-gcc 1.2 63.94 NOTE
r-devel-osx-x86_64-clang 1.2 61.96 NOTE
r-devel-windows-ix86+x86_64 1.2 9.00 41.00 50.00 NOTE
r-patched-linux-x86_64 1.2 3.14 28.84 31.98 NOTE
r-patched-solaris-sparc 1.2 433.80 NOTE
r-patched-solaris-x86 1.2 92.30 NOTE
r-release-linux-ix86 1.2 4.22 37.61 41.83 NOTE
r-release-linux-x86_64 1.2 3.16 30.46 33.63 NOTE
r-release-osx-x86_64-mavericks 1.2 OK
r-release-osx-x86_64-snowleopard 1.2 OK
r-release-windows-ix86+x86_64 1.2 10.00 45.00 55.00 NOTE
r-oldrel-windows-ix86+x86_64 1.2 10.00 45.00 55.00 OK

Check Details

Version: 1.2
Check: R code for possible problems
Result: NOTE
    geo.lookup: no visible binding for global variable ‘fips.state’
    geo.lookup: no visible binding for global variable
     ‘fips.county.subdivision’
    geo.lookup: no visible binding for global variable ‘fips.school’
    geo.make : .geo.unit.make: no visible binding for global variable
     ‘fips.american.indian.area’
    geo.make : .geo.unit.make: no visible binding for global variable
     ‘fips.state’
    geo.make : .geo.unit.make: no visible binding for global variable
     ‘fips.county’
    geo.make : .geo.unit.make: no visible binding for global variable
     ‘fips.county.subdivision’
    geo.make : .geo.unit.make: no visible binding for global variable
     ‘fips.place’
    geo.make : .geo.unit.make: no visible binding for global variable
     ‘fips.school’
Flavors: r-devel-linux-x86_64-debian-clang, r-devel-linux-x86_64-debian-gcc, r-devel-linux-x86_64-fedora-clang, r-devel-linux-x86_64-fedora-gcc, r-devel-osx-x86_64-clang, r-devel-windows-ix86+x86_64, r-patched-linux-x86_64, r-patched-solaris-sparc, r-patched-solaris-x86, r-release-linux-ix86, r-release-linux-x86_64, r-release-windows-ix86+x86_64