CRAN Package Check Results for Package acs

Last updated on 2014-09-24 05:47:38.

Flavor Version Tinstall Tcheck Ttotal Status Flags
r-devel-linux-x86_64-debian-clang 1.2 3.02 28.00 31.02 NOTE
r-devel-linux-x86_64-debian-gcc 1.2 2.96 27.23 30.19 NOTE
r-devel-linux-x86_64-fedora-clang 1.2 64.64 NOTE
r-devel-linux-x86_64-fedora-gcc 1.2 59.50 NOTE
r-devel-osx-x86_64-clang 1.2 58.84 NOTE
r-devel-windows-ix86+x86_64 1.2 10.00 37.00 47.00 NOTE
r-patched-linux-x86_64 1.2 3.28 28.18 31.45 OK
r-patched-solaris-sparc 1.2 412.60 OK
r-patched-solaris-x86 1.2 91.40 OK
r-release-linux-ix86 1.2 4.45 38.14 42.59 OK
r-release-linux-x86_64 1.2 3.13 28.60 31.73 OK
r-release-osx-x86_64-mavericks 1.2 OK
r-release-osx-x86_64-snowleopard 1.2 OK
r-release-windows-ix86+x86_64 1.2 7.00 44.00 51.00 OK
r-oldrel-windows-ix86+x86_64 1.2 10.00 40.00 50.00 OK

Check Details

Version: 1.2
Check: R code for possible problems
Result: NOTE
    geo.lookup: no visible binding for global variable ‘fips.state’
    geo.lookup: no visible binding for global variable
     ‘fips.county.subdivision’
    geo.lookup: no visible binding for global variable ‘fips.school’
    geo.make : .geo.unit.make: no visible binding for global variable
     ‘fips.american.indian.area’
    geo.make : .geo.unit.make: no visible binding for global variable
     ‘fips.state’
    geo.make : .geo.unit.make: no visible binding for global variable
     ‘fips.county’
    geo.make : .geo.unit.make: no visible binding for global variable
     ‘fips.county.subdivision’
    geo.make : .geo.unit.make: no visible binding for global variable
     ‘fips.place’
    geo.make : .geo.unit.make: no visible binding for global variable
     ‘fips.school’
Flavors: r-devel-linux-x86_64-debian-clang, r-devel-linux-x86_64-debian-gcc, r-devel-linux-x86_64-fedora-clang, r-devel-linux-x86_64-fedora-gcc, r-devel-osx-x86_64-clang, r-devel-windows-ix86+x86_64