CRAN Package Check Results for Package acs

Last updated on 2015-05-28 19:47:10.

Flavor Version Tinstall Tcheck Ttotal Status Flags
r-devel-linux-x86_64-debian-clang 1.2 2.79 26.06 28.84 NOTE
r-devel-linux-x86_64-debian-gcc 1.2 2.68 25.19 27.88 NOTE
r-devel-linux-x86_64-fedora-clang 1.2 58.18 NOTE
r-devel-linux-x86_64-fedora-gcc 1.2 54.11 NOTE
r-devel-osx-x86_64-clang 1.2 55.18 NOTE
r-devel-windows-ix86+x86_64 1.2 8.00 42.00 50.00 NOTE
r-patched-linux-x86_64 1.2 2.90 25.30 28.20 NOTE
r-patched-solaris-sparc 1.2 386.90 NOTE
r-patched-solaris-x86 1.2 82.10 NOTE
r-release-linux-x86_64 1.2 2.77 26.28 29.06 NOTE
r-release-osx-x86_64-mavericks 1.2 NOTE
r-release-osx-x86_64-snowleopard 1.2 ERROR
r-release-windows-ix86+x86_64 1.2 7.00 39.00 46.00 NOTE
r-oldrel-windows-ix86+x86_64 1.2 9.00 46.00 55.00 NOTE

Check Details

Version: 1.2
Check: S3 generic/method consistency
Result: NOTE
    Found the following apparent S3 methods exported but not registered:
     confint.acs dim.acs length.acs prompt.acs
    See section ‘Registering S3 methods’ in the ‘Writing R Extensions’
    manual.
Flavors: r-devel-linux-x86_64-debian-clang, r-devel-linux-x86_64-debian-gcc, r-devel-linux-x86_64-fedora-clang, r-devel-linux-x86_64-fedora-gcc, r-devel-osx-x86_64-clang, r-patched-linux-x86_64, r-patched-solaris-sparc, r-patched-solaris-x86, r-release-linux-x86_64

Version: 1.2
Check: R code for possible problems
Result: NOTE
    geo.lookup: no visible binding for global variable ‘fips.state’
    geo.lookup: no visible binding for global variable
     ‘fips.county.subdivision’
    geo.lookup: no visible binding for global variable ‘fips.school’
    geo.make : .geo.unit.make: no visible binding for global variable
     ‘fips.american.indian.area’
    geo.make : .geo.unit.make: no visible binding for global variable
     ‘fips.state’
    geo.make : .geo.unit.make: no visible binding for global variable
     ‘fips.county’
    geo.make : .geo.unit.make: no visible binding for global variable
     ‘fips.county.subdivision’
    geo.make : .geo.unit.make: no visible binding for global variable
     ‘fips.place’
    geo.make : .geo.unit.make: no visible binding for global variable
     ‘fips.school’
Flavors: r-devel-linux-x86_64-debian-clang, r-devel-linux-x86_64-debian-gcc, r-devel-linux-x86_64-fedora-clang, r-devel-linux-x86_64-fedora-gcc, r-devel-osx-x86_64-clang, r-devel-windows-ix86+x86_64, r-patched-linux-x86_64, r-patched-solaris-sparc, r-patched-solaris-x86, r-release-linux-x86_64, r-release-osx-x86_64-mavericks, r-release-windows-ix86+x86_64, r-oldrel-windows-ix86+x86_64

Version: 1.2
Check: package dependencies
Result: ERROR
    Package required but not available: ‘XML’
    
    See section ‘The DESCRIPTION file’ in the ‘Writing R Extensions’
    manual.
Flavor: r-release-osx-x86_64-snowleopard