CRAN Package Check Results for Package acs

Last updated on 2015-03-01 03:48:27.

Flavor Version Tinstall Tcheck Ttotal Status Flags
r-devel-linux-x86_64-debian-clang 1.2 2.80 25.36 28.15 NOTE
r-devel-linux-x86_64-debian-gcc 1.2 2.57 24.98 27.55 NOTE
r-devel-linux-x86_64-fedora-clang 1.2 58.27 NOTE
r-devel-linux-x86_64-fedora-gcc 1.2 51.77 NOTE
r-devel-osx-x86_64-clang 1.2 55.08 NOTE
r-devel-windows-ix86+x86_64 1.2 11.00 38.00 49.00 NOTE
r-patched-linux-x86_64 1.2 3.13 29.64 32.77 NOTE
r-patched-solaris-sparc 1.2 433.60 NOTE
r-patched-solaris-x86 1.2 94.30 NOTE
r-release-linux-ix86 1.2 4.24 38.13 42.36 NOTE
r-release-linux-x86_64 1.2 3.24 30.48 33.72 NOTE
r-release-osx-x86_64-mavericks 1.2 NOTE
r-release-osx-x86_64-snowleopard 1.2 OK
r-release-windows-ix86+x86_64 1.2 10.00 45.00 55.00 NOTE
r-oldrel-windows-ix86+x86_64 1.2 9.00 70.00 79.00 OK

Check Details

Version: 1.2
Check: S3 generic/method consistency
Result: NOTE
    Found the following apparent S3 methods exported but not registered:
     confint.acs dim.acs length.acs prompt.acs
    See section ‘Registering S3 methods’ in the ‘Writing R Extensions’
    manual.
Flavors: r-devel-linux-x86_64-debian-clang, r-devel-linux-x86_64-debian-gcc, r-devel-linux-x86_64-fedora-clang, r-devel-linux-x86_64-fedora-gcc, r-devel-osx-x86_64-clang

Version: 1.2
Check: R code for possible problems
Result: NOTE
    geo.lookup: no visible binding for global variable ‘fips.state’
    geo.lookup: no visible binding for global variable
     ‘fips.county.subdivision’
    geo.lookup: no visible binding for global variable ‘fips.school’
    geo.make : .geo.unit.make: no visible binding for global variable
     ‘fips.american.indian.area’
    geo.make : .geo.unit.make: no visible binding for global variable
     ‘fips.state’
    geo.make : .geo.unit.make: no visible binding for global variable
     ‘fips.county’
    geo.make : .geo.unit.make: no visible binding for global variable
     ‘fips.county.subdivision’
    geo.make : .geo.unit.make: no visible binding for global variable
     ‘fips.place’
    geo.make : .geo.unit.make: no visible binding for global variable
     ‘fips.school’
Flavors: r-devel-linux-x86_64-debian-clang, r-devel-linux-x86_64-debian-gcc, r-devel-linux-x86_64-fedora-clang, r-devel-linux-x86_64-fedora-gcc, r-devel-osx-x86_64-clang, r-devel-windows-ix86+x86_64, r-patched-linux-x86_64, r-patched-solaris-sparc, r-patched-solaris-x86, r-release-linux-ix86, r-release-linux-x86_64, r-release-osx-x86_64-mavericks, r-release-windows-ix86+x86_64