CRAN Package Check Results for Package acs

Last updated on 2015-04-18 10:00:03.

Flavor Version Tinstall Tcheck Ttotal Status Flags
r-devel-linux-x86_64-debian-clang 1.2 2.94 25.09 28.03 NOTE
r-devel-linux-x86_64-debian-gcc 1.2 2.58 24.64 27.22 NOTE
r-devel-linux-x86_64-fedora-clang 1.2 54.06 NOTE
r-devel-linux-x86_64-fedora-gcc 1.2 52.98 NOTE
r-devel-osx-x86_64-clang 1.2 54.09 NOTE
r-prerel-windows-ix86+x86_64 1.2 8.00 40.00 48.00 NOTE
r-prerel-linux-x86_64 1.2 2.61 25.94 28.55 NOTE
r-prerel-solaris-sparc 1.2 371.80 NOTE
r-prerel-solaris-x86 1.2 75.40 NOTE
r-release-linux-x86_64 1.2 2.61 25.00 27.61 NOTE
r-release-osx-x86_64-mavericks 1.2 NOTE
r-release-osx-x86_64-snowleopard 1.2 OK
r-release-windows-ix86+x86_64 1.2 10.00 41.00 51.00 NOTE
r-oldrel-windows-ix86+x86_64 1.2 10.00 55.00 65.00 OK

Check Details

Version: 1.2
Check: S3 generic/method consistency
Result: NOTE
    Found the following apparent S3 methods exported but not registered:
     confint.acs dim.acs length.acs prompt.acs
    See section ‘Registering S3 methods’ in the ‘Writing R Extensions’
    manual.
Flavors: r-devel-linux-x86_64-debian-clang, r-devel-linux-x86_64-debian-gcc, r-devel-linux-x86_64-fedora-clang, r-devel-linux-x86_64-fedora-gcc, r-devel-osx-x86_64-clang, r-prerel-linux-x86_64, r-release-linux-x86_64

Version: 1.2
Check: R code for possible problems
Result: NOTE
    geo.lookup: no visible binding for global variable ‘fips.state’
    geo.lookup: no visible binding for global variable
     ‘fips.county.subdivision’
    geo.lookup: no visible binding for global variable ‘fips.school’
    geo.make : .geo.unit.make: no visible binding for global variable
     ‘fips.american.indian.area’
    geo.make : .geo.unit.make: no visible binding for global variable
     ‘fips.state’
    geo.make : .geo.unit.make: no visible binding for global variable
     ‘fips.county’
    geo.make : .geo.unit.make: no visible binding for global variable
     ‘fips.county.subdivision’
    geo.make : .geo.unit.make: no visible binding for global variable
     ‘fips.place’
    geo.make : .geo.unit.make: no visible binding for global variable
     ‘fips.school’
Flavors: r-devel-linux-x86_64-debian-clang, r-devel-linux-x86_64-debian-gcc, r-devel-linux-x86_64-fedora-clang, r-devel-linux-x86_64-fedora-gcc, r-devel-osx-x86_64-clang, r-prerel-windows-ix86+x86_64, r-prerel-linux-x86_64, r-prerel-solaris-sparc, r-prerel-solaris-x86, r-release-linux-x86_64, r-release-osx-x86_64-mavericks, r-release-windows-ix86+x86_64