CRAN Package Check Results for Package actel

Last updated on 2020-12-04 08:48:15 CET.

Flavor Version Tinstall Tcheck Ttotal Status Flags
r-devel-linux-x86_64-debian-clang 1.2.0 24.12 184.06 208.18 OK
r-devel-linux-x86_64-debian-gcc 1.2.0 19.10 138.44 157.54 OK
r-devel-linux-x86_64-fedora-clang 1.2.0 248.33 NOTE
r-devel-linux-x86_64-fedora-gcc 1.2.0 242.32 NOTE
r-devel-windows-ix86+x86_64 1.2.0 41.00 216.00 257.00 OK
r-patched-linux-x86_64 1.2.0 21.33 171.88 193.21 OK
r-release-linux-x86_64 1.2.0 22.23 174.85 197.08 OK
r-release-macos-x86_64 1.2.0 NOTE
r-release-windows-ix86+x86_64 1.2.0 29.00 170.00 199.00 OK
r-oldrel-macos-x86_64 1.2.0 NOTE
r-oldrel-windows-ix86+x86_64 1.2.0 38.00 213.00 251.00 OK

Check Details

Version: 1.2.0
Check: installed package size
Result: NOTE
     installed size is 5.0Mb
     sub-directories of 1Mb or more:
     doc 3.7Mb
Flavors: r-devel-linux-x86_64-fedora-clang, r-oldrel-macos-x86_64

Version: 1.2.0
Check: dependencies in R code
Result: NOTE
    Namespace in Imports field not imported from: ‘svglite’
     All declared Imports should be used.
Flavors: r-devel-linux-x86_64-fedora-clang, r-devel-linux-x86_64-fedora-gcc, r-release-macos-x86_64, r-oldrel-macos-x86_64

Version: 1.2.0
Check: package dependencies
Result: NOTE
    Package suggested but not available for checking: ‘gWidgets2RGtk2’
Flavor: r-oldrel-macos-x86_64