CRAN Package Check Results for Package actuar

Last updated on 2017-12-18 14:51:11 CET.

Flavor Version Tinstall Tcheck Ttotal Status Flags
r-devel-linux-x86_64-debian-clang 2.1-1 11.91 72.50 84.41 OK
r-devel-linux-x86_64-debian-gcc 2.1-1 9.91 66.28 76.19 OK
r-devel-linux-x86_64-fedora-clang 2.1-1 112.55 OK
r-devel-linux-x86_64-fedora-gcc 2.1-1 112.49 OK
r-devel-windows-ix86+x86_64 2.1-1 66.00 130.00 196.00 OK
r-patched-linux-x86_64 2.1-1 11.21 78.11 89.32 OK
r-patched-solaris-x86 2.1-1 138.20 OK
r-release-linux-x86_64 2.1-1 11.99 76.96 88.95 OK
r-release-windows-ix86+x86_64 2.1-1 64.00 187.00 251.00 OK
r-release-osx-x86_64 2.1-1 NOTE
r-oldrel-windows-ix86+x86_64 2.1-1 96.00 178.00 274.00 OK
r-oldrel-osx-x86_64 2.1-1 OK

Check Details

Version: 2.1-1
Check: re-building of vignette outputs
Result: NOTE
    Error in re-building vignettes:
     ...
    
    Attaching package: ‘actuar’
    
    The following object is masked from ‘package:grDevices’:
    
     cm
    
    Error in texi2dvi(file = file, pdf = TRUE, clean = clean, quiet = quiet, :
     Running 'texi2dvi' on 'coverage.tex' failed.
    LaTeX errors:
    ! LaTeX Error: File `enumitem.sty' not found.
    
    Type X to quit or <RETURN> to proceed,
    or enter new name. (Default extension: sty)
    
    ! Emergency stop.
    <read *>
    
    l.10 \usepackage
     [noae]{Sweave}^^M
    ! ==> Fatal error occurred, no output PDF file produced!
    Calls: buildVignettes -> texi2pdf -> texi2dvi
    Execution halted
Flavor: r-release-osx-x86_64