CRAN Package Check Results for Package actuar

Last updated on 2014-04-24 11:48:41.

Flavor Version Tinstall Tcheck Ttotal Status Flags
r-devel-linux-x86_64-debian-clang 1.1-6 5.67 36.38 42.05 NOTE
r-devel-linux-x86_64-debian-gcc 1.1-6 6.22 36.48 42.70 NOTE
r-devel-linux-x86_64-fedora-clang 1.1-6 92.46 NOTE
r-devel-linux-x86_64-fedora-gcc 1.1-6 93.15 NOTE
r-devel-osx-x86_64-clang 1.1-6 88.60 NOTE
r-devel-osx-x86_64-gcc 1.1-6 NOTE
r-devel-windows-ix86+x86_64 1.1-6 45.00 68.00 113.00 NOTE
r-patched-linux-x86_64 1.1-6 6.38 35.92 42.30 NOTE
r-patched-solaris-sparc 1.1-6 447.20 NOTE
r-patched-solaris-x86 1.1-6 117.90 NOTE
r-release-linux-ix86 1.1-6 12.00 73.00 85.00 NOTE
r-release-linux-x86_64 1.1-6 7.98 37.26 45.24 NOTE
r-release-osx-x86_64-mavericks 1.1-6 WARN
r-release-windows-ix86+x86_64 1.1-6 47.00 66.00 113.00 NOTE
r-oldrel-windows-ix86+x86_64 1.1-6 42.00 71.00 113.00 NOTE

Check Details

Version: 1.1-6
Check: R code for possible problems
Result: NOTE
    CTE.aggregateDist: multiple local function definitions for ‘f’ with
     different formal arguments
    adjCoef: no visible binding for global variable ‘x’
    adjCoef: multiple local function definitions for ‘f’ with different
     formal arguments
    adjCoef: multiple local function definitions for ‘h’ with different
     formal arguments
    bvar.iterative: no visible binding for global variable ‘a1’
    elev.grouped.data : FUN: no visible binding for global variable ‘nj’
    elev.grouped.data : FUN: no visible binding for global variable ‘cj’
    elev.grouped.data : FUN : <anonymous>: no visible binding for global
     variable ‘nj’
    hache.origin: no visible binding for global variable ‘coll1’
Flavors: r-devel-linux-x86_64-debian-clang, r-devel-linux-x86_64-debian-gcc, r-devel-linux-x86_64-fedora-clang, r-devel-linux-x86_64-fedora-gcc, r-devel-osx-x86_64-clang, r-devel-osx-x86_64-gcc, r-devel-windows-ix86+x86_64, r-patched-linux-x86_64, r-patched-solaris-sparc, r-patched-solaris-x86, r-release-linux-ix86, r-release-linux-x86_64, r-release-osx-x86_64-mavericks, r-release-windows-ix86+x86_64, r-oldrel-windows-ix86+x86_64

Version: 1.1-6
Check: top-level files
Result: NOTE
    Non-standard file/directory found at top level:
     ‘actuar-Ex.R’
Flavors: r-devel-linux-x86_64-fedora-clang, r-devel-linux-x86_64-fedora-gcc

Version: 1.1-6
Check: re-building of vignette outputs
Result: NOTE
    Error in re-building vignettes:
     ...
    
    Attaching package: ‘actuar’
    
    The following object is masked from ‘package:grDevices’:
    
     cm
    
    Error in texi2dvi(file = file, pdf = TRUE, clean = clean, quiet = quiet, :
     Running 'texi2dvi' on 'coverage.tex' failed.
    LaTeX errors:
    ! LaTeX Error: File `paralist.sty' not found.
    
    Type X to quit or <RETURN> to proceed,
    or enter new name. (Default extension: sty)
    
    test/actuar/vignettes/coverage.tex:10: ==> Fatal error occurred, no output PDF
     file produced!
    Calls: buildVignettes -> texi2pdf -> texi2dvi
    Execution halted
Flavor: r-release-osx-x86_64-mavericks

Version: 1.1-6
Check: PDF version of manual
Result: WARNING
    LaTeX errors when creating PDF version.
    This typically indicates Rd problems.
    LaTeX errors found:
    ! LaTeX Error: File `upquote.sty' not found.
    
    Type X to quit or <RETURN> to proceed,
    or enter new name. (Default extension: sty)
    
    b6e8f83/Rd2.tex:8: ==> Fatal error occurred, no output PDF file produced!
Flavor: r-release-osx-x86_64-mavericks