CRAN Package Check Results for Package actuar

Last updated on 2015-07-06 11:47:54.

Flavor Version Tinstall Tcheck Ttotal Status Flags
r-devel-linux-x86_64-debian-clang 1.1-8 4.87 37.50 42.38 NOTE
r-devel-linux-x86_64-debian-gcc 1.1-8 5.94 38.34 44.28 NOTE
r-devel-linux-x86_64-fedora-clang 1.1-8 82.22 NOTE
r-devel-linux-x86_64-fedora-gcc 1.1-8 84.79 NOTE
r-devel-osx-x86_64-clang 1.1-8 81.92 OK
r-devel-windows-ix86+x86_64 1.1-8 62.00 76.00 138.00 NOTE
r-patched-linux-x86_64 1.1-8 5.93 37.99 43.92 OK
r-patched-solaris-sparc 1.1-8 515.70 OK
r-patched-solaris-x86 1.1-8 105.40 OK
r-release-linux-x86_64 1.1-8 5.75 37.51 43.26 OK
r-release-osx-x86_64-mavericks 1.1-8 OK
r-release-windows-ix86+x86_64 1.1-8 61.00 114.00 175.00 OK
r-oldrel-windows-ix86+x86_64 1.1-8 61.00 113.00 174.00 OK

Check Details

Version: 1.1-8
Check: R code for possible problems
Result: NOTE
    discretise: no visible global function definition for ‘head’
    discretise: no visible global function definition for ‘tail’
    discretize: no visible global function definition for ‘head’
    discretize: no visible global function definition for ‘tail’
    elev.grouped.data : FUN: no visible global function definition for
     ‘head’
    elev.grouped.data : FUN : <anonymous>: no visible global function
     definition for ‘head’
    elev.grouped.data : FUN: no visible global function definition for
     ‘tail’
    elev.grouped.data : FUN : <anonymous>: no visible global function
     definition for ‘tail’
    hierarc: no visible global function definition for ‘head’
    print.summary.aggregateDist: no visible global function definition for
     ‘tail’
    print.summary.aggregateDist: no visible global function definition for
     ‘head’
    ruin: no visible global function definition for ‘head’
    severity.portfolio: no visible global function definition for ‘head’
    severity.portfolio: no visible global function definition for ‘tail’
    simpf: no visible global function definition for ‘head’
    simul: no visible global function definition for ‘head’
    Undefined global functions or variables:
     head tail
Flavors: r-devel-linux-x86_64-debian-clang, r-devel-linux-x86_64-debian-gcc, r-devel-linux-x86_64-fedora-clang, r-devel-linux-x86_64-fedora-gcc, r-devel-windows-ix86+x86_64