CRAN Package Check Results for Package actuar

Last updated on 2014-12-19 09:50:50.

Flavor Version Tinstall Tcheck Ttotal Status Flags
r-devel-linux-x86_64-debian-clang 1.1-8 4.83 39.90 44.72 OK
r-devel-linux-x86_64-debian-gcc 1.1-8 6.72 38.26 44.98 OK
r-devel-linux-x86_64-fedora-clang 1.1-8 51.81 OK
r-devel-linux-x86_64-fedora-gcc 1.1-8 50.32 OK
r-devel-osx-x86_64-clang 1.1-8 60.79 OK
r-devel-windows-ix86+x86_64 1.1-8 47.00 69.00 116.00 OK
r-patched-linux-x86_64 1.1-8 6.38 39.46 45.84 OK
r-patched-solaris-sparc 1.1-8 428.00 OK
r-patched-solaris-x86 1.1-8 112.80 OK
r-release-linux-ix86 1.1-7 8.22 50.20 58.41 OK
r-release-linux-x86_64 1.1-8 6.00 39.67 45.67 OK
r-release-osx-x86_64-mavericks 1.1-8 NOTE
r-release-osx-x86_64-snowleopard 1.1-8 OK
r-release-windows-ix86+x86_64 1.1-8 46.00 73.00 119.00 OK
r-oldrel-windows-ix86+x86_64 1.1-8 45.00 77.00 122.00 OK

Check Details

Version: 1.1-8
Check: re-building of vignette outputs
Result: NOTE
    Error in re-building vignettes:
     ...
    
    Attaching package: ‘actuar’
    
    The following object is masked from ‘package:grDevices’:
    
     cm
    
    Error in texi2dvi(file = file, pdf = TRUE, clean = clean, quiet = quiet, :
     Running 'texi2dvi' on 'coverage.tex' failed.
    LaTeX errors:
    ! LaTeX Error: File `paralist.sty' not found.
    
    Type X to quit or <RETURN> to proceed,
    or enter new name. (Default extension: sty)
    
    test/actuar/vignettes/coverage.tex:10: ==> Fatal error occurred, no output PDF
     file produced!
    Calls: buildVignettes -> texi2pdf -> texi2dvi
    Execution halted
Flavor: r-release-osx-x86_64-mavericks