CRAN Package Check Results for Package actuar

Last updated on 2017-01-16 21:48:48.

Flavor Version Tinstall Tcheck Ttotal Status Flags
r-devel-linux-x86_64-debian-clang 2.0-0 8.95 53.14 62.09 OK
r-devel-linux-x86_64-debian-gcc 2.0-0 8.87 51.62 60.48 OK
r-devel-linux-x86_64-fedora-clang 2.0-0 109.11 OK --no-stop-on-test-error
r-devel-linux-x86_64-fedora-gcc 2.0-0 107.38 NOTE --no-stop-on-test-error
r-devel-macos-x86_64-clang 2.0-0 95.25 OK --no-stop-on-test-error
r-devel-windows-ix86+x86_64 2.0-0 374.00 148.00 522.00 OK
r-patched-linux-x86_64 2.0-0 8.39 47.95 56.34 OK
r-patched-solaris-sparc 2.0-0 539.40 OK
r-patched-solaris-x86 2.0-0 115.20 OK
r-release-linux-x86_64 2.0-0 8.23 47.96 56.18 OK
r-release-osx-x86_64-mavericks 2.0-0 OK
r-release-windows-ix86+x86_64 2.0-0 76.00 172.00 248.00 OK
r-oldrel-windows-ix86+x86_64 1.2-0 71.00 113.00 184.00 OK

Check Details

Version: 2.0-0
Flags: --no-stop-on-test-error
Check: compiled code
Result: NOTE
    File ‘actuar/libs/actuar.so’:
     Found no call to: ‘R_useDynamicSymbols’
    
    It is good practice to use registered native symbols and disable symbol
    search.
    
    See ‘Writing portable packages’ in the ‘Writing R Extensions’ manual.
Flavor: r-devel-linux-x86_64-fedora-gcc