CRAN Package Check Results for Package actuar

Last updated on 2017-08-21 09:47:46.

Flavor Version Tinstall Tcheck Ttotal Status Flags
r-devel-linux-x86_64-debian-clang 2.1-1 8.97 52.94 61.90 OK
r-devel-linux-x86_64-debian-gcc 2.1-1 9.50 51.34 60.85 OK
r-devel-linux-x86_64-fedora-clang 2.1-1 109.51 OK
r-devel-linux-x86_64-fedora-gcc 2.1-1 110.93 OK
r-devel-windows-ix86+x86_64 2.1-1 59.00 136.00 195.00 OK
r-patched-linux-x86_64 2.1-1 8.98 53.12 62.10 OK
r-patched-solaris-x86 2.1-1 138.50 OK
r-release-linux-x86_64 2.1-1 9.16 53.95 63.11 OK
r-release-windows-ix86+x86_64 2.1-1 95.00 142.00 237.00 OK
r-release-osx-x86_64 2.1-1 NOTE
r-oldrel-windows-ix86+x86_64 2.1-1 63.00 133.00 196.00 OK
r-oldrel-osx-x86_64 2.1-1 OK

Check Details

Version: 2.1-1
Check: re-building of vignette outputs
Result: NOTE
    Error in re-building vignettes:
     ...
    
    Attaching package: ‘actuar’
    
    The following object is masked from ‘package:grDevices’:
    
     cm
    
    Error in texi2dvi(file = file, pdf = TRUE, clean = clean, quiet = quiet, :
     Running 'texi2dvi' on 'coverage.tex' failed.
    LaTeX errors:
    ! LaTeX Error: File `enumitem.sty' not found.
    
    Type X to quit or <RETURN> to proceed,
    or enter new name. (Default extension: sty)
    
    ! Emergency stop.
    <read *>
    
    l.10 \usepackage
     [noae]{Sweave}^^M
    ! ==> Fatal error occurred, no output PDF file produced!
    Calls: buildVignettes -> texi2pdf -> texi2dvi
    Execution halted
Flavor: r-release-osx-x86_64