CRAN Package Check Results for Package actuar

Last updated on 2017-10-21 22:46:28.

Flavor Version Tinstall Tcheck Ttotal Status Flags
r-devel-linux-x86_64-debian-clang 2.1-1 8.55 52.29 60.84 OK
r-devel-linux-x86_64-debian-gcc 2.1-1 12.32 54.97 67.29 OK
r-devel-linux-x86_64-fedora-clang 2.1-1 113.88 OK
r-devel-linux-x86_64-fedora-gcc 2.1-1 115.28 OK
r-devel-windows-ix86+x86_64 2.1-1 64.00 184.00 248.00 OK
r-patched-linux-x86_64 2.1-1 9.10 51.77 60.87 OK
r-patched-solaris-x86 2.1-1 137.50 OK
r-release-linux-x86_64 2.1-1 9.39 52.46 61.85 OK
r-release-windows-ix86+x86_64 2.1-1 87.00 188.00 275.00 OK
r-release-osx-x86_64 2.1-1 NOTE
r-oldrel-windows-ix86+x86_64 2.1-1 61.00 174.00 235.00 OK
r-oldrel-osx-x86_64 2.1-1 OK

Check Details

Version: 2.1-1
Check: re-building of vignette outputs
Result: NOTE
    Error in re-building vignettes:
     ...
    
    Attaching package: ‘actuar’
    
    The following object is masked from ‘package:grDevices’:
    
     cm
    
    Error in texi2dvi(file = file, pdf = TRUE, clean = clean, quiet = quiet, :
     Running 'texi2dvi' on 'coverage.tex' failed.
    LaTeX errors:
    ! LaTeX Error: File `enumitem.sty' not found.
    
    Type X to quit or <RETURN> to proceed,
    or enter new name. (Default extension: sty)
    
    ! Emergency stop.
    <read *>
    
    l.10 \usepackage
     [noae]{Sweave}^^M
    ! ==> Fatal error occurred, no output PDF file produced!
    Calls: buildVignettes -> texi2pdf -> texi2dvi
    Execution halted
Flavor: r-release-osx-x86_64