CRAN Package Check Results for Package actuar

Last updated on 2017-06-22 13:46:34.

Flavor Version Tinstall Tcheck Ttotal Status Flags
r-devel-linux-x86_64-debian-clang 2.1-1 9.31 52.23 61.54 OK
r-devel-linux-x86_64-debian-gcc 2.1-1 9.83 51.81 61.65 OK
r-devel-linux-x86_64-fedora-clang 2.1-1 111.05 OK
r-devel-linux-x86_64-fedora-gcc 2.1-1 108.39 OK
r-devel-windows-ix86+x86_64 2.1-1 87.00 143.00 230.00 OK
r-patched-linux-x86_64 2.1-1 8.91 51.52 60.43 OK
r-patched-solaris-sparc 2.1-1 625.10 OK
r-patched-solaris-x86 2.1-1 133.80 OK
r-release-linux-x86_64 2.1-1 8.66 51.92 60.58 OK
r-release-windows-ix86+x86_64 2.1-1 108.00 174.00 282.00 OK
r-release-osx-x86_64 2.1-1 NOTE
r-oldrel-windows-ix86+x86_64 2.1-1 108.00 138.00 246.00 OK
r-oldrel-osx-x86_64 2.1-1 OK

Check Details

Version: 2.1-1
Check: re-building of vignette outputs
Result: NOTE
    Error in re-building vignettes:
     ...
    
    Attaching package: ‘actuar’
    
    The following object is masked from ‘package:grDevices’:
    
     cm
    
    Error in texi2dvi(file = file, pdf = TRUE, clean = clean, quiet = quiet, :
     Running 'texi2dvi' on 'coverage.tex' failed.
    LaTeX errors:
    ! LaTeX Error: File `enumitem.sty' not found.
    
    Type X to quit or <RETURN> to proceed,
    or enter new name. (Default extension: sty)
    
    ! Emergency stop.
    <read *>
    
    l.10 \usepackage
     [noae]{Sweave}^^M
    ! ==> Fatal error occurred, no output PDF file produced!
    Calls: buildVignettes -> texi2pdf -> texi2dvi
    Execution halted
Flavor: r-release-osx-x86_64