CRAN Package Check Results for Package actuar

Last updated on 2014-11-23 03:47:53.

Flavor Version Tinstall Tcheck Ttotal Status Flags
r-devel-linux-x86_64-debian-clang 1.1-6 5.80 40.17 45.97 NOTE
r-devel-linux-x86_64-debian-gcc 1.1-6 6.18 39.72 45.91 NOTE
r-devel-linux-x86_64-fedora-clang 1.1-6 89.18 NOTE
r-devel-linux-x86_64-fedora-gcc 1.1-6 88.01 NOTE
r-devel-osx-x86_64-clang 1.1-6 105.46 NOTE
r-devel-windows-ix86+x86_64 1.1-6 46.00 74.00 120.00 NOTE
r-patched-linux-x86_64 1.1-6 6.25 40.39 46.64 NOTE
r-patched-solaris-sparc 1.1-6 462.50 NOTE
r-patched-solaris-x86 1.1-6 115.10 NOTE
r-release-linux-ix86 1.1-6 8.62 50.62 59.24 NOTE
r-release-linux-x86_64 1.1-6 6.80 40.08 46.89 NOTE
r-release-osx-x86_64-mavericks 1.1-6 NOTE
r-release-windows-ix86+x86_64 1.1-6 61.00 72.00 133.00 NOTE
r-oldrel-windows-ix86+x86_64 1.1-6 45.00 71.00 116.00 NOTE

Check Details

Version: 1.1-6
Check: top-level files
Result: NOTE
    Non-standard file/directory found at top level:
     ‘actuar-Ex.R’
Flavors: r-devel-linux-x86_64-debian-clang, r-devel-linux-x86_64-debian-gcc, r-devel-linux-x86_64-fedora-clang, r-devel-linux-x86_64-fedora-gcc, r-patched-linux-x86_64, r-release-linux-x86_64

Version: 1.1-6
Check: R code for possible problems
Result: NOTE
    CTE.aggregateDist: multiple local function definitions for ‘f’ with
     different formal arguments
    adjCoef: no visible binding for global variable ‘x’
    adjCoef: multiple local function definitions for ‘f’ with different
     formal arguments
    adjCoef: multiple local function definitions for ‘h’ with different
     formal arguments
    bvar.iterative: no visible binding for global variable ‘a1’
    elev.grouped.data : FUN: no visible binding for global variable ‘nj’
    elev.grouped.data : FUN: no visible binding for global variable ‘cj’
    elev.grouped.data : FUN : <anonymous>: no visible binding for global
     variable ‘nj’
    hache.origin: no visible binding for global variable ‘coll1’
Flavors: r-devel-linux-x86_64-debian-clang, r-devel-linux-x86_64-debian-gcc, r-devel-linux-x86_64-fedora-clang, r-devel-linux-x86_64-fedora-gcc, r-devel-osx-x86_64-clang, r-devel-windows-ix86+x86_64, r-patched-linux-x86_64, r-patched-solaris-sparc, r-patched-solaris-x86, r-release-linux-ix86, r-release-linux-x86_64, r-release-osx-x86_64-mavericks, r-release-windows-ix86+x86_64, r-oldrel-windows-ix86+x86_64

Version: 1.1-6
Check: re-building of vignette outputs
Result: NOTE
    Error in re-building vignettes:
     ...
    
    Attaching package: ‘actuar’
    
    The following object is masked from ‘package:grDevices’:
    
     cm
    
    Error in texi2dvi(file = file, pdf = TRUE, clean = clean, quiet = quiet, :
     Running 'texi2dvi' on 'coverage.tex' failed.
    LaTeX errors:
    ! LaTeX Error: File `paralist.sty' not found.
    
    Type X to quit or <RETURN> to proceed,
    or enter new name. (Default extension: sty)
    
    test/actuar/vignettes/coverage.tex:10: ==> Fatal error occurred, no output PDF
     file produced!
    Calls: buildVignettes -> texi2pdf -> texi2dvi
    Execution halted
Flavor: r-release-osx-x86_64-mavericks