CRAN Package Check Results for Package actuar

Last updated on 2017-02-28 12:49:02.

Flavor Version Tinstall Tcheck Ttotal Status Flags
r-devel-linux-x86_64-debian-clang 2.1-0 8.63 54.32 62.94 NOTE
r-devel-linux-x86_64-debian-gcc 2.1-0 8.79 52.54 61.33 NOTE
r-devel-linux-x86_64-fedora-clang 2.1-0 112.45 NOTE --no-stop-on-test-error
r-devel-linux-x86_64-fedora-gcc 2.1-0 110.43 NOTE --no-stop-on-test-error
r-devel-macos-x86_64-clang 2.1-0 99.83 NOTE --no-stop-on-test-error
r-devel-windows-ix86+x86_64 2.1-0 64.00 194.00 258.00 OK
r-patched-linux-x86_64 2.1-0 8.13 48.47 56.60 OK
r-patched-solaris-sparc 2.1-0 577.70 OK
r-patched-solaris-x86 2.1-0 121.70 OK
r-release-linux-x86_64 2.1-0 7.98 49.68 57.66 OK
r-release-osx-x86_64-mavericks 2.1-0 OK
r-release-windows-ix86+x86_64 2.1-0 117.00 171.00 288.00 OK
r-oldrel-windows-ix86+x86_64 1.2-0 71.00 113.00 184.00 OK

Check Details

Version: 2.1-0
Check: compiled code
Result: NOTE
    File ‘actuar/libs/actuar.so’:
     Found no call to: ‘R_useDynamicSymbols’
    
    It is good practice to register native routines and to disable symbol
    search.
    
    See ‘Writing portable packages’ in the ‘Writing R Extensions’ manual.
Flavors: r-devel-linux-x86_64-debian-clang, r-devel-linux-x86_64-debian-gcc

Version: 2.1-0
Flags: --no-stop-on-test-error
Check: compiled code
Result: NOTE
    File ‘actuar/libs/actuar.so’:
     Found no call to: ‘R_useDynamicSymbols’
    
    It is good practice to register native routines and to disable symbol
    search.
    
    See ‘Writing portable packages’ in the ‘Writing R Extensions’ manual.
Flavors: r-devel-linux-x86_64-fedora-clang, r-devel-linux-x86_64-fedora-gcc, r-devel-macos-x86_64-clang