CRAN Package Check Results for Package actuar

Last updated on 2017-04-27 10:48:08.

Flavor Version Tinstall Tcheck Ttotal Status Flags
r-devel-linux-x86_64-debian-clang 2.1-0 9.00 52.85 61.85 NOTE
r-devel-linux-x86_64-debian-gcc 2.1-0 8.59 51.93 60.52 NOTE
r-devel-linux-x86_64-fedora-clang 2.1-0 111.33 NOTE --no-stop-on-test-error
r-devel-linux-x86_64-fedora-gcc 2.1-0 111.30 NOTE --no-stop-on-test-error
r-devel-windows-ix86+x86_64 2.1-0 71.00 188.00 259.00 OK
r-patched-linux-x86_64 2.1-0 8.05 52.32 60.37 NOTE
r-patched-solaris-sparc 2.1-0 661.30 OK
r-patched-solaris-x86 2.1-0 136.90 OK
r-release-linux-x86_64 2.1-0 8.41 52.16 60.57 NOTE
r-release-windows-ix86+x86_64 2.1-0 62.00 154.00 216.00 OK
r-release-osx-x86_64 2.1-0 NOTE
r-oldrel-windows-ix86+x86_64 2.1-0 70.00 174.00 244.00 OK
r-oldrel-osx-x86_64 2.1-0 OK

Check Details

Version: 2.1-0
Check: compiled code
Result: NOTE
    File ‘actuar/libs/actuar.so’:
     Found no call to: ‘R_useDynamicSymbols’
    
    It is good practice to register native routines and to disable symbol
    search.
    
    See ‘Writing portable packages’ in the ‘Writing R Extensions’ manual.
Flavors: r-devel-linux-x86_64-debian-clang, r-devel-linux-x86_64-debian-gcc, r-patched-linux-x86_64, r-release-linux-x86_64

Version: 2.1-0
Flags: --no-stop-on-test-error
Check: compiled code
Result: NOTE
    File ‘actuar/libs/actuar.so’:
     Found no call to: ‘R_useDynamicSymbols’
    
    It is good practice to register native routines and to disable symbol
    search.
    
    See ‘Writing portable packages’ in the ‘Writing R Extensions’ manual.
Flavors: r-devel-linux-x86_64-fedora-clang, r-devel-linux-x86_64-fedora-gcc

Version: 2.1-0
Check: re-building of vignette outputs
Result: NOTE
    Error in re-building vignettes:
     ...
    Error in texi2dvi(file = file, pdf = TRUE, clean = clean, quiet = quiet, :
     Running 'texi2dvi' on 'actuar.tex' failed.
    LaTeX errors:
    ! LaTeX Error: File `framed.sty' not found.
    
    Type X to quit or <RETURN> to proceed,
    or enter new name. (Default extension: sty)
    
    ! Emergency stop.
    <read *>
    
    l.10 \usepackage
     [noae]{Sweave}^^M
    ! ==> Fatal error occurred, no output PDF file produced!
    Calls: buildVignettes -> texi2pdf -> texi2dvi
    Execution halted
Flavor: r-release-osx-x86_64