CRAN Package Check Results for Package ada

Last updated on 2014-09-23 12:46:50.

Flavor Version Tinstall Tcheck Ttotal Status Flags
r-devel-linux-x86_64-debian-clang 2.0-3 0.68 12.59 13.28 NOTE
r-devel-linux-x86_64-debian-gcc 2.0-3 0.88 12.05 12.93 NOTE
r-devel-linux-x86_64-fedora-clang 2.0-3 25.46 NOTE
r-devel-linux-x86_64-fedora-gcc 2.0-3 23.75 NOTE
r-devel-osx-x86_64-clang 2.0-3 28.54 OK
r-devel-windows-ix86+x86_64 2.0-3 3.00 19.00 22.00 OK
r-patched-linux-x86_64 2.0-3 0.65 13.32 13.98 NOTE
r-patched-solaris-sparc 2.0-3 170.60 OK
r-patched-solaris-x86 2.0-3 37.50 OK
r-release-linux-ix86 2.0-3 1.01 18.86 19.87 OK
r-release-linux-x86_64 2.0-3 0.81 12.80 13.61 NOTE
r-release-osx-x86_64-mavericks 2.0-3 OK
r-release-windows-ix86+x86_64 2.0-3 3.00 21.00 24.00 OK
r-oldrel-windows-ix86+x86_64 2.0-3 2.00 24.00 26.00 OK

Check Details

Version: 2.0-3
Check: Rd line widths
Result: NOTE
    Rd file 'ada.Rd':
     \usage lines wider than 90 characters:
     model.coef=TRUE,bag.shift=FALSE,max.iter=20,delta=10^(-10),verbose=FALSE,
    
    These lines will be truncated in the PDF manual.
Flavors: r-devel-linux-x86_64-debian-clang, r-devel-linux-x86_64-debian-gcc, r-devel-linux-x86_64-fedora-clang, r-devel-linux-x86_64-fedora-gcc, r-patched-linux-x86_64, r-release-linux-x86_64