CRAN Package Check Results for Package ada

Last updated on 2015-07-03 21:46:20.

Flavor Version Tinstall Tcheck Ttotal Status Flags
r-devel-linux-x86_64-debian-clang 2.0-3 0.63 13.35 13.98 NOTE
r-devel-linux-x86_64-debian-gcc 2.0-3 0.70 12.02 12.71 NOTE
r-devel-linux-x86_64-fedora-clang 2.0-3 23.27 NOTE
r-devel-linux-x86_64-fedora-gcc 2.0-3 22.58 NOTE
r-devel-osx-x86_64-clang 2.0-3 25.27 OK
r-devel-windows-ix86+x86_64 2.0-3 4.00 19.00 23.00 OK
r-patched-linux-x86_64 2.0-3 0.64 13.05 13.69 NOTE
r-patched-solaris-sparc 2.0-3 183.50 OK
r-patched-solaris-x86 2.0-3 36.60 OK
r-release-linux-x86_64 2.0-3 0.76 12.63 13.40 NOTE
r-release-osx-x86_64-mavericks 2.0-3 OK
r-release-windows-ix86+x86_64 2.0-3 4.00 22.00 26.00 OK
r-oldrel-windows-ix86+x86_64 2.0-3 3.00 25.00 28.00 OK

Check Details

Version: 2.0-3
Check: R code for possible problems
Result: NOTE
    ada.default : predict.type: no visible global function definition for
     ‘predict’
    ada.formula: no visible global function definition for ‘model.extract’
    pairs.ada: no visible global function definition for ‘predict’
    pairs.ada : panel.up: no visible global function definition for
     ‘points’
    pairs.ada : panel.low: no visible global function definition for
     ‘points’
    pairs.ada: no visible global function definition for ‘pairs’
    plot.ada: no visible global function definition for ‘rainbow’
    plot.ada: no visible global function definition for ‘par’
    plot.ada: no visible global function definition for ‘plot’
    plot.ada: no visible global function definition for ‘axis’
    plot.ada: no visible global function definition for ‘points’
    plot.ada: no visible global function definition for ‘title’
    plot.ada: no visible global function definition for ‘matlines’
    plot.ada: no visible global function definition for ‘legend’
    varplot: no visible global function definition for ‘dotchart’
    Undefined global functions or variables:
     axis dotchart legend matlines model.extract pairs par plot points
     predict rainbow title
Flavors: r-devel-linux-x86_64-debian-clang, r-devel-linux-x86_64-debian-gcc, r-devel-linux-x86_64-fedora-clang, r-devel-linux-x86_64-fedora-gcc

Version: 2.0-3
Check: Rd line widths
Result: NOTE
    Rd file 'ada.Rd':
     \usage lines wider than 90 characters:
     model.coef=TRUE,bag.shift=FALSE,max.iter=20,delta=10^(-10),verbose=FALSE,
    
    These lines will be truncated in the PDF manual.
Flavors: r-devel-linux-x86_64-debian-clang, r-devel-linux-x86_64-debian-gcc, r-devel-linux-x86_64-fedora-clang, r-devel-linux-x86_64-fedora-gcc, r-patched-linux-x86_64, r-release-linux-x86_64