CRAN Package Check Results for Package ada

Last updated on 2015-01-27 12:47:22.

Flavor Version Tinstall Tcheck Ttotal Status Flags
r-devel-linux-x86_64-debian-clang 2.0-3 0.69 12.90 13.58 NOTE
r-devel-linux-x86_64-debian-gcc 2.0-3 0.66 12.14 12.80 NOTE
r-devel-linux-x86_64-fedora-clang 2.0-3 28.83 NOTE
r-devel-linux-x86_64-fedora-gcc 2.0-3 28.42 NOTE
r-devel-osx-x86_64-clang 2.0-3 31.56 OK
r-devel-windows-ix86+x86_64 2.0-3 3.00 22.00 25.00 OK
r-patched-linux-x86_64 2.0-3 0.70 13.37 14.06 NOTE
r-patched-solaris-sparc 2.0-3 198.00 OK
r-patched-solaris-x86 2.0-3 41.70 OK
r-release-linux-ix86 2.0-3 1.02 19.16 20.17 OK
r-release-linux-x86_64 2.0-3 0.93 13.64 14.57 NOTE
r-release-osx-x86_64-mavericks 2.0-3 OK
r-release-windows-ix86+x86_64 2.0-3 3.00 24.00 27.00 OK
r-oldrel-windows-ix86+x86_64 2.0-3 2.00 24.00 26.00 OK

Check Details

Version: 2.0-3
Check: Rd line widths
Result: NOTE
    Rd file 'ada.Rd':
     \usage lines wider than 90 characters:
     model.coef=TRUE,bag.shift=FALSE,max.iter=20,delta=10^(-10),verbose=FALSE,
    
    These lines will be truncated in the PDF manual.
Flavors: r-devel-linux-x86_64-debian-clang, r-devel-linux-x86_64-debian-gcc, r-devel-linux-x86_64-fedora-clang, r-devel-linux-x86_64-fedora-gcc, r-patched-linux-x86_64, r-release-linux-x86_64