CRAN Package Check Results for Package ada

Last updated on 2015-04-28 11:48:16.

Flavor Version Tinstall Tcheck Ttotal Status Flags
r-devel-linux-x86_64-debian-clang 2.0-3 0.65 12.62 13.27 NOTE
r-devel-linux-x86_64-debian-gcc 2.0-3 0.78 12.61 13.39 NOTE
r-devel-linux-x86_64-fedora-clang 2.0-3 26.08 NOTE
r-devel-linux-x86_64-fedora-gcc 2.0-3 23.07 NOTE
r-devel-osx-x86_64-clang 2.0-3 28.49 OK
r-devel-windows-ix86+x86_64 2.0-3 3.00 21.00 24.00 OK
r-patched-linux-x86_64 2.0-3 0.65 12.70 13.35 NOTE
r-patched-solaris-sparc 2.0-3 162.70 OK
r-patched-solaris-x86 2.0-3 36.10 OK
r-release-linux-x86_64 2.0-3 0.63 12.50 13.13 NOTE
r-release-osx-x86_64-mavericks 2.0-3 OK
r-release-osx-x86_64-snowleopard 2.0-3 OK
r-release-windows-ix86+x86_64 2.0-3 2.00 24.00 26.00 OK
r-oldrel-windows-ix86+x86_64 2.0-3 4.00 24.00 28.00 OK

Check Details

Version: 2.0-3
Check: Rd line widths
Result: NOTE
    Rd file 'ada.Rd':
     \usage lines wider than 90 characters:
     model.coef=TRUE,bag.shift=FALSE,max.iter=20,delta=10^(-10),verbose=FALSE,
    
    These lines will be truncated in the PDF manual.
Flavors: r-devel-linux-x86_64-debian-clang, r-devel-linux-x86_64-debian-gcc, r-devel-linux-x86_64-fedora-clang, r-devel-linux-x86_64-fedora-gcc, r-patched-linux-x86_64, r-release-linux-x86_64