CRAN Package Check Results for Package ada

Last updated on 2015-08-30 05:47:40.

Flavor Version Tinstall Tcheck Ttotal Status Flags
r-devel-linux-x86_64-debian-clang 2.0-3 0.84 12.35 13.20 NOTE
r-devel-linux-x86_64-debian-gcc 2.0-3 0.59 12.18 12.76 NOTE
r-devel-linux-x86_64-fedora-clang 2.0-3 23.41 NOTE
r-devel-linux-x86_64-fedora-gcc 2.0-3 21.85 NOTE
r-devel-osx-x86_64-clang 2.0-3 24.09 OK
r-devel-windows-ix86+x86_64 2.0-3 3.00 39.00 42.00 NOTE
r-patched-linux-x86_64 2.0-3 0.65 12.56 13.21 NOTE
r-patched-solaris-sparc 2.0-3 165.80 OK
r-patched-solaris-x86 2.0-3 36.10 OK
r-release-linux-x86_64 2.0-3 0.68 12.41 13.09 NOTE
r-release-osx-x86_64-mavericks 2.0-3 OK
r-release-windows-ix86+x86_64 2.0-3 3.00 31.00 34.00 OK
r-oldrel-windows-ix86+x86_64 2.0-3 3.00 25.00 28.00 OK

Check Details

Version: 2.0-3
Check: R code for possible problems
Result: NOTE
    ada.default : predict.type: no visible global function definition for
     ‘predict’
    ada.formula: no visible global function definition for ‘model.extract’
    pairs.ada: no visible global function definition for ‘predict’
    pairs.ada : panel.up: no visible global function definition for
     ‘points’
    pairs.ada : panel.low: no visible global function definition for
     ‘points’
    pairs.ada: no visible global function definition for ‘pairs’
    plot.ada: no visible global function definition for ‘rainbow’
    plot.ada: no visible global function definition for ‘par’
    plot.ada: no visible global function definition for ‘plot’
    plot.ada: no visible global function definition for ‘axis’
    plot.ada: no visible global function definition for ‘points’
    plot.ada: no visible global function definition for ‘title’
    plot.ada: no visible global function definition for ‘matlines’
    plot.ada: no visible global function definition for ‘legend’
    varplot: no visible global function definition for ‘dotchart’
    Undefined global functions or variables:
     axis dotchart legend matlines model.extract pairs par plot points
     predict rainbow title
    Consider adding
     importFrom("grDevices", "rainbow")
     importFrom("graphics", "axis", "dotchart", "legend", "matlines",
     "pairs", "par", "plot", "points", "title")
     importFrom("stats", "model.extract", "predict")
    to your NAMESPACE.
Flavors: r-devel-linux-x86_64-debian-clang, r-devel-linux-x86_64-debian-gcc, r-devel-linux-x86_64-fedora-clang, r-devel-linux-x86_64-fedora-gcc, r-devel-windows-ix86+x86_64

Version: 2.0-3
Check: Rd line widths
Result: NOTE
    Rd file 'ada.Rd':
     \usage lines wider than 90 characters:
     model.coef=TRUE,bag.shift=FALSE,max.iter=20,delta=10^(-10),verbose=FALSE,
    
    These lines will be truncated in the PDF manual.
Flavors: r-devel-linux-x86_64-debian-clang, r-devel-linux-x86_64-debian-gcc, r-devel-linux-x86_64-fedora-clang, r-devel-linux-x86_64-fedora-gcc, r-patched-linux-x86_64, r-release-linux-x86_64