CRAN Package Check Results for Package ada

Last updated on 2014-07-23 04:48:20.

Flavor Version Tinstall Tcheck Ttotal Status Flags
r-devel-linux-x86_64-debian-clang 2.0-3 0.75 12.66 13.40 OK
r-devel-linux-x86_64-debian-gcc 2.0-3 0.82 12.65 13.48 OK
r-devel-linux-x86_64-fedora-clang 2.0-3 27.09 NOTE
r-devel-linux-x86_64-fedora-gcc 2.0-3 25.88 NOTE
r-devel-osx-x86_64-clang 2.0-3 28.13 OK
r-devel-windows-ix86+x86_64 2.0-3 2.00 23.00 25.00 OK
r-patched-linux-x86_64 2.0-3 0.65 13.20 13.85 OK
r-patched-solaris-sparc 2.0-3 146.10 OK
r-patched-solaris-x86 2.0-3 37.20 OK
r-release-linux-ix86 2.0-3 1.04 18.98 20.01 OK
r-release-linux-x86_64 2.0-3 0.67 13.00 13.68 OK
r-release-osx-x86_64-mavericks 2.0-3 OK
r-release-windows-ix86+x86_64 2.0-3 3.00 21.00 24.00 OK
r-oldrel-windows-ix86+x86_64 2.0-3 2.00 24.00 26.00 OK

Check Details

Version: 2.0-3
Check: Rd line widths
Result: NOTE
    Rd file 'ada.Rd':
     \usage lines wider than 90 characters:
     model.coef=TRUE,bag.shift=FALSE,max.iter=20,delta=10^(-10),verbose=FALSE,
    
    These lines will be truncated in the PDF manual.
Flavors: r-devel-linux-x86_64-fedora-clang, r-devel-linux-x86_64-fedora-gcc