CRAN Package Check Results for Package ada

Last updated on 2014-04-25 05:47:11.

Flavor Version Tinstall Tcheck Ttotal Status Flags
r-devel-linux-x86_64-debian-clang 2.0-3 0.75 13.17 13.92 OK
r-devel-linux-x86_64-debian-gcc 2.0-3 0.81 13.41 14.22 OK
r-devel-linux-x86_64-fedora-clang 2.0-3 25.59 NOTE
r-devel-linux-x86_64-fedora-gcc 2.0-3 24.47 NOTE
r-devel-osx-x86_64-clang 2.0-3 25.18 OK
r-devel-osx-x86_64-gcc 2.0-3 OK
r-devel-windows-ix86+x86_64 2.0-3 2.00 21.00 23.00 OK
r-patched-linux-x86_64 2.0-3 0.74 13.54 14.28 OK
r-patched-solaris-sparc 2.0-3 146.10 OK
r-patched-solaris-x86 2.0-3 37.90 OK
r-release-linux-ix86 2.0-3 1.00 27.00 28.00 OK
r-release-linux-x86_64 2.0-3 1.11 13.34 14.44 OK
r-release-osx-x86_64-mavericks 2.0-3 WARN
r-release-windows-ix86+x86_64 2.0-3 4.00 32.00 36.00 OK
r-oldrel-windows-ix86+x86_64 2.0-3 2.00 24.00 26.00 OK

Check Details

Version: 2.0-3
Check: Rd line widths
Result: NOTE
    Rd file 'ada.Rd':
     \usage lines wider than 90 characters:
     model.coef=TRUE,bag.shift=FALSE,max.iter=20,delta=10^(-10),verbose=FALSE,
    
    These lines will be truncated in the PDF manual.
Flavors: r-devel-linux-x86_64-fedora-clang, r-devel-linux-x86_64-fedora-gcc

Version: 2.0-3
Check: PDF version of manual
Result: WARNING
    LaTeX errors when creating PDF version.
    This typically indicates Rd problems.
    LaTeX errors found:
    ! LaTeX Error: File `upquote.sty' not found.
    
    Type X to quit or <RETURN> to proceed,
    or enter new name. (Default extension: sty)
    
    442910dc/Rd2.tex:8: ==> Fatal error occurred, no output PDF file produced!
Flavor: r-release-osx-x86_64-mavericks