CRAN Package Check Results for Package ada

Last updated on 2015-03-03 09:49:28.

Flavor Version Tinstall Tcheck Ttotal Status Flags
r-devel-linux-x86_64-debian-clang 2.0-3 0.65 12.86 13.51 NOTE
r-devel-linux-x86_64-debian-gcc 2.0-3 0.64 12.36 13.00 NOTE
r-devel-linux-x86_64-fedora-clang 2.0-3 25.49 NOTE
r-devel-linux-x86_64-fedora-gcc 2.0-3 23.72 NOTE
r-devel-osx-x86_64-clang 2.0-3 28.99 OK
r-devel-windows-ix86+x86_64 2.0-3 2.00 21.00 23.00 OK
r-patched-linux-x86_64 2.0-3 0.72 13.65 14.37 NOTE
r-patched-solaris-sparc 2.0-3 198.00 OK
r-patched-solaris-x86 2.0-3 41.90 OK
r-release-linux-ix86 2.0-3 1.01 20.03 21.04 NOTE
r-release-linux-x86_64 2.0-3 0.68 13.58 14.26 NOTE
r-release-osx-x86_64-mavericks 2.0-3 OK
r-release-windows-ix86+x86_64 2.0-3 4.00 24.00 28.00 OK
r-oldrel-windows-ix86+x86_64 2.0-3 4.00 23.00 27.00 OK

Check Details

Version: 2.0-3
Check: Rd line widths
Result: NOTE
    Rd file 'ada.Rd':
     \usage lines wider than 90 characters:
     model.coef=TRUE,bag.shift=FALSE,max.iter=20,delta=10^(-10),verbose=FALSE,
    
    These lines will be truncated in the PDF manual.
Flavors: r-devel-linux-x86_64-debian-clang, r-devel-linux-x86_64-debian-gcc, r-devel-linux-x86_64-fedora-clang, r-devel-linux-x86_64-fedora-gcc, r-patched-linux-x86_64, r-release-linux-ix86, r-release-linux-x86_64