CRAN Package Check Results for Package ada

Last updated on 2014-08-30 21:47:18.

Flavor Version Tinstall Tcheck Ttotal Status Flags
r-devel-linux-x86_64-debian-clang 2.0-3 0.63 12.44 13.07 OK
r-devel-linux-x86_64-debian-gcc 2.0-3 0.65 11.96 12.61 OK
r-devel-linux-x86_64-fedora-clang 2.0-3 26.94 NOTE
r-devel-linux-x86_64-fedora-gcc 2.0-3 23.29 NOTE
r-devel-osx-x86_64-clang 2.0-3 26.43 OK
r-devel-windows-ix86+x86_64 2.0-3 3.00 21.00 24.00 OK
r-patched-linux-x86_64 2.0-3 0.67 12.44 13.12 OK
r-patched-solaris-sparc 2.0-3 170.60 OK
r-patched-solaris-x86 2.0-3 36.50 OK
r-release-linux-ix86 2.0-3 0.99 18.92 19.91 OK
r-release-linux-x86_64 2.0-3 0.68 12.78 13.46 OK
r-release-osx-x86_64-mavericks 2.0-3 OK
r-release-windows-ix86+x86_64 2.0-3 3.00 21.00 24.00 OK
r-oldrel-windows-ix86+x86_64 2.0-3 2.00 24.00 26.00 OK

Check Details

Version: 2.0-3
Check: Rd line widths
Result: NOTE
    Rd file 'ada.Rd':
     \usage lines wider than 90 characters:
     model.coef=TRUE,bag.shift=FALSE,max.iter=20,delta=10^(-10),verbose=FALSE,
    
    These lines will be truncated in the PDF manual.
Flavors: r-devel-linux-x86_64-fedora-clang, r-devel-linux-x86_64-fedora-gcc