CRAN Package Check Results for Package ada

Last updated on 2014-12-21 03:48:10.

Flavor Version Tinstall Tcheck Ttotal Status Flags
r-devel-linux-x86_64-debian-clang 2.0-3 0.74 13.40 14.14 NOTE
r-devel-linux-x86_64-debian-gcc 2.0-3 0.66 13.09 13.75 NOTE
r-devel-linux-x86_64-fedora-clang 2.0-3 28.66 NOTE
r-devel-linux-x86_64-fedora-gcc 2.0-3 26.13 NOTE
r-devel-osx-x86_64-clang 2.0-3 30.65 OK
r-devel-windows-ix86+x86_64 2.0-3 4.00 28.00 32.00 OK
r-patched-linux-x86_64 2.0-3 0.69 13.40 14.09 NOTE
r-patched-solaris-sparc 2.0-3 170.60 OK
r-patched-solaris-x86 2.0-3 40.10 OK
r-release-linux-ix86 2.0-3 1.01 19.33 20.34 OK
r-release-linux-x86_64 2.0-3 0.69 13.65 14.34 NOTE
r-release-osx-x86_64-mavericks 2.0-3 OK
r-release-windows-ix86+x86_64 2.0-3 3.00 24.00 27.00 OK
r-oldrel-windows-ix86+x86_64 2.0-3 2.00 24.00 26.00 OK

Check Details

Version: 2.0-3
Check: Rd line widths
Result: NOTE
    Rd file 'ada.Rd':
     \usage lines wider than 90 characters:
     model.coef=TRUE,bag.shift=FALSE,max.iter=20,delta=10^(-10),verbose=FALSE,
    
    These lines will be truncated in the PDF manual.
Flavors: r-devel-linux-x86_64-debian-clang, r-devel-linux-x86_64-debian-gcc, r-devel-linux-x86_64-fedora-clang, r-devel-linux-x86_64-fedora-gcc, r-patched-linux-x86_64, r-release-linux-x86_64