CRAN Package Check Results for Package adabag

Last updated on 2014-04-24 07:52:22.

Flavor Version Tinstall Tcheck Ttotal Status Flags
r-devel-linux-x86_64-debian-clang 3.2 2.02 125.72 127.74 OK
r-devel-linux-x86_64-debian-gcc 3.2 2.06 121.21 123.26 OK
r-devel-linux-x86_64-fedora-clang 3.2 244.53 OK
r-devel-linux-x86_64-fedora-gcc 3.2 242.74 OK
r-devel-osx-x86_64-clang 3.2 190.92 OK
r-devel-osx-x86_64-gcc 3.2 ERROR
r-devel-windows-ix86+x86_64 3.2 8.00 155.00 163.00 OK
r-patched-linux-x86_64 3.2 2.05 116.44 118.48 OK
r-patched-solaris-sparc 3.2 1646.40 OK
r-patched-solaris-x86 3.2 351.40 OK
r-release-linux-ix86 3.2 3.00 191.00 194.00 OK
r-release-linux-x86_64 3.2 2.01 102.78 104.79 OK
r-release-osx-x86_64-mavericks 3.2 OK
r-release-osx-x86_64-snowleopard 3.2 OK
r-release-windows-ix86+x86_64 3.2 7.00 175.00 182.00 OK
r-oldrel-windows-ix86+x86_64 3.2 11.00 176.00 187.00 OK

Check Details

Version: 3.2
Check: package dependencies
Result: ERROR
    Package required but not available: ‘caret’
    
    See the information on DESCRIPTION files in the chapter ‘Creating R
    packages’ of the ‘Writing R Extensions’ manual.
Flavor: r-devel-osx-x86_64-gcc