CRAN Package Check Results for Package adabag

Last updated on 2015-04-19 02:48:15.

Flavor Version Tinstall Tcheck Ttotal Status Flags
r-devel-linux-x86_64-debian-clang 4.0 4.68 96.00 100.68 OK
r-devel-linux-x86_64-debian-gcc 4.0 4.20 96.60 100.81 OK
r-devel-linux-x86_64-fedora-clang 4.0 214.63 OK
r-devel-linux-x86_64-fedora-gcc 4.0 195.40 OK
r-devel-osx-x86_64-clang 4.0 169.91 OK
r-patched-linux-x86_64 4.0 4.60 94.49 99.09 OK
r-patched-solaris-sparc 4.0 1602.90 OK
r-patched-solaris-x86 4.0 279.20 OK
r-release-linux-x86_64 4.0 4.59 94.10 98.69 OK
r-release-osx-x86_64-mavericks 4.0 OK
r-release-osx-x86_64-snowleopard 4.0 ERROR
r-release-windows-ix86+x86_64 4.0 13.00 172.00 185.00 OK
r-oldrel-windows-ix86+x86_64 4.0 30.00 274.00 304.00 OK

Check Details

Version: 4.0
Check: package dependencies
Result: ERROR
    Package required but not available: ‘caret’
    
    See section ‘The DESCRIPTION file’ in the ‘Writing R Extensions’
    manual.
Flavor: r-release-osx-x86_64-snowleopard