CRAN Package Check Results for Package adabag

Last updated on 2015-08-03 21:47:11.

Flavor Version Tinstall Tcheck Ttotal Status Flags
r-devel-linux-x86_64-debian-clang 4.0 4.40 101.10 105.49 NOTE
r-devel-linux-x86_64-debian-gcc 4.0 4.30 96.67 100.96 NOTE
r-devel-linux-x86_64-fedora-clang 4.0 221.05 NOTE
r-devel-linux-x86_64-fedora-gcc 4.0 202.62 NOTE
r-devel-osx-x86_64-clang 4.0 175.06 OK
r-devel-windows-ix86+x86_64 4.0 14.00 153.00 167.00 NOTE
r-patched-linux-x86_64 4.0 4.48 97.88 102.36 OK
r-patched-solaris-sparc 4.0 1474.40 OK
r-patched-solaris-x86 4.0 320.90 OK
r-release-linux-x86_64 4.0 5.07 101.75 106.82 OK
r-release-osx-x86_64-mavericks 4.0 OK
r-release-windows-ix86+x86_64 4.0 19.00 148.00 167.00 OK
r-oldrel-windows-ix86+x86_64 4.0 24.00 226.00 250.00 OK

Check Details

Version: 4.0
Check: R code for possible problems
Result: NOTE
    bagging: no visible global function definition for ‘as.formula’
    bagging: no visible binding for global variable ‘predict’
    boosting: no visible global function definition for ‘as.formula’
    boosting: no visible global function definition for ‘predict’
    entropyEachTree.bagging: no visible global function definition for
     ‘predict’
    errorevol: no visible binding for global variable ‘predict’
    importanceplot: no visible global function definition for ‘barplot’
    plot.errorevol: no visible global function definition for ‘plot’
    plot.errorevol: no visible global function definition for ‘lines’
    plot.errorevol: no visible global function definition for ‘legend’
    plot.margins: no visible global function definition for ‘plot’
    plot.margins: no visible global function definition for ‘abline’
    plot.margins: no visible global function definition for ‘lines’
    plot.margins: no visible global function definition for ‘legend’
    predict.bagging: no visible binding for global variable ‘predict’
    predict.boosting: no visible binding for global variable ‘predict’
    predictOrderedAggregation.bagging: no visible global function
     definition for ‘predict’
    vote.bagging: no visible global function definition for ‘predict’
    Undefined global functions or variables:
     abline as.formula barplot legend lines plot predict
    Consider adding
     importFrom("graphics", "abline", "barplot", "legend", "lines", "plot")
     importFrom("stats", "as.formula", "predict")
    to your NAMESPACE.
Flavors: r-devel-linux-x86_64-debian-clang, r-devel-linux-x86_64-debian-gcc, r-devel-linux-x86_64-fedora-clang, r-devel-linux-x86_64-fedora-gcc, r-devel-windows-ix86+x86_64