CRAN Package Check Results for Package adabag

Last updated on 2015-09-04 23:56:00.

Flavor Version Tinstall Tcheck Ttotal Status Flags
r-devel-linux-x86_64-debian-clang 4.0 4.18 99.32 103.50 NOTE
r-devel-linux-x86_64-debian-gcc 4.0 4.21 99.04 103.25 NOTE
r-devel-linux-x86_64-fedora-clang 4.0 211.56 NOTE
r-devel-linux-x86_64-fedora-gcc 4.0 202.85 NOTE
r-devel-osx-x86_64-clang 4.0 158.59 OK
r-devel-windows-ix86+x86_64 4.0 14.00 143.00 157.00 NOTE
r-patched-linux-x86_64 4.0 4.38 101.05 105.44 OK
r-patched-solaris-sparc 4.0 1474.40 OK
r-patched-solaris-x86 4.0 310.70 OK
r-release-linux-x86_64 4.0 4.46 101.76 106.22 OK
r-release-osx-x86_64-mavericks 4.0 OK
r-release-windows-ix86+x86_64 4.0 19.00 169.00 188.00 OK
r-oldrel-windows-ix86+x86_64 4.0 22.00 234.00 256.00 OK

Check Details

Version: 4.0
Check: R code for possible problems
Result: NOTE
    bagging: no visible global function definition for ‘as.formula’
    bagging: no visible binding for global variable ‘predict’
    boosting: no visible global function definition for ‘as.formula’
    boosting: no visible global function definition for ‘predict’
    entropyEachTree.bagging: no visible global function definition for
     ‘predict’
    errorevol: no visible binding for global variable ‘predict’
    importanceplot: no visible global function definition for ‘barplot’
    plot.errorevol: no visible global function definition for ‘plot’
    plot.errorevol: no visible global function definition for ‘lines’
    plot.errorevol: no visible global function definition for ‘legend’
    plot.margins: no visible global function definition for ‘plot’
    plot.margins: no visible global function definition for ‘abline’
    plot.margins: no visible global function definition for ‘lines’
    plot.margins: no visible global function definition for ‘legend’
    predict.bagging: no visible binding for global variable ‘predict’
    predict.boosting: no visible binding for global variable ‘predict’
    predictOrderedAggregation.bagging: no visible global function
     definition for ‘predict’
    vote.bagging: no visible global function definition for ‘predict’
    Undefined global functions or variables:
     abline as.formula barplot legend lines plot predict
    Consider adding
     importFrom("graphics", "abline", "barplot", "legend", "lines", "plot")
     importFrom("stats", "as.formula", "predict")
    to your NAMESPACE.
Flavors: r-devel-linux-x86_64-debian-clang, r-devel-linux-x86_64-debian-gcc, r-devel-linux-x86_64-fedora-clang, r-devel-linux-x86_64-fedora-gcc, r-devel-windows-ix86+x86_64