CRAN Package Check Results for Package adabag

Last updated on 2015-07-04 11:49:33.

Flavor Version Tinstall Tcheck Ttotal Status Flags
r-devel-linux-x86_64-debian-clang 4.0 4.34 98.51 102.84 NOTE
r-devel-linux-x86_64-debian-gcc 4.0 4.10 94.86 98.96 NOTE
r-devel-linux-x86_64-fedora-clang 4.0 200.51 NOTE
r-devel-linux-x86_64-fedora-gcc 4.0 199.52 NOTE
r-devel-osx-x86_64-clang 4.0 171.89 OK
r-devel-windows-ix86+x86_64 4.0 13.00 139.00 152.00 NOTE
r-patched-linux-x86_64 4.0 4.07 95.98 100.05 OK
r-patched-solaris-sparc 4.0 1425.10 OK
r-patched-solaris-x86 4.0 290.70 OK
r-release-linux-x86_64 4.0 5.29 95.18 100.48 OK
r-release-osx-x86_64-mavericks 4.0 OK
r-release-windows-ix86+x86_64 4.0 18.00 141.00 159.00 OK
r-oldrel-windows-ix86+x86_64 4.0 23.00 196.00 219.00 OK

Check Details

Version: 4.0
Check: R code for possible problems
Result: NOTE
    bagging: no visible global function definition for ‘as.formula’
    bagging: no visible binding for global variable ‘predict’
    boosting: no visible global function definition for ‘as.formula’
    boosting: no visible global function definition for ‘predict’
    entropyEachTree.bagging: no visible global function definition for
     ‘predict’
    errorevol: no visible binding for global variable ‘predict’
    importanceplot: no visible global function definition for ‘barplot’
    plot.errorevol: no visible global function definition for ‘plot’
    plot.errorevol: no visible global function definition for ‘lines’
    plot.errorevol: no visible global function definition for ‘legend’
    plot.margins: no visible global function definition for ‘plot’
    plot.margins: no visible global function definition for ‘abline’
    plot.margins: no visible global function definition for ‘lines’
    plot.margins: no visible global function definition for ‘legend’
    predict.bagging: no visible binding for global variable ‘predict’
    predict.boosting: no visible binding for global variable ‘predict’
    predictOrderedAggregation.bagging: no visible global function
     definition for ‘predict’
    vote.bagging: no visible global function definition for ‘predict’
    Undefined global functions or variables:
     abline as.formula barplot legend lines plot predict
Flavors: r-devel-linux-x86_64-debian-clang, r-devel-linux-x86_64-debian-gcc, r-devel-linux-x86_64-fedora-clang, r-devel-linux-x86_64-fedora-gcc, r-devel-windows-ix86+x86_64