CRAN Package Check Results for Package adabag

Last updated on 2015-05-25 02:47:17.

Flavor Version Tinstall Tcheck Ttotal Status Flags
r-devel-linux-x86_64-debian-clang 4.0 4.40 96.06 100.46 OK
r-devel-linux-x86_64-debian-gcc 4.0 4.03 93.62 97.66 OK
r-devel-linux-x86_64-fedora-clang 4.0 212.56 OK
r-devel-linux-x86_64-fedora-gcc 4.0 203.21 OK
r-devel-osx-x86_64-clang 4.0 171.11 OK
r-devel-windows-ix86+x86_64 4.0 12.00 142.00 154.00 OK
r-patched-linux-x86_64 4.0 4.27 94.85 99.12 OK
r-patched-solaris-sparc 4.0 1425.10 OK
r-patched-solaris-x86 4.0 295.40 OK
r-release-linux-x86_64 4.0 4.06 95.64 99.70 OK
r-release-osx-x86_64-mavericks 4.0 OK
r-release-osx-x86_64-snowleopard 4.0 ERROR
r-release-windows-ix86+x86_64 4.0 15.00 139.00 154.00 OK
r-oldrel-windows-ix86+x86_64 4.0 23.00 199.00 222.00 OK

Check Details

Version: 4.0
Check: package dependencies
Result: ERROR
    Package required but not available: ‘caret’
    
    See section ‘The DESCRIPTION file’ in the ‘Writing R Extensions’
    manual.
Flavor: r-release-osx-x86_64-snowleopard