CRAN Package Check Results for Package adagio

Last updated on 2017-10-19 19:46:54.

Flavor Version Tinstall Tcheck Ttotal Status Flags
r-devel-linux-x86_64-debian-clang 0.6.5 1.87 17.37 19.24 NOTE
r-devel-linux-x86_64-debian-gcc 0.6.5 4.56 18.66 23.22 NOTE
r-devel-linux-x86_64-fedora-clang 0.6.5 34.73 NOTE
r-devel-linux-x86_64-fedora-gcc 0.6.5 33.59 NOTE
r-devel-windows-ix86+x86_64 0.6.5 19.00 45.00 64.00 OK
r-patched-linux-x86_64 0.6.5 1.72 17.71 19.42 NOTE
r-patched-solaris-x86 0.6.5 48.50 OK
r-release-linux-x86_64 0.6.5 1.74 17.78 19.52 NOTE
r-release-windows-ix86+x86_64 0.6.5 10.00 44.00 54.00 OK
r-release-osx-x86_64 0.6.5 OK
r-oldrel-windows-ix86+x86_64 0.6.5 7.00 43.00 50.00 OK
r-oldrel-osx-x86_64 0.6.5 OK

Check Details

Version: 0.6.5
Check: compiled code
Result: NOTE
    File ‘adagio/libs/adagio.so’:
     Found no calls to: ‘R_registerRoutines’, ‘R_useDynamicSymbols’
    
    It is good practice to register native routines and to disable symbol
    search.
    
    See ‘Writing portable packages’ in the ‘Writing R Extensions’ manual.
Flavors: r-devel-linux-x86_64-debian-clang, r-devel-linux-x86_64-debian-gcc, r-devel-linux-x86_64-fedora-clang, r-devel-linux-x86_64-fedora-gcc, r-patched-linux-x86_64, r-release-linux-x86_64