CRAN Package Check Results for Package adagio

Last updated on 2017-02-27 23:03:12.

Flavor Version Tinstall Tcheck Ttotal Status Flags
r-devel-linux-x86_64-debian-clang 0.6.5 2.12 17.66 19.79 NOTE
r-devel-linux-x86_64-debian-gcc 0.6.5 2.17 17.51 19.68 NOTE
r-devel-linux-x86_64-fedora-clang 0.6.5 33.92 NOTE --no-stop-on-test-error
r-devel-linux-x86_64-fedora-gcc 0.6.5 31.21 NOTE --no-stop-on-test-error
r-devel-macos-x86_64-clang 0.6.5 29.39 NOTE --no-stop-on-test-error
r-devel-windows-ix86+x86_64 0.6.5 11.00 61.00 72.00 OK
r-patched-linux-x86_64 0.6.5 2.07 15.72 17.79 OK
r-patched-solaris-sparc 0.6.5 203.80 OK
r-patched-solaris-x86 0.6.5 41.90 OK
r-release-linux-x86_64 0.6.5 2.08 15.87 17.95 OK
r-release-osx-x86_64-mavericks 0.6.5 OK
r-release-windows-ix86+x86_64 0.6.5 7.00 43.00 50.00 OK
r-oldrel-windows-ix86+x86_64 0.6.5 9.00 37.00 46.00 OK

Check Details

Version: 0.6.5
Check: compiled code
Result: NOTE
    File ‘adagio/libs/adagio.so’:
     Found no calls to: ‘R_registerRoutines’, ‘R_useDynamicSymbols’
    
    It is good practice to register native routines and to disable symbol
    search.
    
    See ‘Writing portable packages’ in the ‘Writing R Extensions’ manual.
Flavors: r-devel-linux-x86_64-debian-clang, r-devel-linux-x86_64-debian-gcc

Version: 0.6.5
Flags: --no-stop-on-test-error
Check: compiled code
Result: NOTE
    File ‘adagio/libs/adagio.so’:
     Found no calls to: ‘R_registerRoutines’, ‘R_useDynamicSymbols’
    
    It is good practice to register native routines and to disable symbol
    search.
    
    See ‘Writing portable packages’ in the ‘Writing R Extensions’ manual.
Flavors: r-devel-linux-x86_64-fedora-clang, r-devel-linux-x86_64-fedora-gcc, r-devel-macos-x86_64-clang