CRAN Package Check Results for Package adagio

Last updated on 2017-08-18 11:47:40.

Flavor Version Tinstall Tcheck Ttotal Status Flags
r-devel-linux-x86_64-debian-clang 0.6.5 1.80 18.10 19.90 NOTE
r-devel-linux-x86_64-debian-gcc 0.6.5 1.80 18.09 19.89 NOTE
r-devel-linux-x86_64-fedora-clang 0.6.5 32.98 NOTE
r-devel-linux-x86_64-fedora-gcc 0.6.5 32.56 NOTE
r-devel-windows-ix86+x86_64 0.6.5 14.00 57.00 71.00 OK
r-patched-linux-x86_64 0.6.5 1.70 18.07 19.77 NOTE
r-patched-solaris-x86 0.6.5 46.60 OK
r-release-linux-x86_64 0.6.5 1.74 17.60 19.33 NOTE
r-release-windows-ix86+x86_64 0.6.5 10.00 44.00 54.00 OK
r-release-osx-x86_64 0.6.5 OK
r-oldrel-windows-ix86+x86_64 0.6.5 7.00 43.00 50.00 OK
r-oldrel-osx-x86_64 0.6.5 OK

Check Details

Version: 0.6.5
Check: compiled code
Result: NOTE
    File ‘adagio/libs/adagio.so’:
     Found no calls to: ‘R_registerRoutines’, ‘R_useDynamicSymbols’
    
    It is good practice to register native routines and to disable symbol
    search.
    
    See ‘Writing portable packages’ in the ‘Writing R Extensions’ manual.
Flavors: r-devel-linux-x86_64-debian-clang, r-devel-linux-x86_64-debian-gcc, r-devel-linux-x86_64-fedora-clang, r-devel-linux-x86_64-fedora-gcc, r-patched-linux-x86_64, r-release-linux-x86_64