CRAN Package Check Results for Package adagio

Last updated on 2015-07-04 09:47:47.

Flavor Version Tinstall Tcheck Ttotal Status Flags
r-devel-linux-x86_64-debian-clang 0.5.9 1.99 15.62 17.60 NOTE
r-devel-linux-x86_64-debian-gcc 0.5.9 1.90 15.37 17.26 NOTE
r-devel-linux-x86_64-fedora-clang 0.5.9 31.50 NOTE
r-devel-linux-x86_64-fedora-gcc 0.5.9 31.45 NOTE
r-devel-osx-x86_64-clang 0.5.9 31.10 OK
r-devel-windows-ix86+x86_64 0.5.9 12.00 31.00 43.00 OK
r-patched-linux-x86_64 0.5.9 1.98 15.99 17.97 OK
r-patched-solaris-sparc 0.5.9 222.50 OK
r-patched-solaris-x86 0.5.9 46.40 OK
r-release-linux-x86_64 0.5.9 1.97 15.78 17.75 OK
r-release-osx-x86_64-mavericks 0.5.9 OK
r-release-windows-ix86+x86_64 0.5.9 8.00 33.00 41.00 OK
r-oldrel-windows-ix86+x86_64 0.5.9 11.00 32.00 43.00 OK

Check Details

Version: 0.5.9
Check: R code for possible problems
Result: NOTE
    flineviz: no visible global function definition for ‘plot’
    flineviz: no visible global function definition for ‘points’
    flineviz: no visible global function definition for ‘grid’
    fminviz: no visible global function definition for ‘runif’
    fminviz: no visible global function definition for ‘plot’
    fminviz: no visible global function definition for ‘grid’
    fminviz: no visible global function definition for ‘lines’
    pureCMAES: no visible global function definition for ‘rnorm’
    simpleDE: no visible global function definition for ‘runif’
    simpleEA: no visible global function definition for ‘runif’
    Undefined global functions or variables:
     grid lines plot points rnorm runif
Flavors: r-devel-linux-x86_64-debian-clang, r-devel-linux-x86_64-debian-gcc, r-devel-linux-x86_64-fedora-clang, r-devel-linux-x86_64-fedora-gcc