CRAN Package Check Results for Package adagio

Last updated on 2017-06-22 15:48:15.

Flavor Version Tinstall Tcheck Ttotal Status Flags
r-devel-linux-x86_64-debian-clang 0.6.5 2.40 18.05 20.46 NOTE
r-devel-linux-x86_64-debian-gcc 0.6.5 2.64 17.91 20.55 NOTE
r-devel-linux-x86_64-fedora-clang 0.6.5 32.97 NOTE
r-devel-linux-x86_64-fedora-gcc 0.6.5 31.56 NOTE
r-devel-windows-ix86+x86_64 0.6.5 11.00 47.00 58.00 OK
r-patched-linux-x86_64 0.6.5 2.24 18.01 20.25 NOTE
r-patched-solaris-sparc 0.6.5 209.30 OK
r-patched-solaris-x86 0.6.5 45.30 OK
r-release-linux-x86_64 0.6.5 2.26 17.79 20.05 NOTE
r-release-windows-ix86+x86_64 0.6.5 9.00 45.00 54.00 OK
r-release-osx-x86_64 0.6.5 OK
r-oldrel-windows-ix86+x86_64 0.6.5 7.00 43.00 50.00 OK
r-oldrel-osx-x86_64 0.6.5 OK

Check Details

Version: 0.6.5
Check: compiled code
Result: NOTE
    File ‘adagio/libs/adagio.so’:
     Found no calls to: ‘R_registerRoutines’, ‘R_useDynamicSymbols’
    
    It is good practice to register native routines and to disable symbol
    search.
    
    See ‘Writing portable packages’ in the ‘Writing R Extensions’ manual.
Flavors: r-devel-linux-x86_64-debian-clang, r-devel-linux-x86_64-debian-gcc, r-devel-linux-x86_64-fedora-clang, r-devel-linux-x86_64-fedora-gcc, r-patched-linux-x86_64, r-release-linux-x86_64