CRAN Package Check Results for Package adagio

Last updated on 2018-02-21 13:50:31 CET.

Flavor Version Tinstall Tcheck Ttotal Status Flags
r-devel-linux-x86_64-debian-clang 0.6.5 3.94 23.82 27.76 NOTE
r-devel-linux-x86_64-debian-gcc 0.6.5 2.69 18.57 21.26 NOTE
r-devel-linux-x86_64-fedora-clang 0.6.5 33.29 NOTE
r-devel-linux-x86_64-fedora-gcc 0.6.5 31.43 NOTE
r-devel-windows-ix86+x86_64 0.6.5 17.00 54.00 71.00 OK
r-patched-linux-x86_64 0.6.5 2.22 26.64 28.86 NOTE
r-patched-solaris-x86 0.6.5 47.10 OK
r-release-linux-x86_64 0.6.5 2.28 26.73 29.01 NOTE
r-release-windows-ix86+x86_64 0.6.5 10.00 44.00 54.00 OK
r-release-osx-x86_64 0.6.5 OK
r-oldrel-windows-ix86+x86_64 0.6.5 7.00 43.00 50.00 OK
r-oldrel-osx-x86_64 0.6.5 OK

Check Details

Version: 0.6.5
Check: compiled code
Result: NOTE
    File ‘adagio/libs/adagio.so’:
     Found no calls to: ‘R_registerRoutines’, ‘R_useDynamicSymbols’
    
    It is good practice to register native routines and to disable symbol
    search.
    
    See ‘Writing portable packages’ in the ‘Writing R Extensions’ manual.
Flavors: r-devel-linux-x86_64-debian-clang, r-devel-linux-x86_64-debian-gcc, r-devel-linux-x86_64-fedora-clang, r-devel-linux-x86_64-fedora-gcc, r-patched-linux-x86_64, r-release-linux-x86_64