CRAN Package Check Results for Package adaptMCMC

Last updated on 2014-07-25 17:47:56.

Flavor Version Tinstall Tcheck Ttotal Status Flags
r-devel-linux-x86_64-debian-clang 1.1 3.40 41.34 44.74 NOTE
r-devel-linux-x86_64-debian-gcc 1.1 3.30 40.27 43.57 NOTE
r-devel-linux-x86_64-fedora-clang 1.1 96.63 NOTE
r-devel-linux-x86_64-fedora-gcc 1.1 92.55 NOTE
r-devel-osx-x86_64-clang 1.1 80.30 NOTE
r-devel-windows-ix86+x86_64 1.1 9.00 55.00 64.00 NOTE
r-patched-linux-x86_64 1.1 4.21 41.08 45.28 NOTE
r-patched-solaris-sparc 1.1 557.60 NOTE
r-patched-solaris-x86 1.1 143.40 NOTE
r-release-linux-ix86 1.1 3.94 49.46 53.40 NOTE
r-release-linux-x86_64 1.1 3.31 41.25 44.56 NOTE
r-release-osx-x86_64-mavericks 1.1 NOTE
r-release-osx-x86_64-snowleopard 1.1 NOTE
r-release-windows-ix86+x86_64 1.1 8.00 55.00 63.00 NOTE
r-oldrel-windows-ix86+x86_64 1.1 9.00 51.00 60.00 NOTE

Check Details

Version: 1.1
Check: dependencies in R code
Result: NOTE
    'library' or 'require' calls to packages already attached by Depends:
     ‘Matrix’ ‘parallel’
     Please remove these calls from your code.
    See the information on DESCRIPTION files in the chapter ‘Creating R
    packages’ of the ‘Writing R Extensions’ manual.
Flavors: r-devel-linux-x86_64-debian-clang, r-devel-linux-x86_64-debian-gcc, r-devel-linux-x86_64-fedora-clang, r-devel-linux-x86_64-fedora-gcc, r-devel-osx-x86_64-clang, r-devel-windows-ix86+x86_64, r-patched-linux-x86_64, r-patched-solaris-sparc, r-patched-solaris-x86, r-release-linux-ix86, r-release-linux-x86_64, r-release-osx-x86_64-mavericks, r-release-osx-x86_64-snowleopard, r-release-windows-ix86+x86_64, r-oldrel-windows-ix86+x86_64

Version: 1.1
Check: Rd cross-references
Result: NOTE
    Package unavailable to check Rd xrefs: 'MHadaptive'
Flavor: r-release-osx-x86_64-snowleopard