CRAN Package Check Results for Package adaptMCMC

Last updated on 2014-10-23 05:46:35.

Flavor Version Tinstall Tcheck Ttotal Status Flags
r-devel-linux-x86_64-debian-clang 1.1 3.14 39.06 42.21 NOTE
r-devel-linux-x86_64-debian-gcc 1.1 3.24 38.19 41.44 NOTE
r-devel-linux-x86_64-fedora-clang 1.1 95.69 NOTE
r-devel-linux-x86_64-fedora-gcc 1.1 98.24 NOTE
r-devel-osx-x86_64-clang 1.1 82.88 NOTE
r-devel-windows-ix86+x86_64 1.1 7.00 54.00 61.00 NOTE
r-patched-linux-x86_64 1.1 3.34 40.81 44.15 NOTE
r-patched-solaris-sparc 1.1 560.50 NOTE
r-patched-solaris-x86 1.1 146.90 NOTE
r-release-linux-ix86 1.1 4.04 49.35 53.39 NOTE
r-release-linux-x86_64 1.1 3.32 41.25 44.57 NOTE
r-release-osx-x86_64-mavericks 1.1 NOTE
r-release-osx-x86_64-snowleopard 1.1 NOTE
r-release-windows-ix86+x86_64 1.1 8.00 55.00 63.00 NOTE
r-oldrel-windows-ix86+x86_64 1.1 9.00 53.00 62.00 NOTE

Check Details

Version: 1.1
Check: dependencies in R code
Result: NOTE
    'library' or 'require' calls to packages already attached by Depends:
     ‘Matrix’ ‘parallel’
     Please remove these calls from your code.
    See the information on DESCRIPTION files in the chapter ‘Creating R
    packages’ of the ‘Writing R Extensions’ manual.
Flavors: r-devel-linux-x86_64-debian-clang, r-devel-linux-x86_64-debian-gcc, r-devel-linux-x86_64-fedora-clang, r-devel-linux-x86_64-fedora-gcc, r-devel-osx-x86_64-clang, r-devel-windows-ix86+x86_64, r-patched-linux-x86_64, r-patched-solaris-sparc, r-patched-solaris-x86, r-release-linux-ix86, r-release-linux-x86_64, r-release-osx-x86_64-mavericks, r-release-osx-x86_64-snowleopard, r-release-windows-ix86+x86_64, r-oldrel-windows-ix86+x86_64

Version: 1.1
Check: Rd cross-references
Result: NOTE
    Package unavailable to check Rd xrefs: 'MHadaptive'
Flavor: r-release-osx-x86_64-snowleopard