CRAN Package Check Results for Package adaptMCMC

Last updated on 2015-07-05 22:47:17.

Flavor Version Tinstall Tcheck Ttotal Status Flags
r-devel-linux-x86_64-debian-clang 1.1 2.65 32.96 35.61 NOTE
r-devel-linux-x86_64-debian-gcc 1.1 2.45 33.50 35.95 NOTE
r-devel-linux-x86_64-fedora-clang 1.1 68.21 NOTE
r-devel-linux-x86_64-fedora-gcc 1.1 65.61 NOTE
r-devel-osx-x86_64-clang 1.1 59.17 NOTE
r-devel-windows-ix86+x86_64 1.1 11.00 76.00 87.00 NOTE
r-patched-linux-x86_64 1.1 2.50 32.53 35.03 NOTE
r-patched-solaris-sparc 1.1 475.60 NOTE
r-patched-solaris-x86 1.1 105.80 NOTE
r-release-linux-x86_64 1.1 2.44 32.68 35.12 NOTE
r-release-osx-x86_64-mavericks 1.1 NOTE
r-release-windows-ix86+x86_64 1.1 9.00 70.00 79.00 NOTE
r-oldrel-windows-ix86+x86_64 1.1 12.00 63.00 75.00 NOTE

Check Details

Version: 1.1
Check: dependencies in R code
Result: NOTE
    'library' or 'require' calls to packages already attached by Depends:
     ‘Matrix’ ‘parallel’
     Please remove these calls from your code.
Flavors: r-devel-linux-x86_64-debian-clang, r-devel-linux-x86_64-debian-gcc, r-devel-linux-x86_64-fedora-clang, r-devel-linux-x86_64-fedora-gcc, r-devel-osx-x86_64-clang, r-devel-windows-ix86+x86_64, r-patched-linux-x86_64, r-patched-solaris-sparc, r-patched-solaris-x86, r-release-linux-x86_64, r-release-osx-x86_64-mavericks, r-release-windows-ix86+x86_64, r-oldrel-windows-ix86+x86_64

Version: 1.1
Check: R code for possible problems
Result: NOTE
    MCMC: no visible global function definition for ‘txtProgressBar’
    MCMC: no visible global function definition for ‘setTxtProgressBar’
    MCMC: no visible global function definition for ‘rnorm’
    MCMC: no visible global function definition for ‘runif’
    Undefined global functions or variables:
     rnorm runif setTxtProgressBar txtProgressBar
Flavors: r-devel-linux-x86_64-debian-clang, r-devel-linux-x86_64-debian-gcc, r-devel-linux-x86_64-fedora-clang, r-devel-linux-x86_64-fedora-gcc, r-devel-windows-ix86+x86_64