CRAN Package Check Results for Package adaptMCMC

Last updated on 2015-05-30 03:48:31.

Flavor Version Tinstall Tcheck Ttotal Status Flags
r-devel-linux-x86_64-debian-clang 1.1 2.76 33.47 36.22 NOTE
r-devel-linux-x86_64-debian-gcc 1.1 2.47 34.96 37.43 NOTE
r-devel-linux-x86_64-fedora-clang 1.1 75.76 NOTE
r-devel-linux-x86_64-fedora-gcc 1.1 67.48 NOTE
r-devel-osx-x86_64-clang 1.1 61.45 NOTE
r-devel-windows-ix86+x86_64 1.1 7.00 49.00 56.00 NOTE
r-patched-linux-x86_64 1.1 2.82 33.48 36.30 NOTE
r-patched-solaris-sparc 1.1 475.60 NOTE
r-patched-solaris-x86 1.1 109.50 NOTE
r-release-linux-x86_64 1.1 3.61 33.96 37.58 NOTE
r-release-osx-x86_64-mavericks 1.1 NOTE
r-release-osx-x86_64-snowleopard 1.1 NOTE
r-release-windows-ix86+x86_64 1.1 7.00 44.00 51.00 NOTE
r-oldrel-windows-ix86+x86_64 1.1 9.00 82.00 91.00 NOTE

Check Details

Version: 1.1
Check: dependencies in R code
Result: NOTE
    'library' or 'require' calls to packages already attached by Depends:
     ‘Matrix’ ‘parallel’
     Please remove these calls from your code.
Flavors: r-devel-linux-x86_64-debian-clang, r-devel-linux-x86_64-debian-gcc, r-devel-linux-x86_64-fedora-clang, r-devel-linux-x86_64-fedora-gcc, r-devel-osx-x86_64-clang, r-devel-windows-ix86+x86_64, r-patched-linux-x86_64, r-patched-solaris-sparc, r-patched-solaris-x86, r-release-linux-x86_64, r-release-osx-x86_64-mavericks, r-release-osx-x86_64-snowleopard, r-release-windows-ix86+x86_64, r-oldrel-windows-ix86+x86_64