CRAN Package Check Results for Package adaptMCMC

Last updated on 2016-08-27 23:48:00.

Flavor Version Tinstall Tcheck Ttotal Status Flags
r-devel-linux-x86_64-debian-clang 1.1 2.70 32.32 35.02 NOTE
r-devel-linux-x86_64-debian-gcc 1.1 2.55 32.13 34.68 NOTE
r-devel-linux-x86_64-fedora-clang 1.1 65.39 NOTE
r-devel-linux-x86_64-fedora-gcc 1.1 66.32 NOTE
r-devel-osx-x86_64-clang 1.1 50.95 NOTE
r-devel-windows-ix86+x86_64 1.1 10.00 58.00 68.00 NOTE
r-patched-linux-x86_64 1.1 2.41 31.20 33.62 NOTE
r-patched-solaris-sparc 1.1 404.00 NOTE
r-patched-solaris-x86 1.1 95.60 NOTE
r-release-linux-x86_64 1.1 2.48 32.10 34.59 NOTE
r-release-osx-x86_64-mavericks 1.1 NOTE
r-release-windows-ix86+x86_64 1.1 8.00 79.00 87.00 NOTE
r-oldrel-windows-ix86+x86_64 1.1 7.00 75.00 82.00 NOTE

Check Details

Version: 1.1
Check: dependencies in R code
Result: NOTE
    'library' or 'require' calls to packages already attached by Depends:
     ‘Matrix’ ‘parallel’
     Please remove these calls from your code.
Flavors: r-devel-linux-x86_64-debian-clang, r-devel-linux-x86_64-debian-gcc, r-devel-linux-x86_64-fedora-clang, r-devel-linux-x86_64-fedora-gcc, r-devel-osx-x86_64-clang, r-devel-windows-ix86+x86_64, r-patched-linux-x86_64, r-patched-solaris-sparc, r-patched-solaris-x86, r-release-linux-x86_64, r-release-osx-x86_64-mavericks, r-release-windows-ix86+x86_64, r-oldrel-windows-ix86+x86_64

Version: 1.1
Check: R code for possible problems
Result: NOTE
    MCMC: no visible global function definition for ‘txtProgressBar’
    MCMC: no visible global function definition for ‘setTxtProgressBar’
    MCMC: no visible global function definition for ‘rnorm’
    MCMC: no visible global function definition for ‘runif’
    Undefined global functions or variables:
     rnorm runif setTxtProgressBar txtProgressBar
    Consider adding
     importFrom("stats", "rnorm", "runif")
     importFrom("utils", "setTxtProgressBar", "txtProgressBar")
    to your NAMESPACE file.
Flavors: r-devel-linux-x86_64-debian-clang, r-devel-linux-x86_64-debian-gcc, r-devel-linux-x86_64-fedora-clang, r-devel-linux-x86_64-fedora-gcc, r-devel-osx-x86_64-clang, r-devel-windows-ix86+x86_64, r-patched-linux-x86_64, r-patched-solaris-sparc, r-patched-solaris-x86, r-release-linux-x86_64, r-release-osx-x86_64-mavericks, r-release-windows-ix86+x86_64