CRAN Package Check Results for Package adaptMCMC

Last updated on 2016-09-30 09:47:56.

Flavor Version Tinstall Tcheck Ttotal Status Flags
r-devel-linux-x86_64-debian-clang 1.1 2.21 30.33 32.54 NOTE
r-devel-linux-x86_64-debian-gcc 1.1 2.08 29.16 31.24 NOTE
r-devel-linux-x86_64-fedora-clang 1.1 71.61 NOTE
r-devel-linux-x86_64-fedora-gcc 1.1 59.43 NOTE
r-devel-macos-x86_64-clang 1.1 46.57 NOTE
r-devel-windows-ix86+x86_64 1.1 5.00 65.00 70.00 NOTE
r-patched-linux-x86_64 1.1 2.15 28.98 31.13 NOTE
r-patched-solaris-sparc 1.1 404.00 NOTE
r-patched-solaris-x86 1.1 95.90 NOTE
r-release-linux-x86_64 1.1 2.08 28.90 30.97 NOTE
r-release-osx-x86_64-mavericks 1.1 NOTE
r-release-windows-ix86+x86_64 1.1 6.00 78.00 84.00 NOTE
r-oldrel-windows-ix86+x86_64 1.1 10.00 68.00 78.00 NOTE

Check Details

Version: 1.1
Check: dependencies in R code
Result: NOTE
    'library' or 'require' calls to packages already attached by Depends:
     ‘Matrix’ ‘parallel’
     Please remove these calls from your code.
Flavors: r-devel-linux-x86_64-debian-clang, r-devel-linux-x86_64-debian-gcc, r-devel-linux-x86_64-fedora-clang, r-devel-linux-x86_64-fedora-gcc, r-devel-macos-x86_64-clang, r-devel-windows-ix86+x86_64, r-patched-linux-x86_64, r-patched-solaris-sparc, r-patched-solaris-x86, r-release-linux-x86_64, r-release-osx-x86_64-mavericks, r-release-windows-ix86+x86_64, r-oldrel-windows-ix86+x86_64

Version: 1.1
Check: R code for possible problems
Result: NOTE
    MCMC: no visible global function definition for ‘txtProgressBar’
    MCMC: no visible global function definition for ‘setTxtProgressBar’
    MCMC: no visible global function definition for ‘rnorm’
    MCMC: no visible global function definition for ‘runif’
    Undefined global functions or variables:
     rnorm runif setTxtProgressBar txtProgressBar
    Consider adding
     importFrom("stats", "rnorm", "runif")
     importFrom("utils", "setTxtProgressBar", "txtProgressBar")
    to your NAMESPACE file.
Flavors: r-devel-linux-x86_64-debian-clang, r-devel-linux-x86_64-debian-gcc, r-devel-linux-x86_64-fedora-clang, r-devel-linux-x86_64-fedora-gcc, r-devel-macos-x86_64-clang, r-devel-windows-ix86+x86_64, r-patched-linux-x86_64, r-patched-solaris-sparc, r-patched-solaris-x86, r-release-linux-x86_64, r-release-osx-x86_64-mavericks, r-release-windows-ix86+x86_64