CRAN Package Check Results for Package adaptMCMC

Last updated on 2016-12-02 18:47:23.

Flavor Version Tinstall Tcheck Ttotal Status Flags
r-devel-linux-x86_64-debian-clang 1.1 2.33 31.96 34.30 NOTE
r-devel-linux-x86_64-debian-gcc 1.1 2.35 31.98 34.33 NOTE
r-devel-linux-x86_64-fedora-clang 1.1 73.10 NOTE
r-devel-linux-x86_64-fedora-gcc 1.1 70.86 NOTE
r-devel-macos-x86_64-clang 1.1 54.96 NOTE
r-devel-windows-ix86+x86_64 1.1 7.00 74.00 81.00 NOTE
r-patched-linux-x86_64 1.1 2.18 27.91 30.10 NOTE
r-patched-solaris-sparc 1.1 404.00 NOTE
r-patched-solaris-x86 1.1 95.80 NOTE
r-release-linux-x86_64 1.1 2.03 27.47 29.50 NOTE
r-release-osx-x86_64-mavericks 1.1 NOTE
r-release-windows-ix86+x86_64 1.1 8.00 68.00 76.00 NOTE
r-oldrel-windows-ix86+x86_64 1.1 10.00 52.00 62.00 NOTE

Check Details

Version: 1.1
Check: dependencies in R code
Result: NOTE
    'library' or 'require' calls to packages already attached by Depends:
     ‘Matrix’ ‘parallel’
     Please remove these calls from your code.
Flavors: r-devel-linux-x86_64-debian-clang, r-devel-linux-x86_64-debian-gcc, r-devel-linux-x86_64-fedora-clang, r-devel-linux-x86_64-fedora-gcc, r-devel-macos-x86_64-clang, r-devel-windows-ix86+x86_64, r-patched-linux-x86_64, r-patched-solaris-sparc, r-patched-solaris-x86, r-release-linux-x86_64, r-release-osx-x86_64-mavericks, r-release-windows-ix86+x86_64, r-oldrel-windows-ix86+x86_64

Version: 1.1
Check: R code for possible problems
Result: NOTE
    MCMC: no visible global function definition for ‘txtProgressBar’
    MCMC: no visible global function definition for ‘setTxtProgressBar’
    MCMC: no visible global function definition for ‘rnorm’
    MCMC: no visible global function definition for ‘runif’
    Undefined global functions or variables:
     rnorm runif setTxtProgressBar txtProgressBar
    Consider adding
     importFrom("stats", "rnorm", "runif")
     importFrom("utils", "setTxtProgressBar", "txtProgressBar")
    to your NAMESPACE file.
Flavors: r-devel-linux-x86_64-debian-clang, r-devel-linux-x86_64-debian-gcc, r-devel-linux-x86_64-fedora-clang, r-devel-linux-x86_64-fedora-gcc, r-devel-macos-x86_64-clang, r-devel-windows-ix86+x86_64, r-patched-linux-x86_64, r-patched-solaris-sparc, r-patched-solaris-x86, r-release-linux-x86_64, r-release-osx-x86_64-mavericks, r-release-windows-ix86+x86_64