CRAN Package Check Results for Package adaptMCMC

Last updated on 2014-09-22 11:56:18.

Flavor Version Tinstall Tcheck Ttotal Status Flags
r-devel-linux-x86_64-debian-clang 1.1 3.09 38.20 41.29 NOTE
r-devel-linux-x86_64-debian-gcc 1.1 4.02 38.00 42.02 NOTE
r-devel-linux-x86_64-fedora-clang 1.1 94.22 NOTE
r-devel-linux-x86_64-fedora-gcc 1.1 91.06 NOTE
r-devel-osx-x86_64-clang 1.1 78.09 NOTE
r-devel-windows-ix86+x86_64 1.1 10.00 51.00 61.00 NOTE
r-patched-linux-x86_64 1.1 3.48 40.73 44.22 NOTE
r-patched-solaris-sparc 1.1 560.50 NOTE
r-patched-solaris-x86 1.1 145.50 NOTE
r-release-linux-ix86 1.1 3.95 48.93 52.88 NOTE
r-release-linux-x86_64 1.1 3.30 40.36 43.66 NOTE
r-release-osx-x86_64-mavericks 1.1 NOTE
r-release-osx-x86_64-snowleopard 1.1 NOTE
r-release-windows-ix86+x86_64 1.1 9.00 56.00 65.00 NOTE
r-oldrel-windows-ix86+x86_64 1.1 9.00 50.00 59.00 NOTE

Check Details

Version: 1.1
Check: dependencies in R code
Result: NOTE
    'library' or 'require' calls to packages already attached by Depends:
     ‘Matrix’ ‘parallel’
     Please remove these calls from your code.
    See the information on DESCRIPTION files in the chapter ‘Creating R
    packages’ of the ‘Writing R Extensions’ manual.
Flavors: r-devel-linux-x86_64-debian-clang, r-devel-linux-x86_64-debian-gcc, r-devel-linux-x86_64-fedora-clang, r-devel-linux-x86_64-fedora-gcc, r-devel-osx-x86_64-clang, r-devel-windows-ix86+x86_64, r-patched-linux-x86_64, r-patched-solaris-sparc, r-patched-solaris-x86, r-release-linux-ix86, r-release-linux-x86_64, r-release-osx-x86_64-mavericks, r-release-osx-x86_64-snowleopard, r-release-windows-ix86+x86_64, r-oldrel-windows-ix86+x86_64

Version: 1.1
Check: Rd cross-references
Result: NOTE
    Package unavailable to check Rd xrefs: 'MHadaptive'
Flavor: r-release-osx-x86_64-snowleopard