CRAN Package Check Results for Package adaptMCMC

Last updated on 2015-08-01 03:48:44.

Flavor Version Tinstall Tcheck Ttotal Status Flags
r-devel-linux-x86_64-debian-clang 1.1 2.68 33.21 35.89 NOTE
r-devel-linux-x86_64-debian-gcc 1.1 2.46 32.09 34.55 NOTE
r-devel-linux-x86_64-fedora-clang 1.1 71.64 NOTE
r-devel-linux-x86_64-fedora-gcc 1.1 65.82 NOTE
r-devel-osx-x86_64-clang 1.1 58.39 NOTE
r-devel-windows-ix86+x86_64 1.1 10.00 67.00 77.00 NOTE
r-patched-linux-x86_64 1.1 2.51 33.02 35.54 NOTE
r-patched-solaris-sparc 1.1 451.70 NOTE
r-patched-solaris-x86 1.1 107.10 NOTE
r-release-linux-x86_64 1.1 2.74 32.83 35.58 NOTE
r-release-osx-x86_64-mavericks 1.1 NOTE
r-release-windows-ix86+x86_64 1.1 8.00 71.00 79.00 NOTE
r-oldrel-windows-ix86+x86_64 1.1 8.00 66.00 74.00 NOTE

Check Details

Version: 1.1
Check: dependencies in R code
Result: NOTE
    'library' or 'require' calls to packages already attached by Depends:
     ‘Matrix’ ‘parallel’
     Please remove these calls from your code.
Flavors: r-devel-linux-x86_64-debian-clang, r-devel-linux-x86_64-debian-gcc, r-devel-linux-x86_64-fedora-clang, r-devel-linux-x86_64-fedora-gcc, r-devel-osx-x86_64-clang, r-devel-windows-ix86+x86_64, r-patched-linux-x86_64, r-patched-solaris-sparc, r-patched-solaris-x86, r-release-linux-x86_64, r-release-osx-x86_64-mavericks, r-release-windows-ix86+x86_64, r-oldrel-windows-ix86+x86_64

Version: 1.1
Check: R code for possible problems
Result: NOTE
    MCMC: no visible global function definition for ‘txtProgressBar’
    MCMC: no visible global function definition for ‘setTxtProgressBar’
    MCMC: no visible global function definition for ‘rnorm’
    MCMC: no visible global function definition for ‘runif’
    Undefined global functions or variables:
     rnorm runif setTxtProgressBar txtProgressBar
    Consider adding
     importFrom("stats", "rnorm", "runif")
     importFrom("utils", "setTxtProgressBar", "txtProgressBar")
    to your NAMESPACE.
Flavors: r-devel-linux-x86_64-debian-clang, r-devel-linux-x86_64-debian-gcc, r-devel-linux-x86_64-fedora-clang, r-devel-linux-x86_64-fedora-gcc, r-devel-windows-ix86+x86_64