CRAN Package Check Results for Package adaptMCMC

Last updated on 2015-09-04 19:47:15.

Flavor Version Tinstall Tcheck Ttotal Status Flags
r-devel-linux-x86_64-debian-clang 1.1 2.41 32.46 34.87 NOTE
r-devel-linux-x86_64-debian-gcc 1.1 3.18 32.10 35.29 NOTE
r-devel-linux-x86_64-fedora-clang 1.1 65.86 NOTE
r-devel-linux-x86_64-fedora-gcc 1.1 63.56 NOTE
r-devel-osx-x86_64-clang 1.1 52.23 NOTE
r-devel-windows-ix86+x86_64 1.1 7.00 78.00 85.00 NOTE
r-patched-linux-x86_64 1.1 2.57 33.20 35.78 NOTE
r-patched-solaris-sparc 1.1 451.70 NOTE
r-patched-solaris-x86 1.1 108.40 NOTE
r-release-linux-x86_64 1.1 2.54 33.34 35.88 NOTE
r-release-osx-x86_64-mavericks 1.1 NOTE
r-release-windows-ix86+x86_64 1.1 10.00 56.00 66.00 NOTE
r-oldrel-windows-ix86+x86_64 1.1 9.00 69.00 78.00 NOTE

Check Details

Version: 1.1
Check: dependencies in R code
Result: NOTE
    'library' or 'require' calls to packages already attached by Depends:
     ‘Matrix’ ‘parallel’
     Please remove these calls from your code.
Flavors: r-devel-linux-x86_64-debian-clang, r-devel-linux-x86_64-debian-gcc, r-devel-linux-x86_64-fedora-clang, r-devel-linux-x86_64-fedora-gcc, r-devel-osx-x86_64-clang, r-devel-windows-ix86+x86_64, r-patched-linux-x86_64, r-patched-solaris-sparc, r-patched-solaris-x86, r-release-linux-x86_64, r-release-osx-x86_64-mavericks, r-release-windows-ix86+x86_64, r-oldrel-windows-ix86+x86_64

Version: 1.1
Check: R code for possible problems
Result: NOTE
    MCMC: no visible global function definition for ‘txtProgressBar’
    MCMC: no visible global function definition for ‘setTxtProgressBar’
    MCMC: no visible global function definition for ‘rnorm’
    MCMC: no visible global function definition for ‘runif’
    Undefined global functions or variables:
     rnorm runif setTxtProgressBar txtProgressBar
    Consider adding
     importFrom("stats", "rnorm", "runif")
     importFrom("utils", "setTxtProgressBar", "txtProgressBar")
    to your NAMESPACE.
Flavors: r-devel-linux-x86_64-debian-clang, r-devel-linux-x86_64-debian-gcc, r-devel-linux-x86_64-fedora-clang, r-devel-linux-x86_64-fedora-gcc, r-devel-windows-ix86+x86_64