CRAN Package Check Results for Package adaptMCMC

Last updated on 2015-03-01 03:48:27.

Flavor Version Tinstall Tcheck Ttotal Status Flags
r-devel-linux-x86_64-debian-clang 1.1 3.12 34.15 37.27 NOTE
r-devel-linux-x86_64-debian-gcc 1.1 2.47 32.88 35.36 NOTE
r-devel-linux-x86_64-fedora-clang 1.1 73.19 NOTE
r-devel-linux-x86_64-fedora-gcc 1.1 66.78 NOTE
r-devel-osx-x86_64-clang 1.1 63.66 NOTE
r-devel-windows-ix86+x86_64 1.1 10.00 52.00 62.00 NOTE
r-patched-linux-x86_64 1.1 3.30 40.79 44.09 NOTE
r-patched-solaris-sparc 1.1 615.20 NOTE
r-patched-solaris-x86 1.1 146.00 NOTE
r-release-linux-ix86 1.1 3.76 48.29 52.05 NOTE
r-release-linux-x86_64 1.1 3.32 41.00 44.33 NOTE
r-release-osx-x86_64-mavericks 1.1 NOTE
r-release-osx-x86_64-snowleopard 1.1 NOTE
r-release-windows-ix86+x86_64 1.1 10.00 58.00 68.00 NOTE
r-oldrel-windows-ix86+x86_64 1.1 9.00 62.00 71.00 NOTE

Check Details

Version: 1.1
Check: dependencies in R code
Result: NOTE
    'library' or 'require' calls to packages already attached by Depends:
     ‘Matrix’ ‘parallel’
     Please remove these calls from your code.
Flavors: r-devel-linux-x86_64-debian-clang, r-devel-linux-x86_64-debian-gcc, r-devel-linux-x86_64-fedora-clang, r-devel-linux-x86_64-fedora-gcc, r-devel-osx-x86_64-clang, r-devel-windows-ix86+x86_64, r-patched-linux-x86_64, r-patched-solaris-x86

Version: 1.1
Check: dependencies in R code
Result: NOTE
    'library' or 'require' calls to packages already attached by Depends:
     ‘Matrix’ ‘parallel’
     Please remove these calls from your code.
    See the information on DESCRIPTION files in the chapter ‘Creating R
    packages’ of the ‘Writing R Extensions’ manual.
Flavors: r-patched-solaris-sparc, r-release-linux-ix86, r-release-linux-x86_64, r-release-osx-x86_64-mavericks, r-release-osx-x86_64-snowleopard, r-release-windows-ix86+x86_64, r-oldrel-windows-ix86+x86_64

Version: 1.1
Check: Rd cross-references
Result: NOTE
    Package unavailable to check Rd xrefs: 'MHadaptive'
Flavor: r-release-osx-x86_64-snowleopard