CRAN Package Check Results for Package adaptMCMC

Last updated on 2017-05-30 08:48:28.

Flavor Version Tinstall Tcheck Ttotal Status Flags
r-devel-linux-x86_64-debian-clang 1.1 2.49 32.03 34.52 NOTE
r-devel-linux-x86_64-debian-gcc 1.1 2.44 31.52 33.97 NOTE
r-devel-linux-x86_64-fedora-clang 1.1 75.49 NOTE
r-devel-linux-x86_64-fedora-gcc 1.1 72.08 NOTE
r-devel-windows-ix86+x86_64 1.1 7.00 101.00 108.00 NOTE
r-patched-linux-x86_64 1.1 2.32 32.00 34.32 NOTE
r-patched-solaris-sparc 1.1 470.10 NOTE
r-patched-solaris-x86 1.1 117.60 NOTE
r-release-linux-x86_64 1.1 2.54 32.99 35.52 NOTE
r-release-windows-ix86+x86_64 1.1 10.00 62.00 72.00 NOTE
r-release-osx-x86_64 1.1 NOTE
r-oldrel-windows-ix86+x86_64 1.1 5.00 52.00 57.00 NOTE
r-oldrel-osx-x86_64 1.1 NOTE

Check Details

Version: 1.1
Check: dependencies in R code
Result: NOTE
    'library' or 'require' calls to packages already attached by Depends:
     ‘Matrix’ ‘parallel’
     Please remove these calls from your code.
Flavors: r-devel-linux-x86_64-debian-clang, r-devel-linux-x86_64-debian-gcc, r-devel-linux-x86_64-fedora-clang, r-devel-linux-x86_64-fedora-gcc, r-devel-windows-ix86+x86_64, r-patched-linux-x86_64, r-patched-solaris-sparc, r-patched-solaris-x86, r-release-linux-x86_64, r-release-windows-ix86+x86_64, r-release-osx-x86_64, r-oldrel-windows-ix86+x86_64, r-oldrel-osx-x86_64

Version: 1.1
Check: R code for possible problems
Result: NOTE
    MCMC: no visible global function definition for ‘txtProgressBar’
    MCMC: no visible global function definition for ‘setTxtProgressBar’
    MCMC: no visible global function definition for ‘rnorm’
    MCMC: no visible global function definition for ‘runif’
    Undefined global functions or variables:
     rnorm runif setTxtProgressBar txtProgressBar
    Consider adding
     importFrom("stats", "rnorm", "runif")
     importFrom("utils", "setTxtProgressBar", "txtProgressBar")
    to your NAMESPACE file.
Flavors: r-devel-linux-x86_64-debian-clang, r-devel-linux-x86_64-debian-gcc, r-devel-linux-x86_64-fedora-clang, r-devel-linux-x86_64-fedora-gcc, r-devel-windows-ix86+x86_64, r-patched-linux-x86_64, r-patched-solaris-sparc, r-patched-solaris-x86, r-release-linux-x86_64, r-release-windows-ix86+x86_64, r-release-osx-x86_64, r-oldrel-windows-ix86+x86_64, r-oldrel-osx-x86_64