CRAN Package Check Results for Package adaptMCMC

Last updated on 2017-04-26 03:47:57.

Flavor Version Tinstall Tcheck Ttotal Status Flags
r-devel-linux-x86_64-debian-clang 1.1 2.25 32.14 34.39 NOTE
r-devel-linux-x86_64-debian-gcc 1.1 2.40 32.11 34.51 NOTE
r-devel-linux-x86_64-fedora-clang 1.1 75.67 NOTE --no-stop-on-test-error
r-devel-linux-x86_64-fedora-gcc 1.1 72.58 NOTE --no-stop-on-test-error
r-devel-windows-ix86+x86_64 1.1 9.00 61.00 70.00 NOTE
r-patched-linux-x86_64 1.1 2.50 32.42 34.92 NOTE
r-patched-solaris-sparc 1.1 470.10 NOTE
r-patched-solaris-x86 1.1 118.10 NOTE
r-release-linux-x86_64 1.1 2.32 32.54 34.86 NOTE
r-release-windows-ix86+x86_64 1.1 9.00 70.00 79.00 NOTE
r-release-osx-x86_64 1.1 NOTE
r-oldrel-windows-ix86+x86_64 1.1 6.00 71.00 77.00 NOTE
r-oldrel-osx-x86_64 1.1 NOTE

Check Details

Version: 1.1
Check: dependencies in R code
Result: NOTE
    'library' or 'require' calls to packages already attached by Depends:
     ‘Matrix’ ‘parallel’
     Please remove these calls from your code.
Flavors: r-devel-linux-x86_64-debian-clang, r-devel-linux-x86_64-debian-gcc, r-devel-windows-ix86+x86_64, r-patched-linux-x86_64, r-patched-solaris-sparc, r-patched-solaris-x86, r-release-linux-x86_64, r-release-windows-ix86+x86_64, r-release-osx-x86_64, r-oldrel-windows-ix86+x86_64, r-oldrel-osx-x86_64

Version: 1.1
Check: R code for possible problems
Result: NOTE
    MCMC: no visible global function definition for ‘txtProgressBar’
    MCMC: no visible global function definition for ‘setTxtProgressBar’
    MCMC: no visible global function definition for ‘rnorm’
    MCMC: no visible global function definition for ‘runif’
    Undefined global functions or variables:
     rnorm runif setTxtProgressBar txtProgressBar
    Consider adding
     importFrom("stats", "rnorm", "runif")
     importFrom("utils", "setTxtProgressBar", "txtProgressBar")
    to your NAMESPACE file.
Flavors: r-devel-linux-x86_64-debian-clang, r-devel-linux-x86_64-debian-gcc, r-devel-windows-ix86+x86_64, r-patched-linux-x86_64, r-patched-solaris-sparc, r-patched-solaris-x86, r-release-linux-x86_64, r-release-windows-ix86+x86_64, r-release-osx-x86_64, r-oldrel-windows-ix86+x86_64, r-oldrel-osx-x86_64

Version: 1.1
Flags: --no-stop-on-test-error
Check: dependencies in R code
Result: NOTE
    'library' or 'require' calls to packages already attached by Depends:
     ‘Matrix’ ‘parallel’
     Please remove these calls from your code.
Flavors: r-devel-linux-x86_64-fedora-clang, r-devel-linux-x86_64-fedora-gcc

Version: 1.1
Flags: --no-stop-on-test-error
Check: R code for possible problems
Result: NOTE
    MCMC: no visible global function definition for ‘txtProgressBar’
    MCMC: no visible global function definition for ‘setTxtProgressBar’
    MCMC: no visible global function definition for ‘rnorm’
    MCMC: no visible global function definition for ‘runif’
    Undefined global functions or variables:
     rnorm runif setTxtProgressBar txtProgressBar
    Consider adding
     importFrom("stats", "rnorm", "runif")
     importFrom("utils", "setTxtProgressBar", "txtProgressBar")
    to your NAMESPACE file.
Flavors: r-devel-linux-x86_64-fedora-clang, r-devel-linux-x86_64-fedora-gcc