CRAN Package Check Results for Package adaptMCMC

Last updated on 2014-12-18 11:50:00.

Flavor Version Tinstall Tcheck Ttotal Status Flags
r-devel-linux-x86_64-debian-clang 1.1 3.35 39.03 42.38 NOTE
r-devel-linux-x86_64-debian-gcc 1.1 3.03 38.65 41.68 NOTE
r-devel-linux-x86_64-fedora-clang 1.1 99.32 NOTE
r-devel-linux-x86_64-fedora-gcc 1.1 88.71 NOTE
r-devel-osx-x86_64-clang 1.1 83.13 NOTE
r-devel-windows-ix86+x86_64 1.1 10.00 56.00 66.00 NOTE
r-patched-linux-x86_64 1.1 3.28 40.13 43.42 NOTE
r-patched-solaris-sparc 1.1 560.50 NOTE
r-patched-solaris-x86 1.1 146.50 NOTE
r-release-linux-ix86 1.1 3.73 47.88 51.61 NOTE
r-release-linux-x86_64 1.1 3.33 39.78 43.11 NOTE
r-release-osx-x86_64-mavericks 1.1 NOTE
r-release-osx-x86_64-snowleopard 1.1 NOTE
r-release-windows-ix86+x86_64 1.1 8.00 58.00 66.00 NOTE
r-oldrel-windows-ix86+x86_64 1.1 9.00 52.00 61.00 NOTE

Check Details

Version: 1.1
Check: dependencies in R code
Result: NOTE
    'library' or 'require' calls to packages already attached by Depends:
     ‘Matrix’ ‘parallel’
     Please remove these calls from your code.
    See the information on DESCRIPTION files in the chapter ‘Creating R
    packages’ of the ‘Writing R Extensions’ manual.
Flavors: r-devel-linux-x86_64-debian-clang, r-devel-linux-x86_64-debian-gcc, r-devel-linux-x86_64-fedora-clang, r-devel-linux-x86_64-fedora-gcc, r-devel-osx-x86_64-clang, r-devel-windows-ix86+x86_64, r-patched-linux-x86_64, r-patched-solaris-sparc, r-patched-solaris-x86, r-release-linux-ix86, r-release-linux-x86_64, r-release-osx-x86_64-mavericks, r-release-osx-x86_64-snowleopard, r-release-windows-ix86+x86_64, r-oldrel-windows-ix86+x86_64

Version: 1.1
Check: Rd cross-references
Result: NOTE
    Package unavailable to check Rd xrefs: 'MHadaptive'
Flavor: r-release-osx-x86_64-snowleopard