CRAN Package Check Results for Package adaptMCMC

Last updated on 2015-04-27 08:48:03.

Flavor Version Tinstall Tcheck Ttotal Status Flags
r-devel-linux-x86_64-debian-clang 1.1 2.70 34.49 37.18 NOTE
r-devel-linux-x86_64-debian-gcc 1.1 2.63 33.80 36.43 NOTE
r-devel-linux-x86_64-fedora-clang 1.1 72.74 NOTE
r-devel-linux-x86_64-fedora-gcc 1.1 66.81 NOTE
r-devel-osx-x86_64-clang 1.1 62.26 NOTE
r-devel-windows-ix86+x86_64 1.1 8.00 69.00 77.00 NOTE
r-patched-linux-x86_64 1.1 2.59 33.39 35.98 NOTE
r-patched-solaris-sparc 1.1 456.50 NOTE
r-patched-solaris-x86 1.1 107.20 NOTE
r-release-linux-x86_64 1.1 2.50 33.01 35.51 NOTE
r-release-osx-x86_64-mavericks 1.1 NOTE
r-release-osx-x86_64-snowleopard 1.1 NOTE
r-release-windows-ix86+x86_64 1.1 7.00 48.00 55.00 NOTE
r-oldrel-windows-ix86+x86_64 1.1 9.00 63.00 72.00 NOTE

Check Details

Version: 1.1
Check: dependencies in R code
Result: NOTE
    'library' or 'require' calls to packages already attached by Depends:
     ‘Matrix’ ‘parallel’
     Please remove these calls from your code.
Flavors: r-devel-linux-x86_64-debian-clang, r-devel-linux-x86_64-debian-gcc, r-devel-linux-x86_64-fedora-clang, r-devel-linux-x86_64-fedora-gcc, r-devel-osx-x86_64-clang, r-devel-windows-ix86+x86_64, r-patched-solaris-sparc, r-patched-solaris-x86, r-release-osx-x86_64-mavericks, r-release-osx-x86_64-snowleopard, r-release-windows-ix86+x86_64, r-oldrel-windows-ix86+x86_64