CRAN Package Check Results for Package adaptMCMC

Last updated on 2014-04-24 09:48:56.

Flavor Version Tinstall Tcheck Ttotal Status Flags
r-devel-linux-x86_64-debian-clang 1.1 3.47 41.70 45.17 NOTE
r-devel-linux-x86_64-debian-gcc 1.1 3.54 41.72 45.26 NOTE
r-devel-linux-x86_64-fedora-clang 1.1 97.70 NOTE
r-devel-linux-x86_64-fedora-gcc 1.1 94.85 NOTE
r-devel-osx-x86_64-clang 1.1 75.32 NOTE
r-devel-osx-x86_64-gcc 1.1 NOTE
r-devel-windows-ix86+x86_64 1.1 8.00 55.00 63.00 NOTE
r-patched-linux-x86_64 1.1 3.38 40.51 43.89 NOTE
r-patched-solaris-sparc 1.1 557.60 NOTE
r-patched-solaris-x86 1.1 145.60 NOTE
r-release-linux-ix86 1.1 5.00 66.00 71.00 NOTE
r-release-linux-x86_64 1.1 3.69 29.02 32.71 NOTE
r-release-osx-x86_64-mavericks 1.1 WARN
r-release-osx-x86_64-snowleopard 1.1 NOTE
r-release-windows-ix86+x86_64 1.1 8.00 58.00 66.00 NOTE
r-oldrel-windows-ix86+x86_64 1.1 8.00 53.00 61.00 NOTE

Check Details

Version: 1.1
Check: dependencies in R code
Result: NOTE
    'library' or 'require' calls to packages already attached by Depends:
     ‘Matrix’ ‘parallel’
     Please remove these calls from your code.
    See the information on DESCRIPTION files in the chapter ‘Creating R
    packages’ of the ‘Writing R Extensions’ manual.
Flavors: r-devel-linux-x86_64-debian-clang, r-devel-linux-x86_64-debian-gcc, r-devel-linux-x86_64-fedora-clang, r-devel-linux-x86_64-fedora-gcc, r-devel-osx-x86_64-clang, r-devel-osx-x86_64-gcc, r-devel-windows-ix86+x86_64, r-patched-linux-x86_64, r-patched-solaris-sparc, r-patched-solaris-x86, r-release-linux-ix86, r-release-linux-x86_64, r-release-osx-x86_64-mavericks, r-release-osx-x86_64-snowleopard, r-release-windows-ix86+x86_64, r-oldrel-windows-ix86+x86_64

Version: 1.1
Check: Rd cross-references
Result: NOTE
    Package unavailable to check Rd xrefs: ‘MHadaptive’
Flavors: r-devel-osx-x86_64-gcc, r-release-osx-x86_64-snowleopard

Version: 1.1
Check: PDF version of manual
Result: WARNING
    LaTeX errors when creating PDF version.
    This typically indicates Rd problems.
    LaTeX errors found:
    ! LaTeX Error: File `upquote.sty' not found.
    
    Type X to quit or <RETURN> to proceed,
    or enter new name. (Default extension: sty)
    
    7bf0e6c8/Rd2.tex:8: ==> Fatal error occurred, no output PDF file produced!
Flavor: r-release-osx-x86_64-mavericks