CRAN Package Check Results for Package adaptMCMC

Last updated on 2017-02-20 22:58:41.

Flavor Version Tinstall Tcheck Ttotal Status Flags
r-devel-linux-x86_64-debian-clang 1.1 2.22 32.51 34.73 NOTE
r-devel-linux-x86_64-debian-gcc 1.1 2.27 32.61 34.88 NOTE
r-devel-linux-x86_64-fedora-clang 1.1 74.95 NOTE --no-stop-on-test-error
r-devel-linux-x86_64-fedora-gcc 1.1 74.06 NOTE --no-stop-on-test-error
r-devel-macos-x86_64-clang 1.1 56.38 NOTE --no-stop-on-test-error
r-devel-windows-ix86+x86_64 1.1 7.00 81.00 88.00 NOTE
r-patched-linux-x86_64 1.1 2.41 28.50 30.91 NOTE
r-patched-solaris-sparc 1.1 412.40 NOTE
r-patched-solaris-x86 1.1 104.00 NOTE
r-release-linux-x86_64 1.1 2.08 28.08 30.16 NOTE
r-release-osx-x86_64-mavericks 1.1 NOTE
r-release-windows-ix86+x86_64 1.1 9.00 72.00 81.00 NOTE
r-oldrel-windows-ix86+x86_64 1.1 6.00 72.00 78.00 NOTE

Check Details

Version: 1.1
Check: dependencies in R code
Result: NOTE
    'library' or 'require' calls to packages already attached by Depends:
     ‘Matrix’ ‘parallel’
     Please remove these calls from your code.
Flavors: r-devel-linux-x86_64-debian-clang, r-devel-linux-x86_64-debian-gcc, r-devel-windows-ix86+x86_64, r-patched-linux-x86_64, r-patched-solaris-sparc, r-patched-solaris-x86, r-release-linux-x86_64, r-release-osx-x86_64-mavericks, r-release-windows-ix86+x86_64, r-oldrel-windows-ix86+x86_64

Version: 1.1
Check: R code for possible problems
Result: NOTE
    MCMC: no visible global function definition for ‘txtProgressBar’
    MCMC: no visible global function definition for ‘setTxtProgressBar’
    MCMC: no visible global function definition for ‘rnorm’
    MCMC: no visible global function definition for ‘runif’
    Undefined global functions or variables:
     rnorm runif setTxtProgressBar txtProgressBar
    Consider adding
     importFrom("stats", "rnorm", "runif")
     importFrom("utils", "setTxtProgressBar", "txtProgressBar")
    to your NAMESPACE file.
Flavors: r-devel-linux-x86_64-debian-clang, r-devel-linux-x86_64-debian-gcc, r-devel-windows-ix86+x86_64, r-patched-linux-x86_64, r-patched-solaris-sparc, r-patched-solaris-x86, r-release-linux-x86_64, r-release-osx-x86_64-mavericks, r-release-windows-ix86+x86_64

Version: 1.1
Flags: --no-stop-on-test-error
Check: dependencies in R code
Result: NOTE
    'library' or 'require' calls to packages already attached by Depends:
     ‘Matrix’ ‘parallel’
     Please remove these calls from your code.
Flavors: r-devel-linux-x86_64-fedora-clang, r-devel-linux-x86_64-fedora-gcc, r-devel-macos-x86_64-clang

Version: 1.1
Flags: --no-stop-on-test-error
Check: R code for possible problems
Result: NOTE
    MCMC: no visible global function definition for ‘txtProgressBar’
    MCMC: no visible global function definition for ‘setTxtProgressBar’
    MCMC: no visible global function definition for ‘rnorm’
    MCMC: no visible global function definition for ‘runif’
    Undefined global functions or variables:
     rnorm runif setTxtProgressBar txtProgressBar
    Consider adding
     importFrom("stats", "rnorm", "runif")
     importFrom("utils", "setTxtProgressBar", "txtProgressBar")
    to your NAMESPACE file.
Flavors: r-devel-linux-x86_64-fedora-clang, r-devel-linux-x86_64-fedora-gcc, r-devel-macos-x86_64-clang