CRAN Package Check Results for Package adaptTest

Last updated on 2015-09-01 03:48:46.

Flavor Version Tinstall Tcheck Ttotal Status Flags
r-devel-linux-x86_64-debian-clang 1.0 0.74 18.82 19.56 NOTE
r-devel-linux-x86_64-debian-gcc 1.0 0.72 18.46 19.18 NOTE
r-devel-linux-x86_64-fedora-clang 1.0 36.25 NOTE
r-devel-linux-x86_64-fedora-gcc 1.0 34.37 NOTE
r-devel-osx-x86_64-clang 1.0 30.39 NOTE
r-devel-windows-ix86+x86_64 1.0 6.00 48.00 54.00 NOTE
r-patched-linux-x86_64 1.0 0.77 18.83 19.60 NOTE
r-patched-solaris-sparc 1.0 239.30 NOTE
r-patched-solaris-x86 1.0 47.90 NOTE
r-release-linux-x86_64 1.0 0.84 18.80 19.64 NOTE
r-release-osx-x86_64-mavericks 1.0 NOTE
r-release-windows-ix86+x86_64 1.0 5.00 33.00 38.00 NOTE
r-oldrel-windows-ix86+x86_64 1.0 6.00 37.00 43.00 NOTE

Check Details

Version: 1.0
Check: dependencies in R code
Result: NOTE
    Package in Depends field not imported from: ‘lattice’
     These packages need to be imported from (in the NAMESPACE file)
     for when this namespace is loaded but not attached.
Flavors: r-devel-linux-x86_64-debian-clang, r-devel-linux-x86_64-debian-gcc, r-devel-linux-x86_64-fedora-clang, r-devel-linux-x86_64-fedora-gcc, r-devel-osx-x86_64-clang, r-devel-windows-ix86+x86_64, r-patched-linux-x86_64, r-patched-solaris-sparc, r-patched-solaris-x86, r-release-linux-x86_64, r-release-osx-x86_64-mavericks, r-release-windows-ix86+x86_64, r-oldrel-windows-ix86+x86_64

Version: 1.0
Check: R code for possible problems
Result: NOTE
    a0a1a2.a.l : <anonymous>: no visible global function definition for
     ‘pnorm’
    a0a1a2.a.l : <anonymous>: no visible global function definition for
     ‘qnorm’
    a2.c.b: no visible global function definition for ‘qchisq’
    a2.c.l: no visible global function definition for ‘qnorm’
    a2.c.v: no visible global function definition for ‘uniroot’
    aa0.a1a2.b: no visible global function definition for ‘uniroot’
    aa0.a1a2.l: no visible global function definition for ‘uniroot’
    aa0.a1a2.v: no visible global function definition for ‘uniroot’
    aa0a1.a2.b: no visible global function definition for ‘uniroot’
    aa0a1.a2.l: no visible global function definition for ‘uniroot’
    aa0a1.a2.v: no visible global function definition for ‘uniroot’
    aa0a2.a1.b: no visible global function definition for ‘uniroot’
    aa0a2.a1.l: no visible global function definition for ‘uniroot’
    aa0a2.a1.v: no visible global function definition for ‘uniroot’
    aa1a2.a0.b: no visible global function definition for ‘uniroot’
    aa1a2.a0.l: no visible global function definition for ‘uniroot’
    aa1a2.a0.v: no visible global function definition for ‘uniroot’
    c.a2.b: no visible global function definition for ‘pchisq’
    c.a2.l: no visible global function definition for ‘pnorm’
    c.cef.l : result: no visible global function definition for ‘pnorm’
    c.cef.l : result: no visible global function definition for ‘qnorm’
    distort.pl: no visible global function definition for ‘uniroot’
    int.decr: no visible global function definition for ‘integrate’
    ov.p.grid: no visible global function definition for ‘cloud’
    ov.p.grid: no visible global function definition for ‘wireframe’
    p1p2.c.l: no visible global function definition for ‘qnorm’
    p1p2.c.v: no visible global function definition for ‘uniroot’
    plotBounds: no visible global function definition for ‘plot’
    plotBounds: no visible global function definition for ‘lines’
    plotCEF: no visible global function definition for ‘plot’
    plotCEF: no visible global function definition for ‘points’
    plotCEF: no visible global function definition for ‘text’
    Undefined global functions or variables:
     cloud integrate lines pchisq plot pnorm points qchisq qnorm text
     uniroot wireframe
    Consider adding
     importFrom("graphics", "lines", "plot", "points", "text")
     importFrom("stats", "integrate", "pchisq", "pnorm", "qchisq", "qnorm",
     "uniroot")
    to your NAMESPACE.
Flavors: r-devel-linux-x86_64-debian-clang, r-devel-linux-x86_64-debian-gcc, r-devel-linux-x86_64-fedora-clang, r-devel-linux-x86_64-fedora-gcc, r-devel-windows-ix86+x86_64

Version: 1.0
Check: Rd line widths
Result: NOTE
    Rd file 'getpar.Rd':
     \examples lines wider than 100 characters:
     ## Plot the conditional error function of the Lehmacher-Wassmer (1999) type that runs through (p1,p2)=(0.3,0.7)
    
    Rd file 'parconv.Rd':
     \examples lines wider than 100 characters:
     ## Obtain the parameter c for Fisher's combination test, using the local level 0.05 for the test after the second stage
    
    Rd file 'pathCEF.Rd':
     \examples lines wider than 100 characters:
     ## Compare the tests by Bauer and Koehne (1994), Lehmacher and Wassmer (1999) and Vandemeulebroecke (2006)
    
    Rd file 'tsT.Rd':
     \examples lines wider than 100 characters:
     ## An example of non-uniqueness: the maximal alpha1 is returned; any smaller value would also be valid
    
    These lines will be truncated in the PDF manual.
Flavors: r-devel-linux-x86_64-debian-clang, r-devel-linux-x86_64-debian-gcc, r-devel-linux-x86_64-fedora-clang, r-devel-linux-x86_64-fedora-gcc, r-patched-linux-x86_64, r-release-linux-x86_64

Version: 1.0
Check: R code for possible problems
Result: NOTE
    ov.p.grid: no visible global function definition for ‘cloud’
    ov.p.grid: no visible global function definition for ‘wireframe’
    Undefined global functions or variables:
     cloud wireframe
Flavor: r-devel-osx-x86_64-clang

Version: 1.0
Check: R code for possible problems
Result: NOTE
    ov.p.grid: no visible global function definition for ‘cloud’
    ov.p.grid: no visible global function definition for ‘wireframe’
Flavors: r-patched-linux-x86_64, r-patched-solaris-sparc, r-patched-solaris-x86, r-release-linux-x86_64, r-release-osx-x86_64-mavericks, r-release-windows-ix86+x86_64, r-oldrel-windows-ix86+x86_64