CRAN Package Check Results for Package adaptTest

Last updated on 2014-07-26 10:48:21.

Flavor Version Tinstall Tcheck Ttotal Status Flags
r-devel-linux-x86_64-debian-clang 1.0 0.79 20.51 21.30 NOTE
r-devel-linux-x86_64-debian-gcc 1.0 0.78 19.98 20.75 NOTE
r-devel-linux-x86_64-fedora-clang 1.0 42.38 NOTE
r-devel-linux-x86_64-fedora-gcc 1.0 38.59 NOTE
r-devel-osx-x86_64-clang 1.0 37.72 NOTE
r-devel-windows-ix86+x86_64 1.0 3.00 31.00 34.00 NOTE
r-patched-linux-x86_64 1.0 0.79 19.72 20.51 NOTE
r-patched-solaris-sparc 1.0 230.60 NOTE
r-patched-solaris-x86 1.0 52.50 NOTE
r-release-linux-ix86 1.0 1.12 27.66 28.78 NOTE
r-release-linux-x86_64 1.0 0.83 20.23 21.06 NOTE
r-release-osx-x86_64-mavericks 1.0 NOTE
r-release-windows-ix86+x86_64 1.0 3.00 29.00 32.00 NOTE
r-oldrel-windows-ix86+x86_64 1.0 3.00 29.00 32.00 NOTE

Check Details

Version: 1.0
Check: dependencies in R code
Result: NOTE
    Package in Depends field not imported from: ‘lattice’
     These packages need to be imported from (in the NAMESPACE file)
     for when this namespace is loaded but not attached.
    See the information on DESCRIPTION files in the chapter ‘Creating R
    packages’ of the ‘Writing R Extensions’ manual.
Flavors: r-devel-linux-x86_64-debian-clang, r-devel-linux-x86_64-debian-gcc, r-devel-linux-x86_64-fedora-clang, r-devel-linux-x86_64-fedora-gcc, r-devel-osx-x86_64-clang, r-devel-windows-ix86+x86_64, r-patched-linux-x86_64, r-patched-solaris-sparc, r-patched-solaris-x86, r-release-linux-ix86, r-release-linux-x86_64, r-release-osx-x86_64-mavericks, r-release-windows-ix86+x86_64, r-oldrel-windows-ix86+x86_64

Version: 1.0
Check: Rd line widths
Result: NOTE
    Rd file 'getpar.Rd':
     \examples lines wider than 100 characters:
     ## Plot the conditional error function of the Lehmacher-Wassmer (1999) type that runs through (p1,p2)=(0.3,0.7)
    
    Rd file 'parconv.Rd':
     \examples lines wider than 100 characters:
     ## Obtain the parameter c for Fisher's combination test, using the local level 0.05 for the test after the second stage
    
    Rd file 'pathCEF.Rd':
     \examples lines wider than 100 characters:
     ## Compare the tests by Bauer and Koehne (1994), Lehmacher and Wassmer (1999) and Vandemeulebroecke (2006)
    
    Rd file 'tsT.Rd':
     \examples lines wider than 100 characters:
     ## An example of non-uniqueness: the maximal alpha1 is returned; any smaller value would also be valid
    
    These lines will be truncated in the PDF manual.
Flavors: r-devel-linux-x86_64-fedora-clang, r-devel-linux-x86_64-fedora-gcc