CRAN Package Check Results for Package adaptTest

Last updated on 2014-10-31 06:47:12.

Flavor Version Tinstall Tcheck Ttotal Status Flags
r-devel-linux-x86_64-debian-clang 1.0 0.80 20.10 20.90 NOTE
r-devel-linux-x86_64-debian-gcc 1.0 0.84 19.72 20.56 NOTE
r-devel-linux-x86_64-fedora-clang 1.0 40.15 NOTE
r-devel-linux-x86_64-fedora-gcc 1.0 41.23 NOTE
r-devel-osx-x86_64-clang 1.0 38.65 NOTE
r-devel-windows-ix86+x86_64 1.0 3.00 28.00 31.00 NOTE
r-patched-linux-x86_64 1.0 1.07 21.52 22.58 NOTE
r-patched-solaris-sparc 1.0 229.60 NOTE
r-patched-solaris-x86 1.0 54.90 NOTE
r-release-linux-ix86 1.0 1.15 26.14 27.29 NOTE
r-release-linux-x86_64 1.0 0.81 21.15 21.96 NOTE
r-release-osx-x86_64-mavericks 1.0 NOTE
r-release-windows-ix86+x86_64 1.0 3.00 33.00 36.00 NOTE
r-oldrel-windows-ix86+x86_64 1.0 3.00 32.00 35.00 NOTE

Check Details

Version: 1.0
Check: dependencies in R code
Result: NOTE
    Package in Depends field not imported from: ‘lattice’
     These packages need to be imported from (in the NAMESPACE file)
     for when this namespace is loaded but not attached.
    See the information on DESCRIPTION files in the chapter ‘Creating R
    packages’ of the ‘Writing R Extensions’ manual.
Flavors: r-devel-linux-x86_64-debian-clang, r-devel-linux-x86_64-debian-gcc, r-devel-linux-x86_64-fedora-clang, r-devel-linux-x86_64-fedora-gcc, r-devel-osx-x86_64-clang, r-devel-windows-ix86+x86_64, r-patched-linux-x86_64, r-patched-solaris-sparc, r-patched-solaris-x86, r-release-linux-ix86, r-release-linux-x86_64, r-release-osx-x86_64-mavericks, r-release-windows-ix86+x86_64, r-oldrel-windows-ix86+x86_64

Version: 1.0
Check: R code for possible problems
Result: NOTE
    ov.p.grid: no visible global function definition for ‘cloud’
    ov.p.grid: no visible global function definition for ‘wireframe’
Flavors: r-devel-linux-x86_64-debian-clang, r-devel-linux-x86_64-debian-gcc, r-devel-linux-x86_64-fedora-clang, r-devel-linux-x86_64-fedora-gcc, r-devel-osx-x86_64-clang, r-devel-windows-ix86+x86_64, r-patched-linux-x86_64, r-patched-solaris-sparc, r-patched-solaris-x86

Version: 1.0
Check: Rd line widths
Result: NOTE
    Rd file 'getpar.Rd':
     \examples lines wider than 100 characters:
     ## Plot the conditional error function of the Lehmacher-Wassmer (1999) type that runs through (p1,p2)=(0.3,0.7)
    
    Rd file 'parconv.Rd':
     \examples lines wider than 100 characters:
     ## Obtain the parameter c for Fisher's combination test, using the local level 0.05 for the test after the second stage
    
    Rd file 'pathCEF.Rd':
     \examples lines wider than 100 characters:
     ## Compare the tests by Bauer and Koehne (1994), Lehmacher and Wassmer (1999) and Vandemeulebroecke (2006)
    
    Rd file 'tsT.Rd':
     \examples lines wider than 100 characters:
     ## An example of non-uniqueness: the maximal alpha1 is returned; any smaller value would also be valid
    
    These lines will be truncated in the PDF manual.
Flavors: r-devel-linux-x86_64-debian-clang, r-devel-linux-x86_64-debian-gcc, r-devel-linux-x86_64-fedora-clang, r-devel-linux-x86_64-fedora-gcc, r-patched-linux-x86_64, r-release-linux-x86_64