CRAN Package Check Results for Package adaptTest

Last updated on 2015-05-25 08:48:18.

Flavor Version Tinstall Tcheck Ttotal Status Flags
r-devel-linux-x86_64-debian-clang 1.0 0.80 19.43 20.24 NOTE
r-devel-linux-x86_64-debian-gcc 1.0 0.75 19.07 19.82 NOTE
r-devel-linux-x86_64-fedora-clang 1.0 37.81 NOTE
r-devel-linux-x86_64-fedora-gcc 1.0 36.92 NOTE
r-devel-osx-x86_64-clang 1.0 36.04 NOTE
r-devel-windows-ix86+x86_64 1.0 3.00 32.00 35.00 NOTE
r-patched-linux-x86_64 1.0 0.88 18.86 19.74 NOTE
r-patched-solaris-sparc 1.0 232.10 NOTE
r-patched-solaris-x86 1.0 48.80 NOTE
r-release-linux-x86_64 1.0 0.78 18.68 19.46 NOTE
r-release-osx-x86_64-mavericks 1.0 NOTE
r-release-osx-x86_64-snowleopard 1.0 NOTE
r-release-windows-ix86+x86_64 1.0 3.00 33.00 36.00 NOTE
r-oldrel-windows-ix86+x86_64 1.0 4.00 53.00 57.00 NOTE

Check Details

Version: 1.0
Check: dependencies in R code
Result: NOTE
    Package in Depends field not imported from: ‘lattice’
     These packages need to be imported from (in the NAMESPACE file)
     for when this namespace is loaded but not attached.
Flavors: r-devel-linux-x86_64-debian-clang, r-devel-linux-x86_64-debian-gcc, r-devel-linux-x86_64-fedora-clang, r-devel-linux-x86_64-fedora-gcc, r-devel-osx-x86_64-clang, r-devel-windows-ix86+x86_64, r-patched-linux-x86_64, r-patched-solaris-sparc, r-patched-solaris-x86, r-release-linux-x86_64, r-release-osx-x86_64-mavericks, r-release-osx-x86_64-snowleopard, r-release-windows-ix86+x86_64, r-oldrel-windows-ix86+x86_64

Version: 1.0
Check: R code for possible problems
Result: NOTE
    ov.p.grid: no visible global function definition for ‘cloud’
    ov.p.grid: no visible global function definition for ‘wireframe’
Flavors: r-devel-linux-x86_64-debian-clang, r-devel-linux-x86_64-debian-gcc, r-devel-linux-x86_64-fedora-clang, r-devel-linux-x86_64-fedora-gcc, r-devel-osx-x86_64-clang, r-devel-windows-ix86+x86_64, r-patched-linux-x86_64, r-patched-solaris-sparc, r-patched-solaris-x86, r-release-linux-x86_64, r-release-osx-x86_64-mavericks, r-release-osx-x86_64-snowleopard, r-release-windows-ix86+x86_64, r-oldrel-windows-ix86+x86_64

Version: 1.0
Check: Rd line widths
Result: NOTE
    Rd file 'getpar.Rd':
     \examples lines wider than 100 characters:
     ## Plot the conditional error function of the Lehmacher-Wassmer (1999) type that runs through (p1,p2)=(0.3,0.7)
    
    Rd file 'parconv.Rd':
     \examples lines wider than 100 characters:
     ## Obtain the parameter c for Fisher's combination test, using the local level 0.05 for the test after the second stage
    
    Rd file 'pathCEF.Rd':
     \examples lines wider than 100 characters:
     ## Compare the tests by Bauer and Koehne (1994), Lehmacher and Wassmer (1999) and Vandemeulebroecke (2006)
    
    Rd file 'tsT.Rd':
     \examples lines wider than 100 characters:
     ## An example of non-uniqueness: the maximal alpha1 is returned; any smaller value would also be valid
    
    These lines will be truncated in the PDF manual.
Flavors: r-devel-linux-x86_64-debian-clang, r-devel-linux-x86_64-debian-gcc, r-devel-linux-x86_64-fedora-clang, r-devel-linux-x86_64-fedora-gcc, r-patched-linux-x86_64, r-release-linux-x86_64