CRAN Package Check Results for Package adaptTest

Last updated on 2014-04-24 23:47:58.

Flavor Version Tinstall Tcheck Ttotal Status Flags
r-devel-linux-x86_64-debian-clang 1.0 0.86 20.64 21.51 NOTE
r-devel-linux-x86_64-debian-gcc 1.0 0.84 21.22 22.05 NOTE
r-devel-linux-x86_64-fedora-clang 1.0 41.46 NOTE
r-devel-linux-x86_64-fedora-gcc 1.0 38.76 NOTE
r-devel-osx-x86_64-clang 1.0 34.91 NOTE
r-devel-osx-x86_64-gcc 1.0 NOTE
r-devel-windows-ix86+x86_64 1.0 3.00 32.00 35.00 NOTE
r-patched-linux-x86_64 1.0 0.97 22.45 23.42 NOTE
r-patched-solaris-sparc 1.0 230.60 NOTE
r-patched-solaris-x86 1.0 52.60 NOTE
r-release-linux-ix86 1.0 1.00 35.00 36.00 NOTE
r-release-linux-x86_64 1.0 0.84 20.65 21.49 NOTE
r-release-osx-x86_64-mavericks 1.0 WARN
r-release-windows-ix86+x86_64 1.0 3.00 33.00 36.00 NOTE
r-oldrel-windows-ix86+x86_64 1.0 3.00 28.00 31.00 NOTE

Check Details

Version: 1.0
Check: dependencies in R code
Result: NOTE
    Package in Depends field not imported from: ‘lattice’
     These packages need to be imported from (in the NAMESPACE file)
     for when this namespace is loaded but not attached.
    See the information on DESCRIPTION files in the chapter ‘Creating R
    packages’ of the ‘Writing R Extensions’ manual.
Flavors: r-devel-linux-x86_64-debian-clang, r-devel-linux-x86_64-debian-gcc, r-devel-linux-x86_64-fedora-clang, r-devel-linux-x86_64-fedora-gcc, r-devel-osx-x86_64-clang, r-devel-osx-x86_64-gcc, r-devel-windows-ix86+x86_64, r-patched-linux-x86_64, r-patched-solaris-sparc, r-patched-solaris-x86, r-release-linux-ix86, r-release-linux-x86_64, r-release-osx-x86_64-mavericks, r-release-windows-ix86+x86_64, r-oldrel-windows-ix86+x86_64

Version: 1.0
Check: Rd line widths
Result: NOTE
    Rd file 'getpar.Rd':
     \examples lines wider than 100 characters:
     ## Plot the conditional error function of the Lehmacher-Wassmer (1999) type that runs through (p1,p2)=(0.3,0.7)
    
    Rd file 'parconv.Rd':
     \examples lines wider than 100 characters:
     ## Obtain the parameter c for Fisher's combination test, using the local level 0.05 for the test after the second stage
    
    Rd file 'pathCEF.Rd':
     \examples lines wider than 100 characters:
     ## Compare the tests by Bauer and Koehne (1994), Lehmacher and Wassmer (1999) and Vandemeulebroecke (2006)
    
    Rd file 'tsT.Rd':
     \examples lines wider than 100 characters:
     ## An example of non-uniqueness: the maximal alpha1 is returned; any smaller value would also be valid
    
    These lines will be truncated in the PDF manual.
Flavors: r-devel-linux-x86_64-fedora-clang, r-devel-linux-x86_64-fedora-gcc

Version: 1.0
Check: PDF version of manual
Result: WARNING
    LaTeX errors when creating PDF version.
    This typically indicates Rd problems.
    LaTeX errors found:
    ! LaTeX Error: File `upquote.sty' not found.
    
    Type X to quit or <RETURN> to proceed,
    or enter new name. (Default extension: sty)
    
    198eacd6/Rd2.tex:8: ==> Fatal error occurred, no output PDF file produced!
Flavor: r-release-osx-x86_64-mavericks