CRAN Package Check Results for Package adaptiveGPCA

Last updated on 2019-07-21 21:46:49 CEST.

Flavor Version Tinstall Tcheck Ttotal Status Flags
r-devel-linux-x86_64-debian-clang 0.1.2 20.23 224.31 244.54 OK
r-devel-linux-x86_64-debian-gcc 0.1.2 18.09 175.57 193.66 OK
r-devel-linux-x86_64-fedora-clang 0.1.2 292.90 OK
r-devel-linux-x86_64-fedora-gcc 0.1.2 288.24 OK
r-devel-windows-ix86+x86_64 0.1.2 39.00 202.00 241.00 OK
r-patched-linux-x86_64 0.1.2 21.55 218.84 240.39 OK
r-patched-solaris-x86 0.1.2 485.30 OK
r-release-linux-x86_64 0.1.2 21.08 222.24 243.32 OK
r-release-windows-ix86+x86_64 0.1.2 37.00 207.00 244.00 OK
r-release-osx-x86_64 0.1.2 ERROR
r-oldrel-windows-ix86+x86_64 0.1.2 41.00 294.00 335.00 OK
r-oldrel-osx-x86_64 0.1.2 OK

Check Details

Version: 0.1.2
Check: package dependencies
Result: ERROR
    Package required but not available: ‘phyloseq’
    
    See section ‘The DESCRIPTION file’ in the ‘Writing R Extensions’
    manual.
Flavor: r-release-osx-x86_64