CRAN Package Check Results for Package adaptivetau

Last updated on 2018-07-16 06:46:38 CEST.

Flavor Version Tinstall Tcheck Ttotal Status Flags
r-devel-linux-x86_64-debian-clang 2.2-1 4.83 20.50 25.33 NOTE
r-devel-linux-x86_64-debian-gcc 2.2-1 4.40 18.37 22.77 NOTE
r-devel-linux-x86_64-fedora-clang 2.2-1 36.14 NOTE
r-devel-linux-x86_64-fedora-gcc 2.2-1 35.42 NOTE
r-devel-windows-ix86+x86_64 2.2-1 21.00 52.00 73.00 OK
r-patched-linux-x86_64 2.2-1 6.51 22.13 28.64 NOTE
r-patched-solaris-x86 2.2-1 53.40 OK
r-release-linux-x86_64 2.2-1 6.32 21.85 28.17 NOTE
r-release-windows-ix86+x86_64 2.2-1 22.00 50.00 72.00 OK
r-release-osx-x86_64 2.2-1 OK
r-oldrel-windows-ix86+x86_64 2.2-1 15.00 48.00 63.00 OK
r-oldrel-osx-x86_64 2.2-1 OK

Check Details

Version: 2.2-1
Check: compiled code
Result: NOTE
    File ‘adaptivetau/libs/adaptivetau.so’:
     Found no calls to: ‘R_registerRoutines’, ‘R_useDynamicSymbols’
    
    It is good practice to register native routines and to disable symbol
    search.
    
    See ‘Writing portable packages’ in the ‘Writing R Extensions’ manual.
Flavors: r-devel-linux-x86_64-debian-clang, r-devel-linux-x86_64-debian-gcc, r-devel-linux-x86_64-fedora-clang, r-devel-linux-x86_64-fedora-gcc, r-patched-linux-x86_64, r-release-linux-x86_64