CRAN Package Check Results for Package adaptivetau

Last updated on 2017-04-26 03:47:57.

Flavor Version Tinstall Tcheck Ttotal Status Flags
r-devel-linux-x86_64-debian-clang 2.2-1 3.48 14.32 17.80 NOTE
r-devel-linux-x86_64-debian-gcc 2.2-1 4.36 14.14 18.50 NOTE
r-devel-linux-x86_64-fedora-clang 2.2-1 31.27 NOTE --no-stop-on-test-error
r-devel-linux-x86_64-fedora-gcc 2.2-1 31.23 NOTE --no-stop-on-test-error
r-devel-windows-ix86+x86_64 2.2-1 23.00 48.00 71.00 OK
r-patched-linux-x86_64 2.2-1 4.10 14.57 18.67 NOTE
r-patched-solaris-sparc 2.2-1 187.20 OK
r-patched-solaris-x86 2.2-1 46.70 OK
r-release-linux-x86_64 2.2-1 5.94 14.42 20.36 NOTE
r-release-windows-ix86+x86_64 2.2-1 14.00 46.00 60.00 OK
r-release-osx-x86_64 2.2-1 OK
r-oldrel-windows-ix86+x86_64 2.2-1 14.00 36.00 50.00 OK
r-oldrel-osx-x86_64 2.2-1 OK

Check Details

Version: 2.2-1
Check: compiled code
Result: NOTE
    File ‘adaptivetau/libs/adaptivetau.so’:
     Found no calls to: ‘R_registerRoutines’, ‘R_useDynamicSymbols’
    
    It is good practice to register native routines and to disable symbol
    search.
    
    See ‘Writing portable packages’ in the ‘Writing R Extensions’ manual.
Flavors: r-devel-linux-x86_64-debian-clang, r-devel-linux-x86_64-debian-gcc, r-patched-linux-x86_64, r-release-linux-x86_64

Version: 2.2-1
Flags: --no-stop-on-test-error
Check: compiled code
Result: NOTE
    File ‘adaptivetau/libs/adaptivetau.so’:
     Found no calls to: ‘R_registerRoutines’, ‘R_useDynamicSymbols’
    
    It is good practice to register native routines and to disable symbol
    search.
    
    See ‘Writing portable packages’ in the ‘Writing R Extensions’ manual.
Flavors: r-devel-linux-x86_64-fedora-clang, r-devel-linux-x86_64-fedora-gcc