CRAN Package Check Results for Package adaptivetau

Last updated on 2017-10-24 10:47:39.

Flavor Version Tinstall Tcheck Ttotal Status Flags
r-devel-linux-x86_64-debian-clang 2.2-1 3.27 14.32 17.59 NOTE
r-devel-linux-x86_64-debian-gcc 2.2-1 4.48 14.84 19.32 NOTE
r-devel-linux-x86_64-fedora-clang 2.2-1 31.74 NOTE
r-devel-linux-x86_64-fedora-gcc 2.2-1 32.34 NOTE
r-devel-windows-ix86+x86_64 2.2-1 22.00 44.00 66.00 OK
r-patched-linux-x86_64 2.2-1 4.31 14.52 18.83 NOTE
r-patched-solaris-x86 2.2-1 49.40 OK
r-release-linux-x86_64 2.2-1 4.43 14.20 18.63 NOTE
r-release-windows-ix86+x86_64 2.2-1 15.00 48.00 63.00 OK
r-release-osx-x86_64 2.2-1 OK
r-oldrel-windows-ix86+x86_64 2.2-1 14.00 36.00 50.00 OK
r-oldrel-osx-x86_64 2.2-1 OK

Additional issues

rchk

Check Details

Version: 2.2-1
Check: compiled code
Result: NOTE
    File ‘adaptivetau/libs/adaptivetau.so’:
     Found no calls to: ‘R_registerRoutines’, ‘R_useDynamicSymbols’
    
    It is good practice to register native routines and to disable symbol
    search.
    
    See ‘Writing portable packages’ in the ‘Writing R Extensions’ manual.
Flavors: r-devel-linux-x86_64-debian-clang, r-devel-linux-x86_64-debian-gcc, r-devel-linux-x86_64-fedora-clang, r-devel-linux-x86_64-fedora-gcc, r-patched-linux-x86_64, r-release-linux-x86_64