CRAN Package Check Results for Package adaptivetau

Last updated on 2017-02-21 15:50:08.

Flavor Version Tinstall Tcheck Ttotal Status Flags
r-devel-linux-x86_64-debian-clang 2.2-1 3.18 14.57 17.75 NOTE
r-devel-linux-x86_64-debian-gcc 2.2-1 4.63 14.71 19.34 NOTE
r-devel-linux-x86_64-fedora-clang 2.2-1 30.63 NOTE --no-stop-on-test-error
r-devel-linux-x86_64-fedora-gcc 2.2-1 32.20 NOTE --no-stop-on-test-error
r-devel-macos-x86_64-clang 2.2-1 26.98 NOTE --no-stop-on-test-error
r-devel-windows-ix86+x86_64 2.2-1 14.00 63.00 77.00 OK
r-patched-linux-x86_64 2.2-1 4.13 12.21 16.34 OK
r-patched-solaris-sparc 2.2-1 149.60 OK
r-patched-solaris-x86 2.2-1 40.10 OK
r-release-linux-x86_64 2.2-1 3.98 12.29 16.26 OK
r-release-osx-x86_64-mavericks 2.2-1 OK
r-release-windows-ix86+x86_64 2.2-1 14.00 36.00 50.00 OK
r-oldrel-windows-ix86+x86_64 2.2-1 12.00 40.00 52.00 OK

Check Details

Version: 2.2-1
Check: compiled code
Result: NOTE
    File ‘adaptivetau/libs/adaptivetau.so’:
     Found no calls to: ‘R_registerRoutines’, ‘R_useDynamicSymbols’
    
    It is good practice to register native routines and to disable symbol
    search.
    
    See ‘Writing portable packages’ in the ‘Writing R Extensions’ manual.
Flavors: r-devel-linux-x86_64-debian-clang, r-devel-linux-x86_64-debian-gcc

Version: 2.2-1
Flags: --no-stop-on-test-error
Check: compiled code
Result: NOTE
    File ‘adaptivetau/libs/adaptivetau.so’:
     Found no calls to: ‘R_registerRoutines’, ‘R_useDynamicSymbols’
    
    It is good practice to register native routines and to disable symbol
    search.
    
    See ‘Writing portable packages’ in the ‘Writing R Extensions’ manual.
Flavors: r-devel-linux-x86_64-fedora-clang, r-devel-linux-x86_64-fedora-gcc, r-devel-macos-x86_64-clang