CRAN Package Check Results for Package adaptivetau

Last updated on 2017-03-25 15:47:31.

Flavor Version Tinstall Tcheck Ttotal Status Flags
r-devel-linux-x86_64-debian-clang 2.2-1 3.39 14.62 18.01 NOTE
r-devel-linux-x86_64-debian-gcc 2.2-1 4.46 14.18 18.64 NOTE
r-devel-linux-x86_64-fedora-clang 2.2-1 31.81 NOTE --no-stop-on-test-error
r-devel-linux-x86_64-fedora-gcc 2.2-1 35.03 NOTE --no-stop-on-test-error
r-devel-macos-x86_64-clang 2.2-1 25.80 NOTE --no-stop-on-test-error
r-devel-windows-ix86+x86_64 2.2-1 15.00 45.00 60.00 OK
r-patched-linux-x86_64 2.2-1 4.08 14.66 18.75 NOTE
r-patched-solaris-sparc 2.2-1 187.20 OK
r-patched-solaris-x86 2.2-1 46.30 OK
r-release-linux-x86_64 2.2-1 4.06 12.29 16.35 OK
r-release-osx-x86_64-mavericks 2.2-1 OK
r-release-windows-ix86+x86_64 2.2-1 14.00 36.00 50.00 OK
r-oldrel-windows-ix86+x86_64 2.2-1 12.00 40.00 52.00 OK

Check Details

Version: 2.2-1
Check: compiled code
Result: NOTE
    File ‘adaptivetau/libs/adaptivetau.so’:
     Found no calls to: ‘R_registerRoutines’, ‘R_useDynamicSymbols’
    
    It is good practice to register native routines and to disable symbol
    search.
    
    See ‘Writing portable packages’ in the ‘Writing R Extensions’ manual.
Flavors: r-devel-linux-x86_64-debian-clang, r-devel-linux-x86_64-debian-gcc, r-patched-linux-x86_64

Version: 2.2-1
Flags: --no-stop-on-test-error
Check: compiled code
Result: NOTE
    File ‘adaptivetau/libs/adaptivetau.so’:
     Found no calls to: ‘R_registerRoutines’, ‘R_useDynamicSymbols’
    
    It is good practice to register native routines and to disable symbol
    search.
    
    See ‘Writing portable packages’ in the ‘Writing R Extensions’ manual.
Flavors: r-devel-linux-x86_64-fedora-clang, r-devel-linux-x86_64-fedora-gcc, r-devel-macos-x86_64-clang