CRAN Package Check Results for Package adaptsmoFMRI

Last updated on 2014-04-24 07:52:22.

Flavor Version Tinstall Tcheck Ttotal Status Flags
r-devel-linux-x86_64-debian-clang 1.1 4.47 58.21 62.68 NOTE
r-devel-linux-x86_64-debian-gcc 1.1 4.45 58.52 62.97 NOTE
r-devel-linux-x86_64-fedora-clang 1.1 140.63 NOTE
r-devel-linux-x86_64-fedora-gcc 1.1 133.34 NOTE
r-devel-osx-x86_64-clang 1.1 104.44 NOTE
r-devel-osx-x86_64-gcc 1.1 NOTE
r-devel-windows-ix86+x86_64 1.1 12.00 76.00 88.00 NOTE
r-patched-linux-x86_64 1.1 4.24 58.46 62.70 NOTE
r-patched-solaris-sparc 1.1 730.30 NOTE
r-patched-solaris-x86 1.1 187.80 NOTE
r-release-linux-ix86 1.1 6.00 91.00 97.00 NOTE
r-release-linux-x86_64 1.1 4.29 46.20 50.49 NOTE
r-release-osx-x86_64-mavericks 1.1 WARN
r-release-osx-x86_64-snowleopard 1.1 NOTE
r-release-windows-ix86+x86_64 1.1 14.00 81.00 95.00 NOTE
r-oldrel-windows-ix86+x86_64 1.1 13.00 77.00 90.00 NOTE

Check Details

Version: 1.1
Check: package dependencies
Result: NOTE
    Depends: includes the non-default packages:
     ‘Matrix’ ‘coda’ ‘mvtnorm’ ‘MCMCpack’ ‘spatstat’ ‘parallel’
    Adding so many packages to the search path is excessive and importing
    selectively is preferable.
Flavors: r-devel-linux-x86_64-debian-clang, r-devel-linux-x86_64-debian-gcc, r-devel-linux-x86_64-fedora-clang, r-devel-linux-x86_64-fedora-gcc, r-devel-osx-x86_64-clang, r-devel-osx-x86_64-gcc, r-devel-windows-ix86+x86_64, r-patched-linux-x86_64, r-patched-solaris-sparc, r-patched-solaris-x86, r-release-linux-ix86, r-release-linux-x86_64, r-release-osx-x86_64-mavericks, r-release-osx-x86_64-snowleopard, r-release-windows-ix86+x86_64

Version: 1.1
Check: dependencies in R code
Result: NOTE
    'library' or 'require' calls to packages already attached by Depends:
     ‘MCMCpack’ ‘Matrix’ ‘coda’ ‘mvtnorm’ ‘parallel’ ‘spatstat’
     Please remove these calls from your code.
    See the information on DESCRIPTION files in the chapter ‘Creating R
    packages’ of the ‘Writing R Extensions’ manual.
Flavors: r-devel-linux-x86_64-debian-clang, r-devel-linux-x86_64-debian-gcc, r-devel-linux-x86_64-fedora-clang, r-devel-linux-x86_64-fedora-gcc, r-devel-osx-x86_64-clang, r-devel-osx-x86_64-gcc, r-devel-windows-ix86+x86_64, r-patched-linux-x86_64, r-patched-solaris-sparc, r-patched-solaris-x86, r-release-linux-ix86, r-release-linux-x86_64, r-release-osx-x86_64-mavericks, r-release-osx-x86_64-snowleopard, r-release-windows-ix86+x86_64, r-oldrel-windows-ix86+x86_64

Version: 1.1
Check: R code for possible problems
Result: NOTE
    adaptiveGMRF2COVAR: no visible global function definition for
     'mcparallel'
    adaptiveGMRF2COVAR: no visible global function definition for
     'mccollect'
    sim.adaptiveGMRF2COVAR: no visible global function definition for
     'mcparallel'
    sim.adaptiveGMRF2COVAR: no visible global function definition for
     'mccollect'
Flavors: r-devel-windows-ix86+x86_64, r-release-windows-ix86+x86_64, r-oldrel-windows-ix86+x86_64

Version: 1.1
Check: PDF version of manual
Result: WARNING
    LaTeX errors when creating PDF version.
    This typically indicates Rd problems.
    LaTeX errors found:
    ! LaTeX Error: File `upquote.sty' not found.
    
    Type X to quit or <RETURN> to proceed,
    or enter new name. (Default extension: sty)
    
    673d152/Rd2.tex:8: ==> Fatal error occurred, no output PDF file produced!
Flavor: r-release-osx-x86_64-mavericks