CRAN Package Check Results for Package adaptsmoFMRI

Last updated on 2022-01-18 07:52:17 CET.

Flavor Version Tinstall Tcheck Ttotal Status Flags
r-devel-linux-x86_64-debian-clang 1.1 19.15 164.54 183.69 NOTE
r-devel-linux-x86_64-debian-gcc 1.1 19.28 131.04 150.32 NOTE
r-devel-linux-x86_64-fedora-clang 1.1 218.93 NOTE
r-devel-linux-x86_64-fedora-gcc 1.1 207.21 NOTE
r-devel-windows-x86_64-new-UL 1.1 44.00 175.00 219.00 NOTE
r-devel-windows-x86_64-new-TK 1.1 NOTE
r-patched-linux-x86_64 1.1 18.21 157.29 175.50 NOTE
r-release-linux-x86_64 1.1 NOTE
r-release-macos-arm64 1.1 NOTE
r-release-macos-x86_64 1.1 NOTE
r-release-windows-ix86+x86_64 1.1 43.00 177.00 220.00 NOTE
r-oldrel-macos-x86_64 1.1 NOTE
r-oldrel-windows-ix86+x86_64 1.1 45.00 180.00 225.00 NOTE

Check Details

Version: 1.1
Check: package dependencies
Result: NOTE
    Depends: includes the non-default packages:
     'Matrix', 'coda', 'mvtnorm', 'MCMCpack', 'spatstat', 'parallel'
    Adding so many packages to the search path is excessive and importing
    selectively is preferable.
Flavors: r-devel-linux-x86_64-debian-clang, r-devel-linux-x86_64-debian-gcc, r-devel-linux-x86_64-fedora-clang, r-devel-linux-x86_64-fedora-gcc, r-devel-windows-x86_64-new-UL, r-devel-windows-x86_64-new-TK, r-patched-linux-x86_64, r-release-linux-x86_64, r-release-macos-arm64, r-release-macos-x86_64, r-release-windows-ix86+x86_64, r-oldrel-macos-x86_64, r-oldrel-windows-ix86+x86_64

Version: 1.1
Check: dependencies in R code
Result: NOTE
    'library' or 'require' calls to packages already attached by Depends:
     'MCMCpack' 'Matrix' 'coda' 'mvtnorm' 'parallel' 'spatstat'
     Please remove these calls from your code.
Flavors: r-devel-linux-x86_64-debian-clang, r-devel-linux-x86_64-debian-gcc, r-devel-linux-x86_64-fedora-clang, r-devel-linux-x86_64-fedora-gcc, r-devel-windows-x86_64-new-UL, r-devel-windows-x86_64-new-TK, r-patched-linux-x86_64, r-release-linux-x86_64, r-release-macos-arm64, r-release-macos-x86_64, r-release-windows-ix86+x86_64, r-oldrel-macos-x86_64, r-oldrel-windows-ix86+x86_64

Version: 1.1
Check: R code for possible problems
Result: NOTE
    adaptiveGMRF: no visible global function definition for 'as'
    adaptiveGMRF: no visible global function definition for 'rnorm'
    adaptiveGMRF: no visible global function definition for 'rgamma'
    adaptiveGMRF: no visible global function definition for 'runif'
    adaptiveGMRF: no visible global function definition for 'median'
    adaptiveGMRF: no visible binding for global variable 'median'
    adaptiveGMRF2COVAR: no visible global function definition for 'as'
    adaptiveGMRF2COVAR: no visible global function definition for 'rnorm'
    adaptiveGMRF2COVAR: no visible global function definition for 'rgamma'
    adaptiveGMRF2COVAR : drawWeights.Var1: no visible global function
     definition for 'rgamma'
    adaptiveGMRF2COVAR : drawWeights.Var1: no visible global function
     definition for 'runif'
    adaptiveGMRF2COVAR : drawWeights.Var2: no visible global function
     definition for 'rgamma'
    adaptiveGMRF2COVAR : drawWeights.Var2: no visible global function
     definition for 'runif'
    adaptiveGMRF2COVAR: no visible global function definition for 'median'
    adaptiveGMRF2COVAR: no visible binding for global variable 'median'
    sim.adaptiveGMRF: no visible global function definition for 'as'
    sim.adaptiveGMRF: no visible global function definition for 'rnorm'
    sim.adaptiveGMRF: no visible global function definition for 'rgamma'
    sim.adaptiveGMRF: no visible global function definition for 'runif'
    sim.adaptiveGMRF: no visible global function definition for 'median'
    sim.adaptiveGMRF2COVAR: no visible global function definition for 'as'
    sim.adaptiveGMRF2COVAR: no visible global function definition for
     'rnorm'
    sim.adaptiveGMRF2COVAR: no visible global function definition for
     'rgamma'
    sim.adaptiveGMRF2COVAR : drawWeights.Var1: no visible global function
     definition for 'rgamma'
    sim.adaptiveGMRF2COVAR : drawWeights.Var1: no visible global function
     definition for 'runif'
    sim.adaptiveGMRF2COVAR : drawWeights.Var2: no visible global function
     definition for 'rgamma'
    sim.adaptiveGMRF2COVAR : drawWeights.Var2: no visible global function
     definition for 'runif'
    sim.adaptiveGMRF2COVAR: no visible global function definition for
     'median'
    sim.fmri: no visible global function definition for 'as'
    sim.fmri: no visible global function definition for 'rnorm'
    sim.fmri2COVAR: no visible global function definition for 'as'
    sim.fmri2COVAR: no visible global function definition for 'rnorm'
    sim.weightsplot: no visible binding for global variable 'median'
    sim.weightsplot: no visible global function definition for 'im'
    weightsplot: no visible binding for global variable 'median'
    weightsplot: no visible global function definition for 'im'
    Undefined global functions or variables:
     as im median rgamma rnorm runif
    Consider adding
     importFrom("methods", "as")
     importFrom("stats", "median", "rgamma", "rnorm", "runif")
    to your NAMESPACE file (and ensure that your DESCRIPTION Imports field
    contains 'methods').
Flavors: r-devel-linux-x86_64-debian-clang, r-devel-linux-x86_64-debian-gcc, r-devel-linux-x86_64-fedora-clang, r-devel-linux-x86_64-fedora-gcc, r-patched-linux-x86_64, r-release-linux-x86_64, r-release-macos-arm64, r-release-macos-x86_64

Version: 1.1
Check: R code for possible problems
Result: NOTE
    adaptiveGMRF: no visible global function definition for 'as'
    adaptiveGMRF: no visible global function definition for 'rnorm'
    adaptiveGMRF: no visible global function definition for 'rgamma'
    adaptiveGMRF: no visible global function definition for 'runif'
    adaptiveGMRF: no visible global function definition for 'median'
    adaptiveGMRF: no visible binding for global variable 'median'
    adaptiveGMRF2COVAR: no visible global function definition for 'as'
    adaptiveGMRF2COVAR: no visible global function definition for 'rnorm'
    adaptiveGMRF2COVAR: no visible global function definition for 'rgamma'
    adaptiveGMRF2COVAR : drawWeights.Var1: no visible global function
     definition for 'rgamma'
    adaptiveGMRF2COVAR : drawWeights.Var1: no visible global function
     definition for 'runif'
    adaptiveGMRF2COVAR : drawWeights.Var2: no visible global function
     definition for 'rgamma'
    adaptiveGMRF2COVAR : drawWeights.Var2: no visible global function
     definition for 'runif'
    adaptiveGMRF2COVAR: no visible global function definition for
     'mcparallel'
    adaptiveGMRF2COVAR: no visible global function definition for
     'mccollect'
    adaptiveGMRF2COVAR: no visible global function definition for 'median'
    adaptiveGMRF2COVAR: no visible binding for global variable 'median'
    sim.adaptiveGMRF: no visible global function definition for 'as'
    sim.adaptiveGMRF: no visible global function definition for 'rnorm'
    sim.adaptiveGMRF: no visible global function definition for 'rgamma'
    sim.adaptiveGMRF: no visible global function definition for 'runif'
    sim.adaptiveGMRF: no visible global function definition for 'median'
    sim.adaptiveGMRF2COVAR: no visible global function definition for 'as'
    sim.adaptiveGMRF2COVAR: no visible global function definition for
     'rnorm'
    sim.adaptiveGMRF2COVAR: no visible global function definition for
     'rgamma'
    sim.adaptiveGMRF2COVAR : drawWeights.Var1: no visible global function
     definition for 'rgamma'
    sim.adaptiveGMRF2COVAR : drawWeights.Var1: no visible global function
     definition for 'runif'
    sim.adaptiveGMRF2COVAR : drawWeights.Var2: no visible global function
     definition for 'rgamma'
    sim.adaptiveGMRF2COVAR : drawWeights.Var2: no visible global function
     definition for 'runif'
    sim.adaptiveGMRF2COVAR: no visible global function definition for
     'mcparallel'
    sim.adaptiveGMRF2COVAR: no visible global function definition for
     'mccollect'
    sim.adaptiveGMRF2COVAR: no visible global function definition for
     'median'
    sim.fmri: no visible global function definition for 'as'
    sim.fmri: no visible global function definition for 'rnorm'
    sim.fmri2COVAR: no visible global function definition for 'as'
    sim.fmri2COVAR: no visible global function definition for 'rnorm'
    sim.weightsplot: no visible binding for global variable 'median'
    sim.weightsplot: no visible global function definition for 'im'
    weightsplot: no visible binding for global variable 'median'
    weightsplot: no visible global function definition for 'im'
    Undefined global functions or variables:
     as im mccollect mcparallel median rgamma rnorm runif
    Consider adding
     importFrom("methods", "as")
     importFrom("stats", "median", "rgamma", "rnorm", "runif")
    to your NAMESPACE file (and ensure that your DESCRIPTION Imports field
    contains 'methods').
Flavors: r-devel-windows-x86_64-new-UL, r-devel-windows-x86_64-new-TK, r-release-windows-ix86+x86_64, r-oldrel-windows-ix86+x86_64

Version: 1.1
Check: R code for possible problems
Result: NOTE
    adaptiveGMRF: no visible global function definition for ‘as’
    adaptiveGMRF: no visible global function definition for ‘rnorm’
    adaptiveGMRF: no visible global function definition for ‘rgamma’
    adaptiveGMRF: no visible global function definition for ‘runif’
    adaptiveGMRF: no visible global function definition for ‘median’
    adaptiveGMRF: no visible binding for global variable ‘median’
    adaptiveGMRF2COVAR: no visible global function definition for ‘as’
    adaptiveGMRF2COVAR: no visible global function definition for ‘rnorm’
    adaptiveGMRF2COVAR: no visible global function definition for ‘rgamma’
    adaptiveGMRF2COVAR : drawWeights.Var1: no visible global function
     definition for ‘rgamma’
    adaptiveGMRF2COVAR : drawWeights.Var1: no visible global function
     definition for ‘runif’
    adaptiveGMRF2COVAR : drawWeights.Var2: no visible global function
     definition for ‘rgamma’
    adaptiveGMRF2COVAR : drawWeights.Var2: no visible global function
     definition for ‘runif’
    adaptiveGMRF2COVAR: no visible global function definition for ‘median’
    adaptiveGMRF2COVAR: no visible binding for global variable ‘median’
    sim.adaptiveGMRF: no visible global function definition for ‘as’
    sim.adaptiveGMRF: no visible global function definition for ‘rnorm’
    sim.adaptiveGMRF: no visible global function definition for ‘rgamma’
    sim.adaptiveGMRF: no visible global function definition for ‘runif’
    sim.adaptiveGMRF: no visible global function definition for ‘median’
    sim.adaptiveGMRF2COVAR: no visible global function definition for ‘as’
    sim.adaptiveGMRF2COVAR: no visible global function definition for
     ‘rnorm’
    sim.adaptiveGMRF2COVAR: no visible global function definition for
     ‘rgamma’
    sim.adaptiveGMRF2COVAR : drawWeights.Var1: no visible global function
     definition for ‘rgamma’
    sim.adaptiveGMRF2COVAR : drawWeights.Var1: no visible global function
     definition for ‘runif’
    sim.adaptiveGMRF2COVAR : drawWeights.Var2: no visible global function
     definition for ‘rgamma’
    sim.adaptiveGMRF2COVAR : drawWeights.Var2: no visible global function
     definition for ‘runif’
    sim.adaptiveGMRF2COVAR: no visible global function definition for
     ‘median’
    sim.fmri: no visible global function definition for ‘as’
    sim.fmri: no visible global function definition for ‘rnorm’
    sim.fmri2COVAR: no visible global function definition for ‘as’
    sim.fmri2COVAR: no visible global function definition for ‘rnorm’
    sim.weightsplot: no visible binding for global variable ‘median’
    weightsplot: no visible binding for global variable ‘median’
    Undefined global functions or variables:
     as median rgamma rnorm runif
    Consider adding
     importFrom("methods", "as")
     importFrom("stats", "median", "rgamma", "rnorm", "runif")
    to your NAMESPACE file (and ensure that your DESCRIPTION Imports field
    contains 'methods').
Flavor: r-oldrel-macos-x86_64