CRAN Package Check Results for Package adaptsmoFMRI

Last updated on 2015-03-29 00:48:09.

Flavor Version Tinstall Tcheck Ttotal Status Flags
r-devel-linux-x86_64-debian-clang 1.1 3.13 45.53 48.66 NOTE
r-devel-linux-x86_64-debian-gcc 1.1 3.11 44.63 47.74 NOTE
r-devel-linux-x86_64-fedora-clang 1.1 100.06 NOTE
r-devel-linux-x86_64-fedora-gcc 1.1 96.66 NOTE
r-devel-osx-x86_64-clang 1.1 89.78 NOTE
r-prerel-windows-ix86+x86_64 1.1 13.00 66.00 79.00 NOTE
r-prerel-linux-x86_64 1.1 3.06 45.73 48.79 NOTE
r-prerel-solaris-sparc 1.1 603.00 NOTE
r-prerel-solaris-x86 1.1 132.90 NOTE
r-release-linux-x86_64 1.1 4.60 57.53 62.14 NOTE
r-release-osx-x86_64-mavericks 1.1 NOTE
r-release-osx-x86_64-snowleopard 1.1 NOTE
r-release-windows-ix86+x86_64 1.1 14.00 95.00 109.00 NOTE
r-oldrel-windows-ix86+x86_64 1.1 15.00 86.00 101.00 NOTE

Check Details

Version: 1.1
Check: package dependencies
Result: NOTE
    Depends: includes the non-default packages:
     ‘Matrix’ ‘coda’ ‘mvtnorm’ ‘MCMCpack’ ‘spatstat’ ‘parallel’
    Adding so many packages to the search path is excessive and importing
    selectively is preferable.
Flavors: r-devel-linux-x86_64-debian-clang, r-devel-linux-x86_64-debian-gcc, r-devel-linux-x86_64-fedora-clang, r-devel-linux-x86_64-fedora-gcc, r-devel-osx-x86_64-clang, r-prerel-windows-ix86+x86_64, r-prerel-linux-x86_64, r-prerel-solaris-sparc, r-prerel-solaris-x86, r-release-linux-x86_64, r-release-osx-x86_64-mavericks, r-release-osx-x86_64-snowleopard, r-release-windows-ix86+x86_64

Version: 1.1
Check: dependencies in R code
Result: NOTE
    'library' or 'require' calls to packages already attached by Depends:
     ‘MCMCpack’ ‘Matrix’ ‘coda’ ‘mvtnorm’ ‘parallel’ ‘spatstat’
     Please remove these calls from your code.
Flavors: r-devel-linux-x86_64-debian-clang, r-devel-linux-x86_64-debian-gcc, r-devel-linux-x86_64-fedora-clang, r-devel-linux-x86_64-fedora-gcc, r-devel-osx-x86_64-clang, r-prerel-windows-ix86+x86_64, r-prerel-linux-x86_64, r-prerel-solaris-sparc, r-prerel-solaris-x86, r-release-linux-x86_64, r-release-windows-ix86+x86_64

Version: 1.1
Check: R code for possible problems
Result: NOTE
    adaptiveGMRF2COVAR: no visible global function definition for
     'mcparallel'
    adaptiveGMRF2COVAR: no visible global function definition for
     'mccollect'
    sim.adaptiveGMRF2COVAR: no visible global function definition for
     'mcparallel'
    sim.adaptiveGMRF2COVAR: no visible global function definition for
     'mccollect'
Flavors: r-prerel-windows-ix86+x86_64, r-release-windows-ix86+x86_64, r-oldrel-windows-ix86+x86_64

Version: 1.1
Check: dependencies in R code
Result: NOTE
    'library' or 'require' calls to packages already attached by Depends:
     ‘MCMCpack’ ‘Matrix’ ‘coda’ ‘mvtnorm’ ‘parallel’ ‘spatstat’
     Please remove these calls from your code.
    See the information on DESCRIPTION files in the chapter ‘Creating R
    packages’ of the ‘Writing R Extensions’ manual.
Flavors: r-release-osx-x86_64-mavericks, r-release-osx-x86_64-snowleopard, r-oldrel-windows-ix86+x86_64