CRAN Package Check Results for Package adaptsmoFMRI

Last updated on 2014-07-24 15:52:15.

Flavor Version Tinstall Tcheck Ttotal Status Flags
r-devel-linux-x86_64-debian-clang 1.1 4.31 55.63 59.94 NOTE
r-devel-linux-x86_64-debian-gcc 1.1 4.05 55.71 59.76 NOTE
r-devel-linux-x86_64-fedora-clang 1.1 143.65 NOTE
r-devel-linux-x86_64-fedora-gcc 1.1 139.94 NOTE
r-devel-osx-x86_64-clang 1.1 108.25 NOTE
r-devel-windows-ix86+x86_64 1.1 14.00 80.00 94.00 NOTE
r-patched-linux-x86_64 1.1 4.12 56.81 60.93 NOTE
r-patched-solaris-sparc 1.1 730.30 NOTE
r-patched-solaris-x86 1.1 186.90 NOTE
r-release-linux-ix86 1.1 5.08 67.36 72.44 NOTE
r-release-linux-x86_64 1.1 4.18 55.99 60.16 NOTE
r-release-osx-x86_64-mavericks 1.1 NOTE
r-release-osx-x86_64-snowleopard 1.1 NOTE
r-release-windows-ix86+x86_64 1.1 13.00 83.00 96.00 NOTE
r-oldrel-windows-ix86+x86_64 1.1 13.00 76.00 89.00 NOTE

Check Details

Version: 1.1
Check: package dependencies
Result: NOTE
    Depends: includes the non-default packages:
     ‘Matrix’ ‘coda’ ‘mvtnorm’ ‘MCMCpack’ ‘spatstat’ ‘parallel’
    Adding so many packages to the search path is excessive and importing
    selectively is preferable.
Flavors: r-devel-linux-x86_64-debian-clang, r-devel-linux-x86_64-debian-gcc, r-devel-linux-x86_64-fedora-clang, r-devel-linux-x86_64-fedora-gcc, r-devel-osx-x86_64-clang, r-devel-windows-ix86+x86_64, r-patched-linux-x86_64, r-patched-solaris-sparc, r-patched-solaris-x86, r-release-linux-ix86, r-release-linux-x86_64, r-release-osx-x86_64-mavericks, r-release-osx-x86_64-snowleopard, r-release-windows-ix86+x86_64

Version: 1.1
Check: dependencies in R code
Result: NOTE
    'library' or 'require' calls to packages already attached by Depends:
     ‘MCMCpack’ ‘Matrix’ ‘coda’ ‘mvtnorm’ ‘parallel’ ‘spatstat’
     Please remove these calls from your code.
    See the information on DESCRIPTION files in the chapter ‘Creating R
    packages’ of the ‘Writing R Extensions’ manual.
Flavors: r-devel-linux-x86_64-debian-clang, r-devel-linux-x86_64-debian-gcc, r-devel-linux-x86_64-fedora-clang, r-devel-linux-x86_64-fedora-gcc, r-devel-osx-x86_64-clang, r-devel-windows-ix86+x86_64, r-patched-linux-x86_64, r-patched-solaris-sparc, r-patched-solaris-x86, r-release-linux-ix86, r-release-linux-x86_64, r-release-osx-x86_64-mavericks, r-release-osx-x86_64-snowleopard, r-release-windows-ix86+x86_64, r-oldrel-windows-ix86+x86_64

Version: 1.1
Check: R code for possible problems
Result: NOTE
    adaptiveGMRF2COVAR: no visible global function definition for
     'mcparallel'
    adaptiveGMRF2COVAR: no visible global function definition for
     'mccollect'
    sim.adaptiveGMRF2COVAR: no visible global function definition for
     'mcparallel'
    sim.adaptiveGMRF2COVAR: no visible global function definition for
     'mccollect'
Flavors: r-devel-windows-ix86+x86_64, r-release-windows-ix86+x86_64, r-oldrel-windows-ix86+x86_64