CRAN Package Check Results for Package adaptsmoFMRI

Last updated on 2014-11-24 03:48:59.

Flavor Version Tinstall Tcheck Ttotal Status Flags
r-devel-linux-x86_64-debian-clang 1.1 4.03 55.15 59.18 NOTE
r-devel-linux-x86_64-debian-gcc 1.1 3.82 53.98 57.80 NOTE
r-devel-linux-x86_64-fedora-clang 1.1 139.81 NOTE
r-devel-linux-x86_64-fedora-gcc 1.1 132.06 NOTE
r-devel-osx-x86_64-clang 1.1 113.23 NOTE
r-devel-windows-ix86+x86_64 1.1 12.00 78.00 90.00 NOTE
r-patched-linux-x86_64 1.1 4.07 55.22 59.29 NOTE
r-patched-solaris-sparc 1.1 735.70 NOTE
r-patched-solaris-x86 1.1 189.50 NOTE
r-release-linux-ix86 1.1 4.98 64.72 69.70 NOTE
r-release-linux-x86_64 1.1 4.14 56.70 60.84 NOTE
r-release-osx-x86_64-mavericks 1.1 NOTE
r-release-osx-x86_64-snowleopard 1.1 NOTE
r-release-windows-ix86+x86_64 1.1 13.00 85.00 98.00 NOTE
r-oldrel-windows-ix86+x86_64 1.1 14.00 83.00 97.00 NOTE

Check Details

Version: 1.1
Check: package dependencies
Result: NOTE
    Depends: includes the non-default packages:
     ‘Matrix’ ‘coda’ ‘mvtnorm’ ‘MCMCpack’ ‘spatstat’ ‘parallel’
    Adding so many packages to the search path is excessive and importing
    selectively is preferable.
Flavors: r-devel-linux-x86_64-debian-clang, r-devel-linux-x86_64-debian-gcc, r-devel-linux-x86_64-fedora-clang, r-devel-linux-x86_64-fedora-gcc, r-devel-osx-x86_64-clang, r-devel-windows-ix86+x86_64, r-patched-linux-x86_64, r-patched-solaris-sparc, r-patched-solaris-x86, r-release-linux-ix86, r-release-linux-x86_64, r-release-osx-x86_64-mavericks, r-release-osx-x86_64-snowleopard, r-release-windows-ix86+x86_64

Version: 1.1
Check: dependencies in R code
Result: NOTE
    'library' or 'require' calls to packages already attached by Depends:
     ‘MCMCpack’ ‘Matrix’ ‘coda’ ‘mvtnorm’ ‘parallel’ ‘spatstat’
     Please remove these calls from your code.
    See the information on DESCRIPTION files in the chapter ‘Creating R
    packages’ of the ‘Writing R Extensions’ manual.
Flavors: r-devel-linux-x86_64-debian-clang, r-devel-linux-x86_64-debian-gcc, r-devel-linux-x86_64-fedora-clang, r-devel-linux-x86_64-fedora-gcc, r-devel-osx-x86_64-clang, r-devel-windows-ix86+x86_64, r-patched-linux-x86_64, r-patched-solaris-sparc, r-patched-solaris-x86, r-release-linux-ix86, r-release-linux-x86_64, r-release-osx-x86_64-mavericks, r-release-osx-x86_64-snowleopard, r-release-windows-ix86+x86_64, r-oldrel-windows-ix86+x86_64

Version: 1.1
Check: R code for possible problems
Result: NOTE
    adaptiveGMRF2COVAR: no visible global function definition for
     'mcparallel'
    adaptiveGMRF2COVAR: no visible global function definition for
     'mccollect'
    sim.adaptiveGMRF2COVAR: no visible global function definition for
     'mcparallel'
    sim.adaptiveGMRF2COVAR: no visible global function definition for
     'mccollect'
Flavors: r-devel-windows-ix86+x86_64, r-release-windows-ix86+x86_64, r-oldrel-windows-ix86+x86_64