CRAN Package Check Results for Package add2ggplot

Last updated on 2022-01-21 22:13:03 CET.

Flavor Version Tinstall Tcheck Ttotal Status Flags
r-devel-linux-x86_64-debian-clang 0.3.0 4.18 63.56 67.74 NOTE
r-devel-linux-x86_64-debian-gcc 0.3.0 3.97 46.81 50.78 NOTE
r-devel-linux-x86_64-fedora-clang 0.3.0 83.75 NOTE
r-devel-linux-x86_64-fedora-gcc 0.3.0 67.95 NOTE
r-devel-windows-x86_64-new-UL 0.3.0 67.00 87.00 154.00 NOTE
r-devel-windows-x86_64-new-TK 0.3.0 NOTE
r-patched-linux-x86_64 0.3.0 4.89 56.43 61.32 NOTE
r-release-linux-x86_64 0.3.0 4.66 57.35 62.01 NOTE
r-release-macos-arm64 0.3.0 NOTE
r-release-macos-x86_64 0.3.0 NOTE
r-release-windows-ix86+x86_64 0.3.0 13.00 71.00 84.00 NOTE
r-oldrel-macos-x86_64 0.3.0 OK
r-oldrel-windows-ix86+x86_64 0.3.0 14.00 71.00 85.00 OK

Check Details

Version: 0.3.0
Check: LazyData
Result: NOTE
     'LazyData' is specified without a 'data' directory
Flavors: r-devel-linux-x86_64-debian-clang, r-devel-linux-x86_64-debian-gcc, r-devel-linux-x86_64-fedora-clang, r-devel-linux-x86_64-fedora-gcc, r-devel-windows-x86_64-new-UL, r-devel-windows-x86_64-new-TK, r-patched-linux-x86_64, r-release-linux-x86_64, r-release-macos-arm64, r-release-macos-x86_64, r-release-windows-ix86+x86_64