CRAN Package Check Results for Package addhazard

Last updated on 2018-10-18 07:48:15 CEST.

Flavor Version Tinstall Tcheck Ttotal Status Flags
r-devel-linux-x86_64-debian-clang 1.1.0 4.79 61.33 66.12 OK
r-devel-linux-x86_64-debian-gcc 1.1.0 4.29 48.44 52.73 OK
r-devel-linux-x86_64-fedora-clang 1.1.0 77.53 OK
r-devel-linux-x86_64-fedora-gcc 1.1.0 75.32 OK
r-devel-windows-ix86+x86_64 1.1.0 11.00 97.00 108.00 OK
r-patched-linux-x86_64 1.1.0 4.84 50.08 54.92 NOTE
r-patched-solaris-x86 1.1.0 105.60 OK
r-release-linux-x86_64 1.1.0 5.06 50.63 55.69 NOTE
r-release-windows-ix86+x86_64 1.1.0 11.00 83.00 94.00 OK
r-release-osx-x86_64 1.1.0 OK
r-oldrel-windows-ix86+x86_64 1.1.0 7.00 82.00 89.00 OK
r-oldrel-osx-x86_64 1.1.0 OK

Check Details

Version: 1.1.0
Check: DESCRIPTION meta-information
Result: NOTE
    Dependence on R version ‘3.3.1’ not with patchlevel 0
Flavors: r-patched-linux-x86_64, r-release-linux-x86_64