CRAN Package Check Results for Package addhazard

Last updated on 2018-06-23 19:46:14 CEST.

Flavor Version Tinstall Tcheck Ttotal Status Flags
r-devel-linux-x86_64-debian-clang 1.1.0 5.66 60.95 66.61 OK
r-devel-linux-x86_64-debian-gcc 1.1.0 4.59 47.53 52.12 OK
r-devel-linux-x86_64-fedora-clang 1.1.0 76.26 OK
r-devel-linux-x86_64-fedora-gcc 1.1.0 72.63 OK
r-devel-windows-ix86+x86_64 1.1.0 9.00 97.00 106.00 OK
r-patched-linux-x86_64 1.1.0 3.13 50.84 53.97 NOTE
r-patched-solaris-x86 1.1.0 104.80 OK
r-release-linux-x86_64 1.1.0 3.73 49.87 53.60 NOTE
r-release-windows-ix86+x86_64 1.1.0 11.00 118.00 129.00 OK
r-release-osx-x86_64 1.1.0 OK
r-oldrel-windows-ix86+x86_64 1.1.0 11.00 84.00 95.00 OK
r-oldrel-osx-x86_64 1.1.0 OK

Check Details

Version: 1.1.0
Check: DESCRIPTION meta-information
Result: NOTE
    Dependence on R version ‘3.3.1’ not with patchlevel 0
Flavors: r-patched-linux-x86_64, r-release-linux-x86_64