CRAN Package Check Results for Package addhazard

Last updated on 2019-03-21 19:46:48 CET.

Flavor Version Tinstall Tcheck Ttotal Status Flags
r-devel-linux-x86_64-debian-clang 1.1.0 6.95 53.92 60.87 OK
r-devel-linux-x86_64-debian-gcc 1.1.0 5.58 42.87 48.45 OK
r-devel-linux-x86_64-fedora-clang 1.1.0 72.69 OK
r-devel-linux-x86_64-fedora-gcc 1.1.0 67.81 OK
r-devel-windows-ix86+x86_64 1.1.0 19.00 62.00 81.00 OK
r-patched-linux-x86_64 1.1.0 3.37 50.26 53.63 NOTE
r-patched-solaris-x86 1.1.0 104.70 OK
r-release-linux-x86_64 1.1.0 4.84 50.79 55.63 NOTE
r-release-windows-ix86+x86_64 1.1.0 11.00 85.00 96.00 OK
r-release-osx-x86_64 1.1.0 OK
r-oldrel-windows-ix86+x86_64 1.1.0 11.00 79.00 90.00 OK
r-oldrel-osx-x86_64 1.1.0 OK

Check Details

Version: 1.1.0
Check: DESCRIPTION meta-information
Result: NOTE
    Dependence on R version ‘3.3.1’ not with patchlevel 0
Flavors: r-patched-linux-x86_64, r-release-linux-x86_64