CRAN Package Check Results for Package addhazard

Last updated on 2019-01-20 09:47:25 CET.

Flavor Version Tinstall Tcheck Ttotal Status Flags
r-devel-linux-x86_64-debian-clang 1.1.0 5.00 54.06 59.06 OK
r-devel-linux-x86_64-debian-gcc 1.1.0 4.18 42.96 47.14 OK
r-devel-linux-x86_64-fedora-clang 1.1.0 68.57 OK
r-devel-linux-x86_64-fedora-gcc 1.1.0 65.88 OK
r-devel-windows-ix86+x86_64 1.1.0 10.00 66.00 76.00 OK
r-patched-linux-x86_64 1.1.0 4.00 50.16 54.16 NOTE
r-patched-solaris-x86 1.1.0 107.70 OK
r-release-linux-x86_64 1.1.0 4.60 50.05 54.65 NOTE
r-release-windows-ix86+x86_64 1.1.0 10.00 83.00 93.00 OK
r-release-osx-x86_64 1.1.0 OK
r-oldrel-windows-ix86+x86_64 1.1.0 10.00 59.00 69.00 OK
r-oldrel-osx-x86_64 1.1.0 OK

Check Details

Version: 1.1.0
Check: DESCRIPTION meta-information
Result: NOTE
    Dependence on R version ‘3.3.1’ not with patchlevel 0
Flavors: r-patched-linux-x86_64, r-release-linux-x86_64