CRAN Package Check Results for Package addhazard

Last updated on 2018-08-14 22:50:30 CEST.

Flavor Version Tinstall Tcheck Ttotal Status Flags
r-devel-linux-x86_64-debian-clang 1.1.0 5.47 60.41 65.88 OK
r-devel-linux-x86_64-debian-gcc 1.1.0 4.12 47.79 51.91 OK
r-devel-linux-x86_64-fedora-clang 1.1.0 75.27 OK
r-devel-linux-x86_64-fedora-gcc 1.1.0 75.21 OK
r-devel-windows-ix86+x86_64 1.1.0 11.00 71.00 82.00 OK
r-patched-linux-x86_64 1.1.0 3.82 50.38 54.20 NOTE
r-patched-solaris-x86 1.1.0 108.30 OK
r-release-linux-x86_64 1.1.0 4.42 50.52 54.94 NOTE
r-release-windows-ix86+x86_64 1.1.0 11.00 81.00 92.00 OK
r-release-osx-x86_64 1.1.0 OK
r-oldrel-windows-ix86+x86_64 1.1.0 11.00 57.00 68.00 OK
r-oldrel-osx-x86_64 1.1.0 OK

Check Details

Version: 1.1.0
Check: DESCRIPTION meta-information
Result: NOTE
    Dependence on R version ‘3.3.1’ not with patchlevel 0
Flavors: r-patched-linux-x86_64, r-release-linux-x86_64