CRAN Package Check Results for Package addinsOutline

Last updated on 2022-08-12 03:53:20 CEST.

Flavor Version Tinstall Tcheck Ttotal Status Flags
r-devel-linux-x86_64-debian-clang 0.1.6 8.73 72.25 80.98 NOTE
r-devel-linux-x86_64-debian-gcc 0.1.6 7.26 54.51 61.77 NOTE
r-devel-linux-x86_64-fedora-clang 0.1.6 106.45 NOTE
r-devel-linux-x86_64-fedora-gcc 0.1.6 102.57 NOTE
r-devel-windows-x86_64 0.1.6 26.00 199.00 225.00 NOTE
r-patched-linux-x86_64 0.1.6 8.41 69.18 77.59 NOTE
r-release-linux-x86_64 0.1.6 7.73 67.15 74.88 NOTE
r-release-macos-arm64 0.1.6 30.00 NOTE
r-release-macos-x86_64 0.1.6 63.00 NOTE
r-release-windows-x86_64 0.1.6 34.00 174.00 208.00 NOTE
r-oldrel-macos-arm64 0.1.6 36.00 NOTE
r-oldrel-macos-x86_64 0.1.6 49.00 NOTE
r-oldrel-windows-ix86+x86_64 0.1.6 21.00 91.00 112.00 NOTE

Check Details

Version: 0.1.6
Check: LazyData
Result: NOTE
     'LazyData' is specified without a 'data' directory
Flavors: r-devel-linux-x86_64-debian-clang, r-devel-linux-x86_64-debian-gcc, r-devel-linux-x86_64-fedora-clang, r-devel-linux-x86_64-fedora-gcc, r-devel-windows-x86_64, r-patched-linux-x86_64, r-release-linux-x86_64, r-release-macos-arm64, r-release-macos-x86_64, r-release-windows-x86_64, r-oldrel-macos-arm64, r-oldrel-macos-x86_64, r-oldrel-windows-ix86+x86_64