CRAN Package Check Results for Package additiveDEA

Last updated on 2019-08-21 02:49:00 CEST.

Flavor Version Tinstall Tcheck Ttotal Status Flags
r-devel-linux-x86_64-debian-clang 1.1 3.02 26.64 29.66 OK
r-devel-linux-x86_64-debian-gcc 1.1 2.33 20.96 23.29 OK
r-devel-linux-x86_64-fedora-clang 1.1 36.51 NOTE
r-devel-linux-x86_64-fedora-gcc 1.1 35.04 NOTE
r-devel-windows-ix86+x86_64 1.1 8.00 54.00 62.00 OK
r-patched-linux-x86_64 1.1 2.12 26.59 28.71 OK
r-patched-solaris-x86 1.1 55.80 NOTE
r-release-linux-x86_64 1.1 2.59 27.02 29.61 OK
r-release-windows-ix86+x86_64 1.1 6.00 53.00 59.00 OK
r-release-osx-x86_64 1.1 NOTE
r-oldrel-windows-ix86+x86_64 1.1 3.00 48.00 51.00 OK
r-oldrel-osx-x86_64 1.1 NOTE

Check Details

Version: 1.1
Check: dependencies in R code
Result: NOTE
    Namespace in Imports field not imported from: ‘Benchmarking’
     All declared Imports should be used.
Flavors: r-devel-linux-x86_64-fedora-clang, r-devel-linux-x86_64-fedora-gcc, r-patched-solaris-x86, r-release-osx-x86_64, r-oldrel-osx-x86_64