CRAN Package Check Results for Package additiveDEA

Last updated on 2019-05-27 05:47:27 CEST.

Flavor Version Tinstall Tcheck Ttotal Status Flags
r-devel-linux-x86_64-debian-clang 1.1 2.83 26.73 29.56 OK
r-devel-linux-x86_64-debian-gcc 1.1 2.18 20.87 23.05 OK
r-devel-linux-x86_64-fedora-clang 1.1 35.27 NOTE
r-devel-linux-x86_64-fedora-gcc 1.1 33.30 NOTE
r-devel-windows-ix86+x86_64 1.1 10.00 50.00 60.00 OK
r-patched-linux-x86_64 1.1 OK
r-patched-solaris-x86 1.1 54.60 NOTE
r-release-linux-x86_64 1.1 2.80 26.74 29.54 OK
r-release-windows-ix86+x86_64 1.1 6.00 47.00 53.00 OK
r-release-osx-x86_64 1.1 NOTE
r-oldrel-windows-ix86+x86_64 1.1 3.00 35.00 38.00 OK
r-oldrel-osx-x86_64 1.1 NOTE

Check Details

Version: 1.1
Check: dependencies in R code
Result: NOTE
    Namespace in Imports field not imported from: ‘Benchmarking’
     All declared Imports should be used.
Flavors: r-devel-linux-x86_64-fedora-clang, r-devel-linux-x86_64-fedora-gcc, r-patched-solaris-x86, r-release-osx-x86_64, r-oldrel-osx-x86_64