CRAN Package Check Results for Package additivityTests

Last updated on 2022-01-23 13:50:30 CET.

Flavor Version Tinstall Tcheck Ttotal Status Flags
r-devel-linux-x86_64-debian-clang 1.1-4 2.07 48.08 50.15 NOTE
r-devel-linux-x86_64-debian-gcc 1.1-4 1.77 40.07 41.84 NOTE
r-devel-linux-x86_64-fedora-clang 1.1-4 61.38 NOTE
r-devel-linux-x86_64-fedora-gcc 1.1-4 50.81 NOTE
r-devel-windows-x86_64-new-UL 1.1-4 57.00 70.00 127.00 NOTE
r-devel-windows-x86_64-new-TK 1.1-4 NOTE
r-patched-linux-x86_64 1.1-4 2.16 36.15 38.31 NOTE
r-release-linux-x86_64 1.1-4 1.96 36.11 38.07 NOTE
r-release-macos-arm64 1.1-4 NOTE
r-release-macos-x86_64 1.1-4 NOTE
r-release-windows-ix86+x86_64 1.1-4 5.00 47.00 52.00 NOTE
r-oldrel-macos-x86_64 1.1-4 NOTE
r-oldrel-windows-ix86+x86_64 1.1-4 6.00 46.00 52.00 NOTE

Check Details

Version: 1.1-4
Check: R code for possible problems
Result: NOTE
    critical.values: no visible global function definition for 'rnorm'
    critical.values: no visible global function definition for 'quantile'
    mandel.test: no visible global function definition for 'qf'
    mtukey.test : p.test: no visible global function definition for 'qf'
    mtukey.test: no visible binding for global variable 'quantile'
    mtukey.test: no visible global function definition for 'rnorm'
    tukey.test: no visible global function definition for 'qf'
    Undefined global functions or variables:
     qf quantile rnorm
    Consider adding
     importFrom("stats", "qf", "quantile", "rnorm")
    to your NAMESPACE file.
Flavors: r-devel-linux-x86_64-debian-clang, r-devel-linux-x86_64-debian-gcc, r-devel-linux-x86_64-fedora-clang, r-devel-linux-x86_64-fedora-gcc, r-devel-windows-x86_64-new-UL, r-devel-windows-x86_64-new-TK, r-patched-linux-x86_64, r-release-linux-x86_64, r-release-macos-arm64, r-release-macos-x86_64, r-release-windows-ix86+x86_64, r-oldrel-macos-x86_64, r-oldrel-windows-ix86+x86_64