CRAN Package Check Results for Package ade4

Last updated on 2017-05-25 06:47:32.

Flavor Version Tinstall Tcheck Ttotal Status Flags
r-devel-linux-x86_64-debian-clang 1.7-6 12.07 164.70 176.77 OK
r-devel-linux-x86_64-debian-gcc 1.7-6 10.19 165.07 175.25 OK
r-devel-linux-x86_64-fedora-clang 1.7-6 320.07 NOTE --no-stop-on-test-error
r-devel-linux-x86_64-fedora-gcc 1.7-6 302.64 NOTE --no-stop-on-test-error
r-devel-windows-ix86+x86_64 1.7-6 37.00 342.00 379.00 NOTE
r-patched-linux-x86_64 1.7-6 9.82 160.43 170.25 OK
r-patched-solaris-sparc 1.7-6 1902.90 NOTE
r-patched-solaris-x86 1.7-6 370.50 NOTE
r-release-linux-x86_64 1.7-6 10.04 165.85 175.89 OK
r-release-windows-ix86+x86_64 1.7-6 57.00 474.00 531.00 NOTE
r-release-osx-x86_64 1.7-6 NOTE
r-oldrel-windows-ix86+x86_64 1.7-6 68.00 420.00 488.00 NOTE
r-oldrel-osx-x86_64 1.7-6 NOTE

Check Details

Version: 1.7-6
Flags: --no-stop-on-test-error
Check: installed package size
Result: NOTE
     installed size is 6.7Mb
     sub-directories of 1Mb or more:
     data 2.8Mb
     pictures 2.1Mb
Flavors: r-devel-linux-x86_64-fedora-clang, r-devel-linux-x86_64-fedora-gcc

Version: 1.7-6
Check: installed package size
Result: NOTE
     installed size is 6.5Mb
     sub-directories of 1Mb or more:
     data 2.7Mb
     pictures 2.1Mb
Flavors: r-devel-windows-ix86+x86_64, r-patched-solaris-sparc, r-patched-solaris-x86, r-release-windows-ix86+x86_64, r-release-osx-x86_64, r-oldrel-windows-ix86+x86_64, r-oldrel-osx-x86_64