Last updated on 2023-03-30 18:49:05 CEST.
Flavor | Version | Tinstall | Tcheck | Ttotal | Status | Flags |
---|---|---|---|---|---|---|
r-devel-linux-x86_64-debian-clang | 1.7-22 | 90.22 | 369.84 | 460.06 | OK | |
r-devel-linux-x86_64-debian-gcc | 1.7-22 | 73.72 | 273.24 | 346.96 | OK | |
r-devel-linux-x86_64-fedora-clang | 1.7-22 | 597.82 | NOTE | |||
r-devel-linux-x86_64-fedora-gcc | 1.7-22 | 559.71 | NOTE | |||
r-devel-windows-x86_64 | 1.7-22 | 257.00 | 0.00 | 257.00 | NOTE | |
r-patched-linux-x86_64 | 1.7-22 | 91.22 | 349.77 | 440.99 | OK | |
r-release-linux-x86_64 | 1.7-22 | 82.54 | 340.05 | 422.59 | OK | |
r-release-macos-arm64 | 1.7-22 | 127.00 | NOTE | |||
r-release-macos-x86_64 | 1.7-22 | 183.00 | NOTE | |||
r-release-windows-x86_64 | 1.7-22 | 193.00 | 563.00 | 756.00 | NOTE | |
r-oldrel-macos-arm64 | 1.7-22 | 113.00 | NOTE | |||
r-oldrel-macos-x86_64 | 1.7-22 | 179.00 | NOTE | |||
r-oldrel-windows-ix86+x86_64 | 1.7-22 | 198.00 | 622.00 | 820.00 | NOTE |
Version: 1.7-22
Check: installed package size
Result: NOTE
installed size is 6.4Mb
sub-directories of 1Mb or more:
R 1.4Mb
data 3.0Mb
Flavors: r-devel-linux-x86_64-fedora-clang, r-devel-windows-x86_64, r-release-macos-arm64, r-release-macos-x86_64, r-release-windows-x86_64, r-oldrel-macos-arm64, r-oldrel-macos-x86_64, r-oldrel-windows-ix86+x86_64
Version: 1.7-22
Check: dependencies in R code
Result: NOTE
Namespace in Imports field not imported from: ‘sp’
All declared Imports should be used.
Flavors: r-devel-linux-x86_64-fedora-clang, r-devel-linux-x86_64-fedora-gcc