CRAN Package Check Results for Package ade4

Last updated on 2017-08-21 09:47:46.

Flavor Version Tinstall Tcheck Ttotal Status Flags
r-devel-linux-x86_64-debian-clang 1.7-8 11.85 166.95 178.80 OK
r-devel-linux-x86_64-debian-gcc 1.7-8 10.30 159.18 169.48 OK
r-devel-linux-x86_64-fedora-clang 1.7-8 321.06 NOTE
r-devel-linux-x86_64-fedora-gcc 1.7-8 312.81 NOTE
r-devel-windows-ix86+x86_64 1.7-8 38.00 324.00 362.00 NOTE
r-patched-linux-x86_64 1.7-8 10.54 168.52 179.05 OK
r-patched-solaris-x86 1.7-8 373.70 NOTE
r-release-linux-x86_64 1.7-8 10.09 168.60 178.70 OK
r-release-windows-ix86+x86_64 1.7-8 52.00 346.00 398.00 NOTE
r-release-osx-x86_64 1.7-8 NOTE
r-oldrel-windows-ix86+x86_64 1.7-8 39.00 307.00 346.00 NOTE
r-oldrel-osx-x86_64 1.7-8 NOTE

Check Details

Version: 1.7-8
Check: installed package size
Result: NOTE
     installed size is 6.7Mb
     sub-directories of 1Mb or more:
     data 2.8Mb
     pictures 2.1Mb
Flavors: r-devel-linux-x86_64-fedora-clang, r-devel-linux-x86_64-fedora-gcc, r-devel-windows-ix86+x86_64, r-patched-solaris-x86, r-release-windows-ix86+x86_64, r-release-osx-x86_64, r-oldrel-windows-ix86+x86_64, r-oldrel-osx-x86_64