CRAN Package Check Results for Package ade4

Last updated on 2017-06-22 15:48:15.

Flavor Version Tinstall Tcheck Ttotal Status Flags
r-devel-linux-x86_64-debian-clang 1.7-6 12.20 165.44 177.64 OK
r-devel-linux-x86_64-debian-gcc 1.7-6 10.02 167.21 177.23 OK
r-devel-linux-x86_64-fedora-clang 1.7-6 324.62 NOTE
r-devel-linux-x86_64-fedora-gcc 1.7-6 301.99 NOTE
r-devel-windows-ix86+x86_64 1.7-6 51.00 437.00 488.00 NOTE
r-patched-linux-x86_64 1.7-6 9.98 170.14 180.12 OK
r-patched-solaris-sparc 1.7-6 1902.90 NOTE
r-patched-solaris-x86 1.7-6 359.50 NOTE
r-release-linux-x86_64 1.7-6 10.08 164.34 174.42 OK
r-release-windows-ix86+x86_64 1.7-6 59.00 369.00 428.00 NOTE
r-release-osx-x86_64 1.7-6 NOTE
r-oldrel-windows-ix86+x86_64 1.7-6 57.00 329.00 386.00 NOTE
r-oldrel-osx-x86_64 1.7-6 NOTE

Check Details

Version: 1.7-6
Check: installed package size
Result: NOTE
     installed size is 6.7Mb
     sub-directories of 1Mb or more:
     data 2.8Mb
     pictures 2.1Mb
Flavors: r-devel-linux-x86_64-fedora-clang, r-devel-linux-x86_64-fedora-gcc, r-devel-windows-ix86+x86_64, r-patched-solaris-sparc, r-patched-solaris-x86, r-release-windows-ix86+x86_64, r-release-osx-x86_64, r-oldrel-windows-ix86+x86_64, r-oldrel-osx-x86_64