CRAN Package Check Results for Package ade4

Last updated on 2017-10-24 10:47:39.

Flavor Version Tinstall Tcheck Ttotal Status Flags
r-devel-linux-x86_64-debian-clang 1.7-8 10.55 170.48 181.03 OK
r-devel-linux-x86_64-debian-gcc 1.7-8 11.44 168.95 180.39 OK
r-devel-linux-x86_64-fedora-clang 1.7-8 323.71 NOTE
r-devel-linux-x86_64-fedora-gcc 1.7-8 320.73 NOTE
r-devel-windows-ix86+x86_64 1.7-8 33.00 494.00 527.00 NOTE
r-patched-linux-x86_64 1.7-8 10.13 170.88 181.01 OK
r-patched-solaris-x86 1.7-8 377.90 NOTE
r-release-linux-x86_64 1.7-8 9.99 168.02 178.00 OK
r-release-windows-ix86+x86_64 1.7-8 50.00 385.00 435.00 NOTE
r-release-osx-x86_64 1.7-8 NOTE
r-oldrel-windows-ix86+x86_64 1.7-8 37.00 322.00 359.00 NOTE
r-oldrel-osx-x86_64 1.7-8 NOTE

Check Details

Version: 1.7-8
Check: installed package size
Result: NOTE
     installed size is 6.7Mb
     sub-directories of 1Mb or more:
     data 2.8Mb
     pictures 2.1Mb
Flavors: r-devel-linux-x86_64-fedora-clang, r-devel-linux-x86_64-fedora-gcc, r-devel-windows-ix86+x86_64, r-patched-solaris-x86, r-release-windows-ix86+x86_64, r-release-osx-x86_64, r-oldrel-windows-ix86+x86_64, r-oldrel-osx-x86_64