CRAN Package Check Results for Package ade4

Last updated on 2016-10-01 12:47:38.

Flavor Version Tinstall Tcheck Ttotal Status Flags
r-devel-linux-x86_64-debian-clang 1.7-4 11.77 155.94 167.70 NOTE
r-devel-linux-x86_64-debian-gcc 1.7-4 9.93 149.33 159.26 NOTE
r-devel-linux-x86_64-fedora-clang 1.7-4 288.63 NOTE
r-devel-linux-x86_64-fedora-gcc 1.7-4 260.39 NOTE
r-devel-macos-x86_64-clang 1.7-4 223.09 NOTE
r-devel-windows-ix86+x86_64 1.7-4 30.00 361.00 391.00 NOTE
r-patched-linux-x86_64 1.7-4 9.43 142.85 152.28 NOTE
r-patched-solaris-sparc 1.7-4 1758.20 NOTE
r-patched-solaris-x86 1.7-4 315.00 NOTE
r-release-linux-x86_64 1.7-4 9.69 148.21 157.90 NOTE
r-release-osx-x86_64-mavericks 1.7-4 NOTE
r-release-windows-ix86+x86_64 1.7-4 31.00 275.00 306.00 NOTE
r-oldrel-windows-ix86+x86_64 1.7-4 69.00 378.00 447.00 NOTE

Check Details

Version: 1.7-4
Check: installed package size
Result: NOTE
     installed size is 6.7Mb
     sub-directories of 1Mb or more:
     data 2.8Mb
     pictures 2.1Mb
Flavors: r-devel-linux-x86_64-debian-clang, r-devel-linux-x86_64-debian-gcc, r-devel-linux-x86_64-fedora-clang, r-devel-linux-x86_64-fedora-gcc, r-devel-macos-x86_64-clang, r-devel-windows-ix86+x86_64, r-patched-linux-x86_64, r-patched-solaris-sparc, r-patched-solaris-x86, r-release-linux-x86_64, r-release-osx-x86_64-mavericks, r-release-windows-ix86+x86_64, r-oldrel-windows-ix86+x86_64

Version: 1.7-4
Check: dependencies in R code
Result: NOTE
    Invalid MIT-MAGIC-COOKIE-1 keyInvalid MIT-MAGIC-COOKIE-1 key
Flavor: r-release-osx-x86_64-mavericks