CRAN Package Check Results for Package ade4

Last updated on 2017-01-17 11:50:02.

Flavor Version Tinstall Tcheck Ttotal Status Flags
r-devel-linux-x86_64-debian-clang 1.7-5 11.47 154.18 165.65 OK
r-devel-linux-x86_64-debian-gcc 1.7-5 10.56 155.19 165.74 OK
r-devel-linux-x86_64-fedora-clang 1.7-5 298.91 NOTE --no-stop-on-test-error
r-devel-linux-x86_64-fedora-gcc 1.7-5 288.81 NOTE --no-stop-on-test-error
r-devel-macos-x86_64-clang 1.7-5 238.52 NOTE --no-stop-on-test-error
r-devel-windows-ix86+x86_64 1.7-5 48.00 300.00 348.00 NOTE
r-patched-linux-x86_64 1.7-5 9.04 146.00 155.04 OK
r-patched-solaris-sparc 1.7-5 1788.20 NOTE
r-patched-solaris-x86 1.7-5 318.10 NOTE
r-release-linux-x86_64 1.7-5 9.63 144.01 153.64 OK
r-release-osx-x86_64-mavericks 1.7-5 NOTE
r-release-windows-ix86+x86_64 1.7-5 49.00 289.00 338.00 NOTE
r-oldrel-windows-ix86+x86_64 1.7-5 39.00 397.00 436.00 NOTE

Check Details

Version: 1.7-5
Flags: --no-stop-on-test-error
Check: installed package size
Result: NOTE
     installed size is 6.7Mb
     sub-directories of 1Mb or more:
     data 2.8Mb
     pictures 2.1Mb
Flavors: r-devel-linux-x86_64-fedora-clang, r-devel-linux-x86_64-fedora-gcc, r-devel-macos-x86_64-clang

Version: 1.7-5
Check: installed package size
Result: NOTE
     installed size is 6.5Mb
     sub-directories of 1Mb or more:
     data 2.7Mb
     pictures 2.1Mb
Flavors: r-devel-windows-ix86+x86_64, r-patched-solaris-sparc, r-patched-solaris-x86, r-release-osx-x86_64-mavericks, r-release-windows-ix86+x86_64, r-oldrel-windows-ix86+x86_64