CRAN Package Check Results for Package ade4

Last updated on 2018-05-21 02:46:24 CEST.

Flavor Version Tinstall Tcheck Ttotal Status Flags
r-devel-linux-x86_64-debian-clang 1.7-11 42.22 222.71 264.93 OK
r-devel-linux-x86_64-debian-gcc 1.7-11 27.76 183.62 211.38 OK
r-devel-linux-x86_64-fedora-clang 1.7-11 342.96 NOTE
r-devel-linux-x86_64-fedora-gcc 1.7-11 331.47 NOTE
r-devel-windows-ix86+x86_64 1.7-11 94.00 310.00 404.00 NOTE
r-patched-linux-x86_64 1.7-11 42.81 248.49 291.30 OK
r-patched-solaris-x86 1.7-11 419.90 NOTE
r-release-linux-x86_64 1.7-11 42.64 251.82 294.46 OK
r-release-windows-ix86+x86_64 1.7-11 70.00 298.00 368.00 NOTE
r-release-osx-x86_64 1.7-11 NOTE
r-oldrel-windows-ix86+x86_64 1.7-11 33.00 320.00 353.00 NOTE
r-oldrel-osx-x86_64 1.7-11 NOTE

Check Details

Version: 1.7-11
Check: installed package size
Result: NOTE
     installed size is 7.7Mb
     sub-directories of 1Mb or more:
     R 1.4Mb
     data 2.8Mb
     pictures 2.1Mb
Flavors: r-devel-linux-x86_64-fedora-clang, r-devel-linux-x86_64-fedora-gcc, r-devel-windows-ix86+x86_64, r-patched-solaris-x86, r-release-windows-ix86+x86_64, r-release-osx-x86_64, r-oldrel-windows-ix86+x86_64, r-oldrel-osx-x86_64