CRAN Package Check Results for Package ade4

Last updated on 2014-07-23 12:47:24.

Flavor Version Tinstall Tcheck Ttotal Status Flags
r-devel-linux-x86_64-debian-clang 1.6-2 7.42 146.93 154.35 NOTE
r-devel-linux-x86_64-debian-gcc 1.6-2 9.70 146.55 156.26 NOTE
r-devel-linux-x86_64-fedora-clang 1.6-2 307.74 NOTE
r-devel-linux-x86_64-fedora-gcc 1.6-2 302.00 NOTE
r-devel-osx-x86_64-clang 1.6-2 247.90 NOTE
r-devel-windows-ix86+x86_64 1.6-2 30.00 250.00 280.00 NOTE
r-patched-linux-x86_64 1.6-2 9.46 144.32 153.77 NOTE
r-patched-solaris-sparc 1.6-2 1684.10 NOTE
r-patched-solaris-x86 1.6-2 370.30 NOTE
r-release-linux-ix86 1.6-2 9.86 175.20 185.06 NOTE
r-release-linux-x86_64 1.6-2 9.82 148.10 157.92 NOTE
r-release-osx-x86_64-mavericks 1.6-2 NOTE
r-release-osx-x86_64-snowleopard 1.6-2 WARN
r-release-windows-ix86+x86_64 1.6-2 28.00 254.00 282.00 NOTE
r-oldrel-windows-ix86+x86_64 1.6-2 28.00 267.00 295.00 NOTE

Check Details

Version: 1.6-2
Check: installed package size
Result: NOTE
     installed size is 5.3Mb
     sub-directories of 1Mb or more:
     data 1.5Mb
     pictures 2.1Mb
Flavors: r-devel-linux-x86_64-debian-clang, r-devel-linux-x86_64-debian-gcc, r-devel-linux-x86_64-fedora-clang, r-devel-linux-x86_64-fedora-gcc, r-devel-osx-x86_64-clang, r-devel-windows-ix86+x86_64, r-patched-linux-x86_64, r-patched-solaris-sparc, r-patched-solaris-x86, r-release-linux-ix86, r-release-linux-x86_64, r-release-osx-x86_64-mavericks, r-release-osx-x86_64-snowleopard, r-release-windows-ix86+x86_64, r-oldrel-windows-ix86+x86_64

Version: 1.6-2
Check: package dependencies
Result: NOTE
    Packages suggested but not available for checking: ‘maptools’ ‘spdep’
Flavor: r-release-osx-x86_64-mavericks

Version: 1.6-2
Check: Rd cross-references
Result: NOTE
    Package unavailable to check Rd xrefs: ‘spdep’
Flavor: r-release-osx-x86_64-mavericks

Version: 1.6-2
Check: examples
Result: WARNING
    checking a package with encoding 'UTF-8' in an ASCII locale
    
     OK
Flavor: r-release-osx-x86_64-snowleopard