CRAN Package Check Results for Package ade4

Last updated on 2016-08-28 17:47:52.

Flavor Version Tinstall Tcheck Ttotal Status Flags
r-devel-linux-x86_64-debian-clang 1.7-4 11.59 149.17 160.76 NOTE
r-devel-linux-x86_64-debian-gcc 1.7-4 9.67 144.65 154.32 NOTE
r-devel-linux-x86_64-fedora-clang 1.7-4 284.22 NOTE
r-devel-linux-x86_64-fedora-gcc 1.7-4 259.06 NOTE
r-devel-osx-x86_64-clang 1.7-4 233.04 NOTE
r-devel-windows-ix86+x86_64 1.7-4 42.00 389.00 431.00 NOTE
r-patched-linux-x86_64 1.7-4 9.23 144.53 153.77 NOTE
r-patched-solaris-sparc 1.7-4 1758.20 NOTE
r-patched-solaris-x86 1.7-4 316.10 NOTE
r-release-linux-x86_64 1.7-4 10.18 151.10 161.28 NOTE
r-release-osx-x86_64-mavericks 1.7-4 NOTE
r-release-windows-ix86+x86_64 1.7-4 50.00 275.00 325.00 NOTE
r-oldrel-windows-ix86+x86_64 1.7-4 63.00 460.00 523.00 NOTE

Check Details

Version: 1.7-4
Check: installed package size
Result: NOTE
     installed size is 6.7Mb
     sub-directories of 1Mb or more:
     data 2.8Mb
     pictures 2.1Mb
Flavors: r-devel-linux-x86_64-debian-clang, r-devel-linux-x86_64-debian-gcc, r-devel-linux-x86_64-fedora-clang, r-devel-linux-x86_64-fedora-gcc, r-devel-osx-x86_64-clang, r-devel-windows-ix86+x86_64, r-patched-linux-x86_64, r-patched-solaris-sparc, r-patched-solaris-x86, r-release-linux-x86_64, r-release-osx-x86_64-mavericks, r-release-windows-ix86+x86_64, r-oldrel-windows-ix86+x86_64

Version: 1.7-4
Check: dependencies in R code
Result: NOTE
    Invalid MIT-MAGIC-COOKIE-1 keyInvalid MIT-MAGIC-COOKIE-1 key
Flavor: r-release-osx-x86_64-mavericks