CRAN Package Check Results for Package ade4

Last updated on 2014-08-23 20:46:47.

Flavor Version Tinstall Tcheck Ttotal Status Flags
r-devel-linux-x86_64-debian-clang 1.6-2 7.24 132.49 139.73 NOTE
r-devel-linux-x86_64-debian-gcc 1.6-2 9.63 145.72 155.35 NOTE
r-devel-linux-x86_64-fedora-clang 1.6-2 285.89 NOTE
r-devel-linux-x86_64-fedora-gcc 1.6-2 258.90 NOTE
r-devel-osx-x86_64-clang 1.6-2 219.62 NOTE
r-devel-windows-ix86+x86_64 1.6-2 27.00 240.00 267.00 NOTE
r-patched-linux-x86_64 1.6-2 9.65 146.34 155.99 NOTE
r-patched-solaris-sparc 1.6-2 1740.40 NOTE
r-patched-solaris-x86 1.6-2 369.20 NOTE
r-release-linux-ix86 1.6-2 9.89 175.12 185.00 NOTE
r-release-linux-x86_64 1.6-2 9.91 149.64 159.55 NOTE
r-release-osx-x86_64-mavericks 1.6-2 NOTE
r-release-osx-x86_64-snowleopard 1.6-2 WARN
r-release-windows-ix86+x86_64 1.6-2 27.00 245.00 272.00 NOTE
r-oldrel-windows-ix86+x86_64 1.6-2 29.00 274.00 303.00 NOTE

Check Details

Version: 1.6-2
Check: installed package size
Result: NOTE
     installed size is 5.3Mb
     sub-directories of 1Mb or more:
     data 1.5Mb
     pictures 2.1Mb
Flavors: r-devel-linux-x86_64-debian-clang, r-devel-linux-x86_64-debian-gcc, r-devel-linux-x86_64-fedora-clang, r-devel-linux-x86_64-fedora-gcc, r-devel-osx-x86_64-clang, r-devel-windows-ix86+x86_64, r-patched-linux-x86_64, r-patched-solaris-sparc, r-patched-solaris-x86, r-release-linux-ix86, r-release-linux-x86_64, r-release-osx-x86_64-mavericks, r-release-osx-x86_64-snowleopard, r-release-windows-ix86+x86_64, r-oldrel-windows-ix86+x86_64

Version: 1.6-2
Check: R code for possible problems
Result: NOTE
    prep.mdpcoa : fun1: no visible global function definition for
     ‘dist.dna’
Flavors: r-devel-linux-x86_64-debian-clang, r-devel-linux-x86_64-debian-gcc, r-devel-linux-x86_64-fedora-clang, r-devel-linux-x86_64-fedora-gcc, r-devel-osx-x86_64-clang

Version: 1.6-2
Check: package dependencies
Result: NOTE
    Packages suggested but not available for checking: ‘maptools’ ‘spdep’
Flavor: r-release-osx-x86_64-mavericks

Version: 1.6-2
Check: Rd cross-references
Result: NOTE
    Package unavailable to check Rd xrefs: ‘spdep’
Flavor: r-release-osx-x86_64-mavericks

Version: 1.6-2
Check: examples
Result: WARN
    checking a package with encoding 'UTF-8' in an ASCII locale
    
     OK
Flavor: r-release-osx-x86_64-snowleopard