CRAN Package Check Results for Package ade4

Last updated on 2016-07-29 15:47:16.

Flavor Version Tinstall Tcheck Ttotal Status Flags
r-devel-linux-x86_64-debian-clang 1.7-4 11.55 146.86 158.40 NOTE
r-devel-linux-x86_64-debian-gcc 1.7-4 10.97 169.84 180.81 NOTE
r-devel-linux-x86_64-fedora-clang 1.7-4 283.29 NOTE
r-devel-linux-x86_64-fedora-gcc 1.7-4 260.95 NOTE
r-devel-osx-x86_64-clang 1.7-4 231.90 NOTE
r-devel-windows-ix86+x86_64 1.7-4 48.00 367.00 415.00 NOTE
r-patched-linux-x86_64 1.7-4 12.07 158.65 170.71 NOTE
r-patched-solaris-sparc 1.7-4 1758.20 NOTE
r-patched-solaris-x86 1.7-4 315.60 NOTE
r-release-linux-x86_64 1.7-4 10.53 162.54 173.06 NOTE
r-release-osx-x86_64-mavericks 1.7-4 NOTE
r-release-windows-ix86+x86_64 1.7-4 47.00 288.00 335.00 NOTE
r-oldrel-windows-ix86+x86_64 1.7-4 52.00 390.00 442.00 NOTE

Check Details

Version: 1.7-4
Check: installed package size
Result: NOTE
     installed size is 6.7Mb
     sub-directories of 1Mb or more:
     data 2.8Mb
     pictures 2.1Mb
Flavors: r-devel-linux-x86_64-debian-clang, r-devel-linux-x86_64-debian-gcc, r-devel-linux-x86_64-fedora-clang, r-devel-linux-x86_64-fedora-gcc, r-devel-osx-x86_64-clang, r-devel-windows-ix86+x86_64, r-patched-linux-x86_64, r-patched-solaris-sparc, r-patched-solaris-x86, r-release-linux-x86_64, r-release-osx-x86_64-mavericks, r-release-windows-ix86+x86_64, r-oldrel-windows-ix86+x86_64

Version: 1.7-4
Check: dependencies in R code
Result: NOTE
    Invalid MIT-MAGIC-COOKIE-1 keyInvalid MIT-MAGIC-COOKIE-1 key
Flavor: r-release-osx-x86_64-mavericks