CRAN Package Check Results for Package ade4

Last updated on 2017-02-20 17:48:41.

Flavor Version Tinstall Tcheck Ttotal Status Flags
r-devel-linux-x86_64-debian-clang 1.7-5 11.63 156.23 167.86 NOTE
r-devel-linux-x86_64-debian-gcc 1.7-5 9.82 152.27 162.09 NOTE
r-devel-linux-x86_64-fedora-clang 1.7-5 298.90 NOTE --no-stop-on-test-error
r-devel-linux-x86_64-fedora-gcc 1.7-5 284.03 NOTE --no-stop-on-test-error
r-devel-macos-x86_64-clang 238.57 NOTE --no-stop-on-test-error
r-devel-windows-ix86+x86_64 1.7-5 40.00 346.00 386.00 ERROR
r-patched-linux-x86_64 1.7-5 9.54 145.42 154.96 OK
r-patched-solaris-sparc 1.7-5 1788.20 NOTE
r-patched-solaris-x86 1.7-5 318.40 NOTE
r-release-linux-x86_64 1.7-5 9.49 144.18 153.67 OK
r-release-osx-x86_64-mavericks 1.7-5 NOTE
r-release-windows-ix86+x86_64 1.7-5 32.00 281.00 313.00 NOTE
r-oldrel-windows-ix86+x86_64 1.7-5 39.00 271.00 310.00 NOTE

Check Details

Version: 1.7-5
Check: compiled code
Result: NOTE
    File ‘ade4/libs/ade4.so’:
     Found no calls to: ‘R_registerRoutines’, ‘R_useDynamicSymbols’
    
    It is good practice to register native routines and to disable symbol
    search.
    
    See ‘Writing portable packages’ in the ‘Writing R Extensions’ manual.
Flavors: r-devel-linux-x86_64-debian-clang, r-devel-linux-x86_64-debian-gcc

Version: 1.7-5
Flags: --no-stop-on-test-error
Check: installed package size
Result: NOTE
     installed size is 6.7Mb
     sub-directories of 1Mb or more:
     data 2.8Mb
     pictures 2.1Mb
Flavors: r-devel-linux-x86_64-fedora-clang, r-devel-linux-x86_64-fedora-gcc, r-devel-macos-x86_64-clang

Version: 1.7-5
Flags: --no-stop-on-test-error
Check: compiled code
Result: NOTE
    File ‘ade4/libs/ade4.so’:
     Found no calls to: ‘R_registerRoutines’, ‘R_useDynamicSymbols’
    
    It is good practice to register native routines and to disable symbol
    search.
    
    See ‘Writing portable packages’ in the ‘Writing R Extensions’ manual.
Flavors: r-devel-linux-x86_64-fedora-clang, r-devel-linux-x86_64-fedora-gcc, r-devel-macos-x86_64-clang

Version: 1.7-5
Check: installed package size
Result: NOTE
     installed size is 6.5Mb
     sub-directories of 1Mb or more:
     data 2.7Mb
     pictures 2.1Mb
Flavors: r-devel-windows-ix86+x86_64, r-patched-solaris-sparc, r-patched-solaris-x86, r-release-osx-x86_64-mavericks, r-release-windows-ix86+x86_64, r-oldrel-windows-ix86+x86_64

Version: 1.7-5
Check: running examples for arch ‘i386’
Result: ERROR
    Running examples in 'ade4-Ex.R' failed
    The error most likely occurred in:
    
    > ### Name: divcmax
    > ### Title: Maximal value of Rao's diversity coefficient also called
    > ### quadratic entropy
    > ### Aliases: divcmax
    > ### Keywords: multivariate
    >
    > ### ** Examples
    >
    > par.safe <- par()$mar
    > data(elec88)
    > par(mar = c(0.1, 0.1, 0.1, 0.1))
    > # Departments of France.
    > area.plot(elec88$area)
    >
    > # Dissimilarity matrix.
    > d0 <- dist(elec88$xy)
    >
    > # Frequency distribution maximizing spatial diversity in France
    > # according to Rao's quadratic entropy.
    > France.m <- divcmax(d0)
    Warning in min(-xk[yk < 0]/yk[yk < 0]) :
     no non-missing arguments to min; returning Inf
    Error in if (abs(maxi.temp - t(xk + alpha * yk) %*% D2 %*% (xk + alpha * :
     missing value where TRUE/FALSE needed
    Calls: divcmax
    Execution halted
Flavor: r-devel-windows-ix86+x86_64