CRAN Package Check Results for Package ade4

Last updated on 2016-05-02 21:49:38.

Flavor Version Tinstall Tcheck Ttotal Status Flags
r-devel-linux-x86_64-debian-gcc 1.7-4 9.43 142.84 152.27 NOTE
r-devel-linux-x86_64-fedora-clang 1.7-4 284.58 NOTE
r-devel-linux-x86_64-fedora-gcc 1.7-4 262.41 NOTE
r-devel-osx-x86_64-clang 1.7-4 306.88 NOTE
r-devel-windows-ix86+x86_64 1.7-4 32.00 290.00 322.00 NOTE
r-patched-linux-x86_64 1.7-4 9.63 144.31 153.94 NOTE
r-patched-solaris-sparc 1.7-4 1737.70 NOTE
r-patched-solaris-x86 1.7-4 320.30 NOTE
r-release-linux-x86_64 1.7-4 10.21 143.08 153.29 NOTE
r-release-osx-x86_64-mavericks 1.7-4 NOTE
r-release-windows-ix86+x86_64 1.7-4 37.00 299.00 336.00 NOTE
r-oldrel-windows-ix86+x86_64 1.7-4 55.00 392.00 447.00 NOTE

Check Details

Version: 1.7-4
Check: installed package size
Result: NOTE
     installed size is 6.6Mb
     sub-directories of 1Mb or more:
     data 2.8Mb
     pictures 2.1Mb
Flavors: r-devel-linux-x86_64-debian-gcc, r-devel-linux-x86_64-fedora-clang, r-devel-linux-x86_64-fedora-gcc, r-devel-osx-x86_64-clang, r-devel-windows-ix86+x86_64, r-patched-linux-x86_64, r-patched-solaris-sparc, r-patched-solaris-x86, r-release-linux-x86_64, r-release-osx-x86_64-mavericks, r-release-windows-ix86+x86_64, r-oldrel-windows-ix86+x86_64