CRAN Package Check Results for Package ade4

Last updated on 2017-03-29 03:50:15.

Flavor Version Tinstall Tcheck Ttotal Status Flags
r-devel-linux-x86_64-debian-clang 1.7-6 11.33 169.34 180.66 OK
r-devel-linux-x86_64-debian-gcc 1.7-6 10.18 165.05 175.23 OK
r-devel-linux-x86_64-fedora-clang 1.7-6 199.63 NOTE --no-stop-on-test-error
r-devel-linux-x86_64-fedora-gcc 1.7-6 177.69 NOTE --no-stop-on-test-error
r-devel-macos-x86_64-clang 1.7-6 248.16 NOTE --no-stop-on-test-error
r-devel-windows-ix86+x86_64 1.7-6 73.00 342.00 415.00 NOTE
r-patched-linux-x86_64 1.7-6 9.67 164.45 174.12 OK
r-patched-solaris-sparc 1.7-6 1902.90 NOTE
r-patched-solaris-x86 1.7-6 325.90 NOTE
r-release-linux-x86_64 1.7-6 9.75 152.72 162.47 OK
r-release-osx-x86_64-mavericks 1.7-6 NOTE
r-release-windows-ix86+x86_64 1.7-6 41.00 413.00 454.00 NOTE
r-oldrel-windows-ix86+x86_64 1.7-6 41.00 316.00 357.00 NOTE

Check Details

Version: 1.7-6
Flags: --no-stop-on-test-error
Check: installed package size
Result: NOTE
     installed size is 6.7Mb
     sub-directories of 1Mb or more:
     data 2.8Mb
     pictures 2.1Mb
Flavors: r-devel-linux-x86_64-fedora-clang, r-devel-linux-x86_64-fedora-gcc, r-devel-macos-x86_64-clang

Version: 1.7-6
Check: installed package size
Result: NOTE
     installed size is 6.5Mb
     sub-directories of 1Mb or more:
     data 2.7Mb
     pictures 2.1Mb
Flavors: r-devel-windows-ix86+x86_64, r-patched-solaris-sparc, r-patched-solaris-x86, r-release-osx-x86_64-mavericks, r-release-windows-ix86+x86_64, r-oldrel-windows-ix86+x86_64