CRAN Package Check Results for Package ade4

Last updated on 2016-12-08 18:46:47.

Flavor Version Tinstall Tcheck Ttotal Status Flags
r-devel-linux-x86_64-debian-clang 1.7-4 11.45 167.32 178.77 OK
r-devel-linux-x86_64-debian-gcc 1.7-4 9.88 159.11 168.98 OK
r-devel-linux-x86_64-fedora-clang 1.7-4 313.98 NOTE --no-stop-on-test-error
r-devel-linux-x86_64-fedora-gcc 1.7-4 301.92 NOTE --no-stop-on-test-error
r-devel-macos-x86_64-clang 1.7-4 243.22 NOTE
r-devel-windows-ix86+x86_64 1.7-4 35.00 293.00 328.00 NOTE
r-patched-linux-x86_64 1.7-4 9.60 145.66 155.26 OK
r-patched-solaris-sparc 1.7-4 1758.20 NOTE
r-patched-solaris-x86 1.7-4 318.10 NOTE
r-release-linux-x86_64 1.7-4 9.57 144.98 154.55 OK
r-release-osx-x86_64-mavericks 1.7-4 NOTE
r-release-windows-ix86+x86_64 1.7-4 70.00 270.00 340.00 NOTE
r-oldrel-windows-ix86+x86_64 1.7-4 47.00 285.00 332.00 NOTE

Check Details

Version: 1.7-4
Flags: --no-stop-on-test-error
Check: installed package size
Result: NOTE
     installed size is 6.7Mb
     sub-directories of 1Mb or more:
     data 2.8Mb
     pictures 2.1Mb
Flavors: r-devel-linux-x86_64-fedora-clang, r-devel-linux-x86_64-fedora-gcc

Version: 1.7-4
Check: installed package size
Result: NOTE
     installed size is 6.4Mb
     sub-directories of 1Mb or more:
     data 2.8Mb
     pictures 2.1Mb
Flavors: r-devel-macos-x86_64-clang, r-devel-windows-ix86+x86_64, r-patched-solaris-sparc, r-patched-solaris-x86, r-release-osx-x86_64-mavericks, r-release-windows-ix86+x86_64, r-oldrel-windows-ix86+x86_64

Version: 1.7-4
Check: dependencies in R code
Result: NOTE
    Invalid MIT-MAGIC-COOKIE-1 keyInvalid MIT-MAGIC-COOKIE-1 key
Flavor: r-release-osx-x86_64-mavericks