CRAN Package Check Results for Package ade4

Last updated on 2018-01-17 18:46:38 CET.

Flavor Version Tinstall Tcheck Ttotal Status Flags
r-devel-linux-x86_64-debian-clang 1.7-10 14.32 291.19 305.51 OK
r-devel-linux-x86_64-debian-gcc 1.7-10 12.61 208.88 221.49 OK
r-devel-linux-x86_64-fedora-clang 1.7-10 314.63 NOTE
r-devel-linux-x86_64-fedora-gcc 1.7-10 324.78 NOTE
r-devel-windows-ix86+x86_64 1.7-10 47.00 349.00 396.00 NOTE
r-patched-linux-x86_64 1.7-10 13.84 279.60 293.44 OK
r-patched-solaris-x86 1.7-10 390.60 NOTE
r-release-linux-x86_64 1.7-10 13.78 274.76 288.54 OK
r-release-windows-ix86+x86_64 1.7-10 37.00 344.00 381.00 NOTE
r-release-osx-x86_64 1.7-10 NOTE
r-oldrel-windows-ix86+x86_64 1.7-10 49.00 305.00 354.00 NOTE
r-oldrel-osx-x86_64 1.7-10 NOTE

Check Details

Version: 1.7-10
Check: installed package size
Result: NOTE
     installed size is 6.7Mb
     sub-directories of 1Mb or more:
     data 2.8Mb
     pictures 2.1Mb
Flavors: r-devel-linux-x86_64-fedora-clang, r-devel-linux-x86_64-fedora-gcc, r-devel-windows-ix86+x86_64, r-patched-solaris-x86, r-release-windows-ix86+x86_64, r-release-osx-x86_64, r-oldrel-windows-ix86+x86_64, r-oldrel-osx-x86_64