CRAN Package Check Results for Package ade4TkGUI

Last updated on 2014-10-23 19:47:30.

Flavor Version Tinstall Tcheck Ttotal Status Flags
r-devel-linux-x86_64-debian-clang 0.2-6 1.06 36.77 37.83 NOTE
r-devel-linux-x86_64-debian-gcc 0.2-6 1.10 36.13 37.23 NOTE
r-devel-linux-x86_64-fedora-clang 0.2-6 67.21 NOTE
r-devel-linux-x86_64-fedora-gcc 0.2-6 65.04 NOTE
r-devel-osx-x86_64-clang 0.2-6 76.23 NOTE
r-devel-windows-ix86+x86_64 0.2-6 3.00 43.00 46.00 NOTE
r-patched-linux-x86_64 0.2-6 1.04 38.21 39.25 NOTE
r-patched-solaris-sparc 0.2-6 397.40 NOTE
r-patched-solaris-x86 0.2-6 95.20 NOTE
r-release-linux-ix86 0.2-6 1.50 47.90 49.40 NOTE
r-release-linux-x86_64 0.2-6 1.01 37.65 38.66 NOTE
r-release-osx-x86_64-mavericks 0.2-6 NOTE
r-release-windows-ix86+x86_64 0.2-6 3.00 50.00 53.00 NOTE
r-oldrel-windows-ix86+x86_64 0.2-6 3.00 44.00 47.00 NOTE

Check Details

Version: 0.2-6
Check: dependencies in R code
Result: NOTE
    'library' or 'require' calls to packages already attached by Depends:
     ‘ade4’ ‘tcltk’
     Please remove these calls from your code.
    See the information on DESCRIPTION files in the chapter ‘Creating R
    packages’ of the ‘Writing R Extensions’ manual.
Flavors: r-devel-linux-x86_64-debian-clang, r-devel-linux-x86_64-debian-gcc, r-devel-linux-x86_64-fedora-clang, r-devel-linux-x86_64-fedora-gcc, r-devel-osx-x86_64-clang, r-devel-windows-ix86+x86_64, r-patched-linux-x86_64, r-patched-solaris-sparc, r-patched-solaris-x86, r-release-linux-ix86, r-release-linux-x86_64, r-release-osx-x86_64-mavericks, r-release-windows-ix86+x86_64, r-oldrel-windows-ix86+x86_64

Version: 0.2-6
Check: R code for possible problems
Result: NOTE
    Found an obsolete/platform-specific call in the following function:
     ‘newGr’
    Found the platform-specific devices:
     ‘quartz’ ‘windows’ ‘x11’
    dev.new() is the preferred way to open a new device, in the unlikely
    event one is needed.
    explore : plot.s.change.origin: no visible global function definition
     for ‘tkrreplot’
    explore : plot.s.change.origin.find: no visible global function
     definition for ‘tkrreplot’
    explore : plot.s.refresh: no visible global function definition for
     ‘tkrreplot’
    explore : redo.plot.s.zoomfac: no visible global function definition
     for ‘tkrreplot’
    explore : draw.rect: no visible global function definition for
     ‘tkrreplot’
    explore : addonelabel: no visible global function definition for
     ‘tkrreplot’
    explore : removelabel: no visible global function definition for
     ‘tkrreplot’
    explore : addalllabel: no visible global function definition for
     ‘tkrreplot’
    explore : addselectlabel : okbutton.f1.tt2: no visible global function
     definition for ‘tkrreplot’
    explore : labelbyvalues : ok.button.labval: no visible global function
     definition for ‘tkrreplot’
    explore : copytoclip: no visible global function definition for
     ‘tkrreplot’
    explore: no visible global function definition for ‘tkrplot’
    ordiClust: no visible global function definition for ‘tkrplot’
    ordiClust : doCutk: no visible global function definition for ‘between’
    ordiClust : doCutk: no visible global function definition for
     ‘randtest.between’
    ordiClust : doCuth: no visible global function definition for ‘between’
    ordiClust : doCuth: no visible global function definition for
     ‘randtest.between’
    ordiClust : doTest: no visible global function definition for ‘between’
    ordiClust : doTest: no visible global function definition for
     ‘randtest.between’
    ordiClust : doDraw: no visible global function definition for ‘between’
    ordiClust : <anonymous>: no visible global function definition for
     ‘tkrreplot’
    ordiClust : f: no visible global function definition for ‘between’
    ordiClust : f: no visible global function definition for
     ‘randtest.between’
    ordiClust : f: no visible global function definition for ‘tkrreplot’
    ordiClust: no visible global function definition for ‘tkrreplot’
    ordiClust : keyup: no visible global function definition for ‘between’
    ordiClust : keyup: no visible global function definition for
     ‘randtest.between’
    ordiClust : keyup: no visible global function definition for
     ‘tkrreplot’
    ordiClust : keydown: no visible global function definition for
     ‘between’
    ordiClust : keydown: no visible global function definition for
     ‘randtest.between’
    ordiClust : keydown: no visible global function definition for
     ‘tkrreplot’
    ordiClust : kret: no visible global function definition for ‘tkrreplot’
    
    Found the following assignments to the global environment:
    File ‘ade4TkGUI/R/ade4TkGUI.R’:
     assign("cmdlist", "cmdlist", envir = .GlobalEnv)
     assign("winlist", 1, envir = .GlobalEnv)
    File ‘ade4TkGUI/R/choose.R’:
     assign("winlist", get("winlist", envir = .GlobalEnv) + 1, envir = .GlobalEnv)
     assign("cmdlist", "cmdlist", envir = .GlobalEnv)
    File ‘ade4TkGUI/R/dialog.MCTests.R’:
     assign("ade4TkGUIFlag", 1, envir = .GlobalEnv)
     assign(eval(randtestname), myObject, pos = 1)
    File ‘ade4TkGUI/R/dialog.between.R’:
     assign("ade4TkGUIFlag", 1, envir = .GlobalEnv)
     assign(eval(dudiname), mydudi, pos = 1)
    File ‘ade4TkGUI/R/dialog.cca.R’:
     assign("ade4TkGUIFlag", 1, envir = .GlobalEnv)
     assign(eval(dudiout), myObject, pos = 1)
    File ‘ade4TkGUI/R/dialog.coinertia.R’:
     assign("ade4TkGUIFlag", 1, envir = .GlobalEnv)
     assign(eval(dudiout), myObject, pos = 1)
    File ‘ade4TkGUI/R/dialog.discrimin.R’:
     assign("ade4TkGUIFlag", 1, envir = .GlobalEnv)
     assign(eval(dudiname), mydudi, pos = 1)
    File ‘ade4TkGUI/R/dialog.dpcoa.R’:
     assign("ade4TkGUIFlag", 1, envir = .GlobalEnv)
     assign(eval(dudiname), mydudi, pos = 1)
    File ‘ade4TkGUI/R/dialog.dudi.acm.R’:
     assign("ade4TkGUIFlag", 1, envir = .GlobalEnv)
     assign(eval(dudiname), mydudi, pos = 1)
    File ‘ade4TkGUI/R/dialog.dudi.coa.R’:
     assign("ade4TkGUIFlag", 1, envir = .GlobalEnv)
     assign(eval(dudiname), mydudi, pos = 1)
    File ‘ade4TkGUI/R/dialog.dudi.dec.R’:
     assign("ade4TkGUIFlag", 1, envir = .GlobalEnv)
     assign(eval(dudiname), mydudi, pos = 1)
    File ‘ade4TkGUI/R/dialog.dudi.display.R’:
     assign("cmdlist", c(get("cmdlist", envir = .GlobalEnv), cmd),
     envir = .GlobalEnv)
     assign("cmdlist", c(get("cmdlist", envir = .GlobalEnv), cmd),
     envir = .GlobalEnv)
     assign("cmdlist", c(get("cmdlist", envir = .GlobalEnv), cmd),
     envir = .GlobalEnv)
     assign("cmdlist", c(get("cmdlist", envir = .GlobalEnv), cmd),
     envir = .GlobalEnv)
     assign("cmdlist", c(get("cmdlist", envir = .GlobalEnv), cmd),
     envir = .GlobalEnv)
     assign("cmdlist", c(get("cmdlist", envir = .GlobalEnv), cmd),
     envir = .GlobalEnv)
     assign("cmdlist", c(get("cmdlist", envir = .GlobalEnv), cmd),
     envir = .GlobalEnv)
     assign("cmdlist", c(get("cmdlist", envir = .GlobalEnv), cmd),
     envir = .GlobalEnv)
     assign("cmdlist", c(get("cmdlist", envir = .GlobalEnv), cmd),
     envir = .GlobalEnv)
     assign("cmdlist", c(get("cmdlist", envir = .GlobalEnv), cmd),
     envir = .GlobalEnv)
     assign("cmdlist", c(get("cmdlist", envir = .GlobalEnv), cmd),
     envir = .GlobalEnv)
     assign("cmdlist", c(get("cmdlist", envir = .GlobalEnv), cmd),
     envir = .GlobalEnv)
     assign("cmdlist", c(get("cmdlist", envir = .GlobalEnv), cmd),
     envir = .GlobalEnv)
     assign("cmdlist", c(get("cmdlist", envir = .GlobalEnv), cmd),
     envir = .GlobalEnv)
     assign("cmdlist", c(get("cmdlist", envir = .GlobalEnv), cmd),
     envir = .GlobalEnv)
     assign("cmdlist", c(get("cmdlist", envir = .GlobalEnv), cmd),
     envir = .GlobalEnv)
     assign("cmdlist", c(get("cmdlist", envir = .GlobalEnv), cmd),
     envir = .GlobalEnv)
     assign("cmdlist", c(get("cmdlist", envir = .GlobalEnv), cmd),
     envir = .GlobalEnv)
     assign("cmdlist", c(get("cmdlist", envir = .GlobalEnv), cmd),
     envir = .GlobalEnv)
     assign("cmdlist", c(get("cmdlist", envir = .GlobalEnv), cmd),
     envir = .GlobalEnv)
    File ‘ade4TkGUI/R/dialog.dudi.fca.R’:
     assign("ade4TkGUIFlag", 1, envir = .GlobalEnv)
     assign(eval(dudiname), mydudi, pos = 1)
    File ‘ade4TkGUI/R/dialog.dudi.fpca.R’:
     assign("ade4TkGUIFlag", 1, envir = .GlobalEnv)
     assign(eval(dudiname), mydudi, pos = 1)
    File ‘ade4TkGUI/R/dialog.dudi.mix.R’:
     assign("ade4TkGUIFlag", 1, envir = .GlobalEnv)
     assign(eval(dudiname), mydudi, pos = 1)
    File ‘ade4TkGUI/R/dialog.dudi.nsc.R’:
     assign("ade4TkGUIFlag", 1, envir = .GlobalEnv)
     assign(eval(dudiname), mydudi, pos = 1)
    File ‘ade4TkGUI/R/dialog.dudi.pca.R’:
     assign("ade4TkGUIFlag", 1, envir = .GlobalEnv)
     assign(eval(dudiname), mydudi, pos = 1)
    File ‘ade4TkGUI/R/dialog.dudi.pco.R’:
     assign("ade4TkGUIFlag", 1, envir = .GlobalEnv)
     assign(eval(dudiname), mydudi, pos = 1)
    File ‘ade4TkGUI/R/dialog.pcaiv.R’:
     assign("ade4TkGUIFlag", 1, envir = .GlobalEnv)
     assign(eval(dudiout), myObject, pos = 1)
    File ‘ade4TkGUI/R/dialog.pcaivortho.R’:
     assign("ade4TkGUIFlag", 1, envir = .GlobalEnv)
     assign(eval(dudiout), myObject, pos = 1)
    File ‘ade4TkGUI/R/dialog.s.arrow.R’:
     assign("cmdlist", c(get("cmdlist", envir = .GlobalEnv), cmd),
     envir = .GlobalEnv)
    File ‘ade4TkGUI/R/dialog.s.chull.R’:
     assign("cmdlist", c(get("cmdlist", envir = .GlobalEnv), cmd),
     envir = .GlobalEnv)
    File ‘ade4TkGUI/R/dialog.s.class.R’:
     assign("cmdlist", c(get("cmdlist", envir = .GlobalEnv), cmd),
     envir = .GlobalEnv)
    File ‘ade4TkGUI/R/dialog.s.label.R’:
     assign("cmdlist", c(get("cmdlist", envir = .GlobalEnv), cmd),
     envir = .GlobalEnv)
    File ‘ade4TkGUI/R/dialog.s.match.R’:
     assign("cmdlist", c(get("cmdlist", envir = .GlobalEnv), cmd),
     envir = .GlobalEnv)
    File ‘ade4TkGUI/R/dialog.s.value.R’:
     assign("cmdlist", c(get("cmdlist", envir = .GlobalEnv), cmd),
     envir = .GlobalEnv)
    File ‘ade4TkGUI/R/dialog.within.R’:
     assign("ade4TkGUIFlag", 1, envir = .GlobalEnv)
     assign(eval(dudiname), mydudi, pos = 1)
    File ‘ade4TkGUI/R/ordiClust.R’:
     assign("ordiClust.dudi", ordiClust.dudi, globalenv())
     assign("ordiClust.dudi", ordiClust.dudi, globalenv())
     assign("ordiClust.dudi", ordiClust.dudi, globalenv())
     assign("ordiClust.dudi", ordiClust.dudi, globalenv())
     assign("ordiClust.dudi", ordiClust.dudi, globalenv())
     assign("ordiClust.dudi", ordiClust.dudi, globalenv())
     assign("ordiClust.dudi", ordiClust.dudi, globalenv())
     assign("ordiClust.dudi", ordiClust.dudi, globalenv())
     assign("ordiClust.factor", ordiClust.factor, globalenv())
     assign("ordiClust.factor", ordiClust.factor, globalenv())
     assign("ordiClust.factor", ordiClust.factor, globalenv())
     assign("ordiClust.factor", ordiClust.factor, globalenv())
     assign("ordiClust.dudi", ordiClust.dudi, globalenv())
     assign("ordiClust.factor", ordiClust.factor, globalenv())
     assign("ordiClust.dudi", ordiClust.dudi, globalenv())
     assign("ordiClust.factor", ordiClust.factor, globalenv())
     assign("ordiClust.factor", ordiClust.factor, globalenv())
    
    Found the following calls to data() loading into the global environment:
    File ‘ade4TkGUI/R/choose.R’:
     data(list = choix)
    See section ‘Good practice’ in ‘?data’.
Flavors: r-devel-linux-x86_64-debian-clang, r-devel-linux-x86_64-debian-gcc, r-devel-linux-x86_64-fedora-clang, r-devel-osx-x86_64-clang, r-patched-linux-x86_64

Version: 0.2-6
Check: R code for possible problems
Result: NOTE
    Found an obsolete/platform-specific call in the following function:
     ‘newGr’
    Found the platform-specific devices:
     ‘quartz’ ‘windows’ ‘x11’
    dev.new() is the preferred way to open a new device, in the unlikely
    event one is needed.
    explore : plot.s.change.origin: no visible global function definition
     for ‘tkrreplot’
    explore : plot.s.change.origin.find: no visible global function
     definition for ‘tkrreplot’
    explore : plot.s.refresh: no visible global function definition for
     ‘tkrreplot’
    explore : redo.plot.s.zoomfac: no visible global function definition
     for ‘tkrreplot’
    explore : draw.rect: no visible global function definition for
     ‘tkrreplot’
    explore : addonelabel: no visible global function definition for
     ‘tkrreplot’
    explore : removelabel: no visible global function definition for
     ‘tkrreplot’
    explore : addalllabel: no visible global function definition for
     ‘tkrreplot’
    explore : addselectlabel : okbutton.f1.tt2: no visible global function
     definition for ‘tkrreplot’
    explore : labelbyvalues : ok.button.labval: no visible global function
     definition for ‘tkrreplot’
    explore : copytoclip: no visible global function definition for
     ‘tkrreplot’
    explore: no visible global function definition for ‘tkrplot’
    ordiClust: no visible global function definition for ‘tkrplot’
    ordiClust : doCutk: no visible global function definition for ‘between’
    ordiClust : doCutk: no visible global function definition for
     ‘randtest.between’
    ordiClust : doCuth: no visible global function definition for ‘between’
    ordiClust : doCuth: no visible global function definition for
     ‘randtest.between’
    ordiClust : doTest: no visible global function definition for ‘between’
    ordiClust : doTest: no visible global function definition for
     ‘randtest.between’
    ordiClust : doDraw: no visible global function definition for ‘between’
    ordiClust : <anonymous>: no visible global function definition for
     ‘tkrreplot’
    ordiClust : f: no visible global function definition for ‘between’
    ordiClust : f: no visible global function definition for
     ‘randtest.between’
    ordiClust : f: no visible global function definition for ‘tkrreplot’
    ordiClust: no visible global function definition for ‘tkrreplot’
    ordiClust : keyup: no visible global function definition for ‘between’
    ordiClust : keyup: no visible global function definition for
     ‘randtest.between’
    ordiClust : keyup: no visible global function definition for
     ‘tkrreplot’
    ordiClust : keydown: no visible global function definition for
     ‘between’
    ordiClust : keydown: no visible global function definition for
     ‘randtest.between’
    ordiClust : keydown: no visible global function definition for
     ‘tkrreplot’
    ordiClust : kret: no visible global function definition for ‘tkrreplot’
Flavors: r-devel-linux-x86_64-fedora-gcc, r-patched-solaris-sparc, r-patched-solaris-x86

Version: 0.2-6
Check: R code for possible problems
Result: NOTE
    explore : plot.s.change.origin: no visible global function definition
     for 'tkrreplot'
    explore : plot.s.change.origin.find: no visible global function
     definition for 'tkrreplot'
    explore : plot.s.refresh: no visible global function definition for
     'tkrreplot'
    explore : redo.plot.s.zoomfac: no visible global function definition
     for 'tkrreplot'
    explore : draw.rect: no visible global function definition for
     'tkrreplot'
    explore : addonelabel: no visible global function definition for
     'tkrreplot'
    explore : removelabel: no visible global function definition for
     'tkrreplot'
    explore : addalllabel: no visible global function definition for
     'tkrreplot'
    explore : addselectlabel : okbutton.f1.tt2: no visible global function
     definition for 'tkrreplot'
    explore : labelbyvalues : ok.button.labval: no visible global function
     definition for 'tkrreplot'
    explore : copytoclip: no visible global function definition for
     'tkrreplot'
    explore: no visible global function definition for 'tkrplot'
    ordiClust: no visible global function definition for 'tkrplot'
    ordiClust : doCutk: no visible global function definition for 'between'
    ordiClust : doCutk: no visible global function definition for
     'randtest.between'
    ordiClust : doCuth: no visible global function definition for 'between'
    ordiClust : doCuth: no visible global function definition for
     'randtest.between'
    ordiClust : doTest: no visible global function definition for 'between'
    ordiClust : doTest: no visible global function definition for
     'randtest.between'
    ordiClust : doDraw: no visible global function definition for 'between'
    ordiClust : <anonymous>: no visible global function definition for
     'tkrreplot'
    ordiClust : f: no visible global function definition for 'between'
    ordiClust : f: no visible global function definition for
     'randtest.between'
    ordiClust : f: no visible global function definition for 'tkrreplot'
    ordiClust: no visible global function definition for 'tkrreplot'
    ordiClust : keyup: no visible global function definition for 'between'
    ordiClust : keyup: no visible global function definition for
     'randtest.between'
    ordiClust : keyup: no visible global function definition for
     'tkrreplot'
    ordiClust : keydown: no visible global function definition for
     'between'
    ordiClust : keydown: no visible global function definition for
     'randtest.between'
    ordiClust : keydown: no visible global function definition for
     'tkrreplot'
    ordiClust : kret: no visible global function definition for 'tkrreplot'
Flavor: r-devel-windows-ix86+x86_64

Version: 0.2-6
Check: R code for possible problems
Result: NOTE
    Found an obsolete/platform-specific call in the following function:
     ‘newGr’
    Found the platform-specific devices:
     ‘quartz’ ‘windows’ ‘x11’
    dev.new() is the preferred way to open a new device, in the unlikely
    event one is needed.
    ordiClust : doCutk: no visible global function definition for ‘between’
    ordiClust : doCutk: no visible global function definition for
     ‘randtest.between’
    ordiClust : doCuth: no visible global function definition for ‘between’
    ordiClust : doCuth: no visible global function definition for
     ‘randtest.between’
    ordiClust : doTest: no visible global function definition for ‘between’
    ordiClust : doTest: no visible global function definition for
     ‘randtest.between’
    ordiClust : doDraw: no visible global function definition for ‘between’
    ordiClust : f: no visible global function definition for ‘between’
    ordiClust : f: no visible global function definition for
     ‘randtest.between’
    ordiClust : keyup: no visible global function definition for ‘between’
    ordiClust : keyup: no visible global function definition for
     ‘randtest.between’
    ordiClust : keydown: no visible global function definition for
     ‘between’
    ordiClust : keydown: no visible global function definition for
     ‘randtest.between’
    
    Found the following assignments to the global environment:
    File ‘ade4TkGUI/R/ade4TkGUI.R’:
     assign("cmdlist", "cmdlist", envir = .GlobalEnv)
     assign("winlist", 1, envir = .GlobalEnv)
    File ‘ade4TkGUI/R/choose.R’:
     assign("winlist", get("winlist", envir = .GlobalEnv) + 1, envir = .GlobalEnv)
     assign("cmdlist", "cmdlist", envir = .GlobalEnv)
    File ‘ade4TkGUI/R/dialog.MCTests.R’:
     assign("ade4TkGUIFlag", 1, envir = .GlobalEnv)
     assign(eval(randtestname), myObject, pos = 1)
    File ‘ade4TkGUI/R/dialog.between.R’:
     assign("ade4TkGUIFlag", 1, envir = .GlobalEnv)
     assign(eval(dudiname), mydudi, pos = 1)
    File ‘ade4TkGUI/R/dialog.cca.R’:
     assign("ade4TkGUIFlag", 1, envir = .GlobalEnv)
     assign(eval(dudiout), myObject, pos = 1)
    File ‘ade4TkGUI/R/dialog.coinertia.R’:
     assign("ade4TkGUIFlag", 1, envir = .GlobalEnv)
     assign(eval(dudiout), myObject, pos = 1)
    File ‘ade4TkGUI/R/dialog.discrimin.R’:
     assign("ade4TkGUIFlag", 1, envir = .GlobalEnv)
     assign(eval(dudiname), mydudi, pos = 1)
    File ‘ade4TkGUI/R/dialog.dpcoa.R’:
     assign("ade4TkGUIFlag", 1, envir = .GlobalEnv)
     assign(eval(dudiname), mydudi, pos = 1)
    File ‘ade4TkGUI/R/dialog.dudi.acm.R’:
     assign("ade4TkGUIFlag", 1, envir = .GlobalEnv)
     assign(eval(dudiname), mydudi, pos = 1)
    File ‘ade4TkGUI/R/dialog.dudi.coa.R’:
     assign("ade4TkGUIFlag", 1, envir = .GlobalEnv)
     assign(eval(dudiname), mydudi, pos = 1)
    File ‘ade4TkGUI/R/dialog.dudi.dec.R’:
     assign("ade4TkGUIFlag", 1, envir = .GlobalEnv)
     assign(eval(dudiname), mydudi, pos = 1)
    File ‘ade4TkGUI/R/dialog.dudi.display.R’:
     assign("cmdlist", c(get("cmdlist", envir = .GlobalEnv), cmd),
     envir = .GlobalEnv)
     assign("cmdlist", c(get("cmdlist", envir = .GlobalEnv), cmd),
     envir = .GlobalEnv)
     assign("cmdlist", c(get("cmdlist", envir = .GlobalEnv), cmd),
     envir = .GlobalEnv)
     assign("cmdlist", c(get("cmdlist", envir = .GlobalEnv), cmd),
     envir = .GlobalEnv)
     assign("cmdlist", c(get("cmdlist", envir = .GlobalEnv), cmd),
     envir = .GlobalEnv)
     assign("cmdlist", c(get("cmdlist", envir = .GlobalEnv), cmd),
     envir = .GlobalEnv)
     assign("cmdlist", c(get("cmdlist", envir = .GlobalEnv), cmd),
     envir = .GlobalEnv)
     assign("cmdlist", c(get("cmdlist", envir = .GlobalEnv), cmd),
     envir = .GlobalEnv)
     assign("cmdlist", c(get("cmdlist", envir = .GlobalEnv), cmd),
     envir = .GlobalEnv)
     assign("cmdlist", c(get("cmdlist", envir = .GlobalEnv), cmd),
     envir = .GlobalEnv)
     assign("cmdlist", c(get("cmdlist", envir = .GlobalEnv), cmd),
     envir = .GlobalEnv)
     assign("cmdlist", c(get("cmdlist", envir = .GlobalEnv), cmd),
     envir = .GlobalEnv)
     assign("cmdlist", c(get("cmdlist", envir = .GlobalEnv), cmd),
     envir = .GlobalEnv)
     assign("cmdlist", c(get("cmdlist", envir = .GlobalEnv), cmd),
     envir = .GlobalEnv)
     assign("cmdlist", c(get("cmdlist", envir = .GlobalEnv), cmd),
     envir = .GlobalEnv)
     assign("cmdlist", c(get("cmdlist", envir = .GlobalEnv), cmd),
     envir = .GlobalEnv)
     assign("cmdlist", c(get("cmdlist", envir = .GlobalEnv), cmd),
     envir = .GlobalEnv)
     assign("cmdlist", c(get("cmdlist", envir = .GlobalEnv), cmd),
     envir = .GlobalEnv)
     assign("cmdlist", c(get("cmdlist", envir = .GlobalEnv), cmd),
     envir = .GlobalEnv)
     assign("cmdlist", c(get("cmdlist", envir = .GlobalEnv), cmd),
     envir = .GlobalEnv)
    File ‘ade4TkGUI/R/dialog.dudi.fca.R’:
     assign("ade4TkGUIFlag", 1, envir = .GlobalEnv)
     assign(eval(dudiname), mydudi, pos = 1)
    File ‘ade4TkGUI/R/dialog.dudi.fpca.R’:
     assign("ade4TkGUIFlag", 1, envir = .GlobalEnv)
     assign(eval(dudiname), mydudi, pos = 1)
    File ‘ade4TkGUI/R/dialog.dudi.mix.R’:
     assign("ade4TkGUIFlag", 1, envir = .GlobalEnv)
     assign(eval(dudiname), mydudi, pos = 1)
    File ‘ade4TkGUI/R/dialog.dudi.nsc.R’:
     assign("ade4TkGUIFlag", 1, envir = .GlobalEnv)
     assign(eval(dudiname), mydudi, pos = 1)
    File ‘ade4TkGUI/R/dialog.dudi.pca.R’:
     assign("ade4TkGUIFlag", 1, envir = .GlobalEnv)
     assign(eval(dudiname), mydudi, pos = 1)
    File ‘ade4TkGUI/R/dialog.dudi.pco.R’:
     assign("ade4TkGUIFlag", 1, envir = .GlobalEnv)
     assign(eval(dudiname), mydudi, pos = 1)
    File ‘ade4TkGUI/R/dialog.pcaiv.R’:
     assign("ade4TkGUIFlag", 1, envir = .GlobalEnv)
     assign(eval(dudiout), myObject, pos = 1)
    File ‘ade4TkGUI/R/dialog.pcaivortho.R’:
     assign("ade4TkGUIFlag", 1, envir = .GlobalEnv)
     assign(eval(dudiout), myObject, pos = 1)
    File ‘ade4TkGUI/R/dialog.s.arrow.R’:
     assign("cmdlist", c(get("cmdlist", envir = .GlobalEnv), cmd),
     envir = .GlobalEnv)
    File ‘ade4TkGUI/R/dialog.s.chull.R’:
     assign("cmdlist", c(get("cmdlist", envir = .GlobalEnv), cmd),
     envir = .GlobalEnv)
    File ‘ade4TkGUI/R/dialog.s.class.R’:
     assign("cmdlist", c(get("cmdlist", envir = .GlobalEnv), cmd),
     envir = .GlobalEnv)
    File ‘ade4TkGUI/R/dialog.s.label.R’:
     assign("cmdlist", c(get("cmdlist", envir = .GlobalEnv), cmd),
     envir = .GlobalEnv)
    File ‘ade4TkGUI/R/dialog.s.match.R’:
     assign("cmdlist", c(get("cmdlist", envir = .GlobalEnv), cmd),
     envir = .GlobalEnv)
    File ‘ade4TkGUI/R/dialog.s.value.R’:
     assign("cmdlist", c(get("cmdlist", envir = .GlobalEnv), cmd),
     envir = .GlobalEnv)
    File ‘ade4TkGUI/R/dialog.within.R’:
     assign("ade4TkGUIFlag", 1, envir = .GlobalEnv)
     assign(eval(dudiname), mydudi, pos = 1)
    File ‘ade4TkGUI/R/ordiClust.R’:
     assign("ordiClust.dudi", ordiClust.dudi, globalenv())
     assign("ordiClust.dudi", ordiClust.dudi, globalenv())
     assign("ordiClust.dudi", ordiClust.dudi, globalenv())
     assign("ordiClust.dudi", ordiClust.dudi, globalenv())
     assign("ordiClust.dudi", ordiClust.dudi, globalenv())
     assign("ordiClust.dudi", ordiClust.dudi, globalenv())
     assign("ordiClust.dudi", ordiClust.dudi, globalenv())
     assign("ordiClust.dudi", ordiClust.dudi, globalenv())
     assign("ordiClust.factor", ordiClust.factor, globalenv())
     assign("ordiClust.factor", ordiClust.factor, globalenv())
     assign("ordiClust.factor", ordiClust.factor, globalenv())
     assign("ordiClust.factor", ordiClust.factor, globalenv())
     assign("ordiClust.dudi", ordiClust.dudi, globalenv())
     assign("ordiClust.factor", ordiClust.factor, globalenv())
     assign("ordiClust.dudi", ordiClust.dudi, globalenv())
     assign("ordiClust.factor", ordiClust.factor, globalenv())
     assign("ordiClust.factor", ordiClust.factor, globalenv())
    
    Found the following calls to data() loading into the global environment:
    File ‘ade4TkGUI/R/choose.R’:
     data(list = choix)
    See section ‘Good practice’ in ‘?data’.
Flavors: r-release-linux-ix86, r-release-linux-x86_64

Version: 0.2-6
Check: R code for possible problems
Result: NOTE
    ordiClust : doCutk: no visible global function definition for ‘between’
    ordiClust : doCutk: no visible global function definition for
     ‘randtest.between’
    ordiClust : doCuth: no visible global function definition for ‘between’
    ordiClust : doCuth: no visible global function definition for
     ‘randtest.between’
    ordiClust : doTest: no visible global function definition for ‘between’
    ordiClust : doTest: no visible global function definition for
     ‘randtest.between’
    ordiClust : doDraw: no visible global function definition for ‘between’
    ordiClust : f: no visible global function definition for ‘between’
    ordiClust : f: no visible global function definition for
     ‘randtest.between’
    ordiClust : keyup: no visible global function definition for ‘between’
    ordiClust : keyup: no visible global function definition for
     ‘randtest.between’
    ordiClust : keydown: no visible global function definition for
     ‘between’
    ordiClust : keydown: no visible global function definition for
     ‘randtest.between’
Flavors: r-release-osx-x86_64-mavericks, r-release-windows-ix86+x86_64, r-oldrel-windows-ix86+x86_64