CRAN Package Check Results for Package ade4TkGUI

Last updated on 2016-02-09 03:46:57.

Flavor Version Tinstall Tcheck Ttotal Status Flags
r-devel-linux-x86_64-debian-gcc 0.2-9 1.63 44.31 45.94 OK
r-devel-linux-x86_64-fedora-clang 0.2-9 78.14 OK
r-devel-linux-x86_64-fedora-gcc 0.2-9 71.70 OK
r-devel-osx-x86_64-clang 0.2-9 82.33 OK
r-devel-windows-ix86+x86_64 0.2-9 8.00 53.00 61.00 OK
r-patched-linux-x86_64 0.2-9 1.80 44.55 46.35 OK
r-patched-solaris-sparc 0.2-9 462.80 OK
r-patched-solaris-x86 0.2-9 101.00 OK
r-release-linux-x86_64 0.2-9 1.79 46.30 48.09 OK
r-release-osx-x86_64-mavericks 0.2-9 ERROR
r-release-windows-ix86+x86_64 0.2-9 8.00 56.00 64.00 OK
r-oldrel-windows-ix86+x86_64 0.2-9 10.00 64.00 74.00 OK

Check Details

Version: 0.2-9
Check: whether package can be installed
Result: ERROR
    Installation failed.
Flavor: r-release-osx-x86_64-mavericks