CRAN Package Check Results for Package ade4TkGUI

Last updated on 2016-05-06 12:52:33.

Flavor Version Tinstall Tcheck Ttotal Status Flags
r-devel-linux-x86_64-debian-gcc 0.2-9 1.70 44.08 45.77 OK
r-devel-linux-x86_64-fedora-clang 0.2-9 77.22 OK
r-devel-linux-x86_64-fedora-gcc 0.2-9 69.82 OK
r-devel-osx-x86_64-clang 0.2-9 82.42 OK
r-devel-windows-ix86+x86_64 0.2-9 6.00 60.00 66.00 OK
r-patched-linux-x86_64 0.2-9 1.70 47.04 48.73 OK
r-patched-solaris-sparc 0.2-9 450.70 OK
r-patched-solaris-x86 0.2-9 98.70 OK
r-release-linux-x86_64 0.2-9 1.86 45.67 47.54 OK
r-release-osx-x86_64-mavericks 0.2-9 ERROR
r-release-windows-ix86+x86_64 0.2-9 6.00 60.00 66.00 OK
r-oldrel-windows-ix86+x86_64 0.2-9 10.00 85.00 95.00 OK

Check Details

Version: 0.2-9
Check: whether package can be installed
Result: ERROR
    Installation failed.
Flavor: r-release-osx-x86_64-mavericks