CRAN Package Check Results for Package adegraphics

Last updated on 2022-01-25 18:51:33 CET.

Flavor Version Tinstall Tcheck Ttotal Status Flags
r-devel-linux-x86_64-debian-clang 1.0-16 25.07 385.55 410.62 OK
r-devel-linux-x86_64-debian-gcc 1.0-16 27.05 304.13 331.18 OK
r-devel-linux-x86_64-fedora-clang 1.0-16 485.47 OK
r-devel-linux-x86_64-fedora-gcc 1.0-16 498.78 OK
r-devel-windows-x86_64-new-UL 1.0-16 345.00 425.00 770.00 OK
r-devel-windows-x86_64-new-TK 1.0-16 OK
r-patched-linux-x86_64 1.0-16 35.89 347.96 383.85 OK
r-release-linux-x86_64 1.0-16 33.08 348.74 381.82 OK
r-release-macos-arm64 1.0-16 NOTE
r-release-macos-x86_64 1.0-16 OK
r-release-windows-ix86+x86_64 1.0-16 54.00 418.00 472.00 OK
r-oldrel-macos-x86_64 1.0-16 OK
r-oldrel-windows-ix86+x86_64 1.0-16 50.00 420.00 470.00 OK

Check Details

Version: 1.0-16
Check: installed package size
Result: NOTE
     installed size is 5.5Mb
     sub-directories of 1Mb or more:
     R 2.0Mb
     doc 2.8Mb
Flavor: r-release-macos-arm64