CRAN Package Check Results for Package adehabitat

Last updated on 2015-09-03 23:47:22.

Flavor Version Tinstall Tcheck Ttotal Status Flags
r-devel-linux-x86_64-debian-clang 1.8.18 7.72 85.78 93.50 OK
r-devel-linux-x86_64-debian-gcc 1.8.18 9.30 83.18 92.48 OK
r-devel-linux-x86_64-fedora-clang 1.8.18 171.62 OK
r-devel-linux-x86_64-fedora-gcc 1.8.18 161.46 OK
r-devel-osx-x86_64-clang 1.8.18 139.47 OK
r-devel-windows-ix86+x86_64 1.8.18 26.00 144.00 170.00 OK
r-patched-linux-x86_64 1.8.18 9.27 85.30 94.56 OK
r-patched-solaris-sparc 1.8.18 954.30 OK
r-patched-solaris-x86 1.8.18 238.80 OK
r-release-linux-x86_64 1.8.18 9.46 85.84 95.30 OK
r-release-osx-x86_64-mavericks 1.8.18 ERROR
r-release-windows-ix86+x86_64 1.8.18 34.00 161.00 195.00 OK
r-oldrel-windows-ix86+x86_64 1.8.18 38.00 175.00 213.00 OK

Check Details

Version: 1.8.18
Check: whether package can be installed
Result: ERROR
    Installation failed.
Flavor: r-release-osx-x86_64-mavericks