CRAN Package Check Results for Package adehabitat

Last updated on 2014-09-02 18:49:20.

Flavor Version Tinstall Tcheck Ttotal Status Flags
r-devel-linux-x86_64-debian-clang 1.8.14 6.88 80.94 87.82 NOTE
r-devel-linux-x86_64-debian-gcc 1.8.14 9.91 79.94 89.85 NOTE
r-devel-linux-x86_64-fedora-clang 1.8.14 185.84 NOTE
r-devel-linux-x86_64-fedora-gcc 1.8.14 175.19 NOTE
r-devel-osx-x86_64-clang 1.8.14 145.82 NOTE
r-devel-windows-ix86+x86_64 1.8.14 22.00 138.00 160.00 NOTE
r-patched-linux-x86_64 1.8.14 9.98 86.91 96.89 OK
r-patched-solaris-sparc 1.8.14 1088.50 OK
r-patched-solaris-x86 1.8.14 259.70 OK
r-release-linux-ix86 1.8.14 10.12 105.30 115.42 OK
r-release-linux-x86_64 1.8.14 9.77 82.28 92.05 OK
r-release-osx-x86_64-mavericks 1.8.14 OK
r-release-osx-x86_64-snowleopard 1.8.14 OK
r-release-windows-ix86+x86_64 1.8.14 25.00 146.00 171.00 OK
r-oldrel-windows-ix86+x86_64 1.8.14 25.00 156.00 181.00 OK

Check Details

Version: 1.8.14
Check: R code for possible problems
Result: NOTE
    asc2im: no visible global function definition for ‘im’
    biv.plot: no visible global function definition for ‘bandwidth.nrd’
    biv.plot: no visible global function definition for ‘kde2d’
    biv.test: no visible global function definition for ‘bandwidth.nrd’
    biv.test: no visible global function definition for ‘kde2d’
    explore.kasc: no visible global function definition for ‘tktoplevel’
    explore.kasc: no visible global function definition for ‘tkwm.title’
    explore.kasc: no visible global function definition for ‘tktext’
    explore.kasc: no visible global function definition for ‘tkscrollbar’
    explore.kasc : <anonymous>: no visible global function definition for
     ‘tkyview’
    explore.kasc: no visible global function definition for ‘tkconfigure’
    explore.kasc : <anonymous>: no visible global function definition for
     ‘tkset’
    explore.kasc: no visible global function definition for ‘tkpack’
    explore.kasc: no visible global function definition for ‘tcl’
    explore.kasc: no visible global function definition for ‘tkcget’
    explore.kasc : type: no visible global function definition for
     ‘tkinsert’
    explore.kasc : type: no visible global function definition for ‘tksee’
    explore.kasc : kb: no visible global function definition for
     ‘tkdestroy’
    explore.kasc: no visible global function definition for ‘tkbind’
    explore.kasc: no visible global function definition for ‘tkwait.window’
    simm.crw: no visible global function definition for ‘rwrpnorm’
    trajdyn: no visible global function definition for ‘tktoplevel’
    trajdyn: no visible global function definition for ‘tkwm.title’
    trajdyn: no visible global function definition for ‘tktext’
    trajdyn: no visible global function definition for ‘tkscrollbar’
    trajdyn : <anonymous>: no visible global function definition for
     ‘tkyview’
    trajdyn: no visible global function definition for ‘tkconfigure’
    trajdyn : <anonymous>: no visible global function definition for
     ‘tkset’
    trajdyn: no visible global function definition for ‘tkpack’
    trajdyn: no visible global function definition for ‘tcl’
    trajdyn: no visible global function definition for ‘tkcget’
    trajdyn : type: no visible global function definition for ‘tkinsert’
    trajdyn : type: no visible global function definition for ‘tksee’
    trajdyn : kb: no visible global function definition for ‘tkdestroy’
    trajdyn : kb: no visible global function definition for ‘tclVar’
    trajdyn : kb: no visible global function definition for ‘tktoplevel’
    trajdyn : kb: no visible global function definition for ‘tkwm.title’
    trajdyn : kb: no visible global function definition for
     ‘tkwm.resizable’
    trajdyn : kb: no visible global function definition for ‘tkentry’
    trajdyn : kb: no visible global function definition for ‘tkbutton’
    trajdyn : kb : <anonymous>: no visible global function definition for
     ‘tclvalue’
    trajdyn : kb : <anonymous>: no visible global function definition for
     ‘tkmessageBox’
    trajdyn : kb : <anonymous>: no visible global function definition for
     ‘tkdestroy’
    trajdyn : kb: no visible global function definition for ‘tkpack’
    trajdyn : kb: no visible global function definition for ‘tkwait.window’
    trajdyn : kb: no visible global function definition for ‘tkframe’
    trajdyn : kb: no visible global function definition for ‘tklistbox’
    trajdyn : kb: no visible global function definition for ‘tkscrollbar’
    trajdyn : kb : <anonymous>: no visible global function definition for
     ‘tkyview’
    trajdyn : kb: no visible global function definition for ‘tkconfigure’
    trajdyn : kb : <anonymous>: no visible global function definition for
     ‘tkset’
    trajdyn : kb : <anonymous>: no visible global function definition for
     ‘tkcurselection’
    trajdyn: no visible global function definition for ‘tkbind’
    trajdyn: no visible global function definition for ‘tkwait.window’
Flavors: r-devel-linux-x86_64-debian-clang, r-devel-linux-x86_64-debian-gcc, r-devel-linux-x86_64-fedora-clang, r-devel-linux-x86_64-fedora-gcc, r-devel-osx-x86_64-clang, r-devel-windows-ix86+x86_64

Version: 1.8.14
Check: compiled code
Result: NOTE
    File ‘/home/hornik/tmp/R.check/r-devel-clang/Work/build/Packages/adehabitat/libs/adehabitat.so’:
     Found ‘rand’, possibly from ‘rand’ (C)
     Object: ‘tests.o’
     Found ‘srand’, possibly from ‘srand’ (C)
     Object: ‘tests.o’
    
    Compiled code should not call entry points which might terminate R nor
    write to stdout/stderr instead of to the console, nor the C RNG.
    
    See ‘Writing portable packages’ in the ‘Writing R Extensions’ manual.
Flavor: r-devel-linux-x86_64-debian-clang

Version: 1.8.14
Check: compiled code
Result: NOTE
    File ‘/home/hornik/tmp/R.check/r-devel-gcc/Work/build/Packages/adehabitat/libs/adehabitat.so’:
     Found ‘rand’, possibly from ‘rand’ (C)
     Object: ‘tests.o’
     Found ‘srand’, possibly from ‘srand’ (C)
     Object: ‘tests.o’
    
    Compiled code should not call entry points which might terminate R nor
    write to stdout/stderr instead of to the console, nor the C RNG.
    
    See ‘Writing portable packages’ in the ‘Writing R Extensions’ manual.
Flavor: r-devel-linux-x86_64-debian-gcc

Version: 1.8.14
Check: compiled code
Result: NOTE
    File ‘/data/gannet/ripley/R/packages/tests-clang/adehabitat.Rcheck/adehabitat/libs/adehabitat.so’:
     Found ‘rand’, possibly from ‘rand’ (C)
     Object: ‘tests.o’
     Found ‘srand’, possibly from ‘srand’ (C)
     Object: ‘tests.o’
    
    Compiled code should not call entry points which might terminate R nor
    write to stdout/stderr instead of to the console, nor the C RNG.
    
    See ‘Writing portable packages’ in the ‘Writing R Extensions’ manual.
Flavor: r-devel-linux-x86_64-fedora-clang

Version: 1.8.14
Check: compiled code
Result: NOTE
    File ‘/data/gannet/ripley/R/packages/tests-devel/adehabitat.Rcheck/adehabitat/libs/adehabitat.so’:
     Found ‘rand’, possibly from ‘rand’ (C)
     Object: ‘tests.o’
     Found ‘srand’, possibly from ‘srand’ (C)
     Object: ‘tests.o’
    
    Compiled code should not call entry points which might terminate R nor
    write to stdout/stderr instead of to the console, nor the C RNG.
    
    See ‘Writing portable packages’ in the ‘Writing R Extensions’ manual.
Flavor: r-devel-linux-x86_64-fedora-gcc

Version: 1.8.14
Check: compiled code
Result: NOTE
    File ‘/Users/ripley/R/packages/tests-devel/adehabitat.Rcheck/adehabitat/libs/adehabitat.so’:
     Found ‘_rand’, possibly from ‘rand’ (C)
     Object: ‘tests.o’
     Found ‘_srand’, possibly from ‘srand’ (C)
     Object: ‘tests.o’
    
    Compiled code should not call entry points which might terminate R nor
    write to stdout/stderr instead of to the console, nor the C RNG.
    
    See ‘Writing portable packages’ in the ‘Writing R Extensions’ manual.
Flavor: r-devel-osx-x86_64-clang

Version: 1.8.14
Check: compiled code
Result: NOTE
    File 'd:/Rcompile/CRANpkg/lib/3.2/adehabitat/libs/i386/adehabitat.dll':
     Found 'rand', possibly from 'rand' (C)
     Object: 'tests.o'
     Found 'srand', possibly from 'srand' (C)
     Object: 'tests.o'
    File 'd:/Rcompile/CRANpkg/lib/3.2/adehabitat/libs/x64/adehabitat.dll':
     Found 'rand', possibly from 'rand' (C)
     Object: 'tests.o'
     Found 'srand', possibly from 'srand' (C)
     Object: 'tests.o'
    
    Compiled code should not call entry points which might terminate R nor
    write to stdout/stderr instead of to the console, nor the C RNG.
    
    See 'Writing portable packages' in the 'Writing R Extensions' manual.
Flavor: r-devel-windows-ix86+x86_64