CRAN Package Check Results for Package adehabitat

Last updated on 2014-11-28 12:46:41.

Flavor Version Tinstall Tcheck Ttotal Status Flags
r-devel-linux-x86_64-debian-clang 1.8.14 7.53 81.30 88.83 NOTE
r-devel-linux-x86_64-debian-gcc 1.8.14 9.75 80.26 90.01 NOTE
r-devel-linux-x86_64-fedora-clang 1.8.14 179.23 NOTE
r-devel-linux-x86_64-fedora-gcc 1.8.14 188.91 NOTE
r-devel-osx-x86_64-clang 1.8.14 152.26 NOTE
r-devel-windows-ix86+x86_64 1.8.14 24.00 133.00 157.00 NOTE
r-patched-linux-x86_64 1.8.14 9.72 85.20 94.92 NOTE
r-patched-solaris-sparc 1.8.14 1039.20 NOTE
r-patched-solaris-x86 1.8.14 252.10 NOTE
r-release-linux-ix86 1.8.14 9.56 100.24 109.80 NOTE
r-release-linux-x86_64 1.8.14 10.60 84.10 94.70 NOTE
r-release-osx-x86_64-mavericks 1.8.14 OK
r-release-osx-x86_64-snowleopard 1.8.14 OK
r-release-windows-ix86+x86_64 1.8.14 23.00 147.00 170.00 NOTE
r-oldrel-windows-ix86+x86_64 1.8.14 26.00 155.00 181.00 OK

Check Details

Version: 1.8.14
Check: R code for possible problems
Result: NOTE
    asc2im: no visible global function definition for ‘im’
    biv.plot: no visible global function definition for ‘bandwidth.nrd’
    biv.plot: no visible global function definition for ‘kde2d’
    biv.test: no visible global function definition for ‘bandwidth.nrd’
    biv.test: no visible global function definition for ‘kde2d’
    explore.kasc: no visible global function definition for ‘tktoplevel’
    explore.kasc: no visible global function definition for ‘tkwm.title’
    explore.kasc: no visible global function definition for ‘tktext’
    explore.kasc: no visible global function definition for ‘tkscrollbar’
    explore.kasc : <anonymous>: no visible global function definition for
     ‘tkyview’
    explore.kasc: no visible global function definition for ‘tkconfigure’
    explore.kasc : <anonymous>: no visible global function definition for
     ‘tkset’
    explore.kasc: no visible global function definition for ‘tkpack’
    explore.kasc: no visible global function definition for ‘tcl’
    explore.kasc: no visible global function definition for ‘tkcget’
    explore.kasc : type: no visible global function definition for
     ‘tkinsert’
    explore.kasc : type: no visible global function definition for ‘tksee’
    explore.kasc : kb: no visible global function definition for
     ‘tkdestroy’
    explore.kasc: no visible global function definition for ‘tkbind’
    explore.kasc: no visible global function definition for ‘tkwait.window’
    simm.crw: no visible global function definition for ‘rwrpnorm’
    trajdyn: no visible global function definition for ‘tktoplevel’
    trajdyn: no visible global function definition for ‘tkwm.title’
    trajdyn: no visible global function definition for ‘tktext’
    trajdyn: no visible global function definition for ‘tkscrollbar’
    trajdyn : <anonymous>: no visible global function definition for
     ‘tkyview’
    trajdyn: no visible global function definition for ‘tkconfigure’
    trajdyn : <anonymous>: no visible global function definition for
     ‘tkset’
    trajdyn: no visible global function definition for ‘tkpack’
    trajdyn: no visible global function definition for ‘tcl’
    trajdyn: no visible global function definition for ‘tkcget’
    trajdyn : type: no visible global function definition for ‘tkinsert’
    trajdyn : type: no visible global function definition for ‘tksee’
    trajdyn : kb: no visible global function definition for ‘tkdestroy’
    trajdyn : kb: no visible global function definition for ‘tclVar’
    trajdyn : kb: no visible global function definition for ‘tktoplevel’
    trajdyn : kb: no visible global function definition for ‘tkwm.title’
    trajdyn : kb: no visible global function definition for
     ‘tkwm.resizable’
    trajdyn : kb: no visible global function definition for ‘tkentry’
    trajdyn : kb: no visible global function definition for ‘tkbutton’
    trajdyn : kb : <anonymous>: no visible global function definition for
     ‘tclvalue’
    trajdyn : kb : <anonymous>: no visible global function definition for
     ‘tkmessageBox’
    trajdyn : kb : <anonymous>: no visible global function definition for
     ‘tkdestroy’
    trajdyn : kb: no visible global function definition for ‘tkpack’
    trajdyn : kb: no visible global function definition for ‘tkwait.window’
    trajdyn : kb: no visible global function definition for ‘tkframe’
    trajdyn : kb: no visible global function definition for ‘tklistbox’
    trajdyn : kb: no visible global function definition for ‘tkscrollbar’
    trajdyn : kb : <anonymous>: no visible global function definition for
     ‘tkyview’
    trajdyn : kb: no visible global function definition for ‘tkconfigure’
    trajdyn : kb : <anonymous>: no visible global function definition for
     ‘tkset’
    trajdyn : kb : <anonymous>: no visible global function definition for
     ‘tkcurselection’
    trajdyn: no visible global function definition for ‘tkbind’
    trajdyn: no visible global function definition for ‘tkwait.window’
Flavors: r-devel-linux-x86_64-debian-clang, r-devel-linux-x86_64-debian-gcc, r-devel-linux-x86_64-fedora-clang, r-devel-linux-x86_64-fedora-gcc, r-devel-osx-x86_64-clang, r-devel-windows-ix86+x86_64, r-patched-linux-x86_64, r-patched-solaris-sparc, r-patched-solaris-x86, r-release-linux-ix86, r-release-linux-x86_64, r-release-windows-ix86+x86_64

Version: 1.8.14
Check: compiled code
Result: NOTE
    File ‘adehabitat/libs/adehabitat.so’:
     Found ‘rand’, possibly from ‘rand’ (C)
     Object: ‘tests.o’
     Found ‘srand’, possibly from ‘srand’ (C)
     Object: ‘tests.o’
    
    Compiled code should not call entry points which might terminate R nor
    write to stdout/stderr instead of to the console, nor the C RNG.
    
    See ‘Writing portable packages’ in the ‘Writing R Extensions’ manual.
Flavors: r-devel-linux-x86_64-debian-clang, r-devel-linux-x86_64-debian-gcc, r-devel-linux-x86_64-fedora-clang, r-devel-linux-x86_64-fedora-gcc, r-patched-linux-x86_64, r-patched-solaris-sparc, r-patched-solaris-x86, r-release-linux-ix86, r-release-linux-x86_64

Version: 1.8.14
Check: compiled code
Result: NOTE
    File ‘adehabitat/libs/adehabitat.so’:
     Found ‘_rand’, possibly from ‘rand’ (C)
     Object: ‘tests.o’
     Found ‘_srand’, possibly from ‘srand’ (C)
     Object: ‘tests.o’
    
    Compiled code should not call entry points which might terminate R nor
    write to stdout/stderr instead of to the console, nor the C RNG.
    
    See ‘Writing portable packages’ in the ‘Writing R Extensions’ manual.
Flavor: r-devel-osx-x86_64-clang

Version: 1.8.14
Check: compiled code
Result: NOTE
    File 'adehabitat/libs/i386/adehabitat.dll':
     Found 'rand', possibly from 'rand' (C)
     Object: 'tests.o'
     Found 'srand', possibly from 'srand' (C)
     Object: 'tests.o'
    File 'adehabitat/libs/x64/adehabitat.dll':
     Found 'rand', possibly from 'rand' (C)
     Object: 'tests.o'
     Found 'srand', possibly from 'srand' (C)
     Object: 'tests.o'
    
    Compiled code should not call entry points which might terminate R nor
    write to stdout/stderr instead of to the console, nor the C RNG.
    
    See 'Writing portable packages' in the 'Writing R Extensions' manual.
Flavors: r-devel-windows-ix86+x86_64, r-release-windows-ix86+x86_64