CRAN Package Check Results for Package adehabitat

Last updated on 2015-02-27 04:46:40.

Flavor Version Tinstall Tcheck Ttotal Status Flags
r-devel-linux-x86_64-debian-clang 1.8.15 7.35 82.15 89.50 NOTE
r-devel-linux-x86_64-debian-gcc 1.8.15 9.39 81.17 90.56 NOTE
r-devel-linux-x86_64-fedora-clang 1.8.15 170.66 NOTE
r-devel-linux-x86_64-fedora-gcc 1.8.15 155.73 NOTE
r-devel-osx-x86_64-clang 1.8.15 151.52 NOTE
r-devel-windows-ix86+x86_64 1.8.15 37.00 146.00 183.00 NOTE
r-patched-linux-x86_64 1.8.15 10.42 94.03 104.45 NOTE
r-patched-solaris-sparc 1.8.15 1149.00 NOTE
r-patched-solaris-x86 1.8.15 270.40 NOTE
r-release-linux-ix86 1.8.15 9.61 112.33 121.94 OK
r-release-linux-x86_64 1.8.15 10.26 92.87 103.14 OK
r-release-osx-x86_64-mavericks 1.8.15 OK
r-release-osx-x86_64-snowleopard 1.8.15 OK
r-release-windows-ix86+x86_64 1.8.15 27.00 166.00 193.00 OK
r-oldrel-windows-ix86+x86_64 1.8.15 26.00 173.00 199.00 OK

Check Details

Version: 1.8.15
Check: DESCRIPTION meta-information
Result: NOTE
    Malformed Description field: should contain one or more complete sentences.
Flavors: r-devel-linux-x86_64-debian-clang, r-devel-linux-x86_64-debian-gcc, r-devel-linux-x86_64-fedora-clang, r-devel-linux-x86_64-fedora-gcc, r-devel-osx-x86_64-clang, r-devel-windows-ix86+x86_64

Version: 1.8.15
Check: dependencies in R code
Result: NOTE
    'library' or 'require' calls in package code:
     ‘CircStats’ ‘MASS’ ‘spatstat’
     Please use :: or requireNamespace() instead.
     See section 'Suggested packages' in the 'Writing R Extensions' manual.
Flavors: r-devel-linux-x86_64-debian-clang, r-devel-linux-x86_64-debian-gcc, r-devel-linux-x86_64-fedora-clang, r-devel-linux-x86_64-fedora-gcc, r-devel-osx-x86_64-clang, r-devel-windows-ix86+x86_64, r-patched-linux-x86_64, r-patched-solaris-sparc, r-patched-solaris-x86

Version: 1.8.15
Check: S3 generic/method consistency
Result: NOTE
    Found the following apparent S3 methods exported but not registered:
     c.ltraj contour.asc hist.enfa hist.kasc hist.kselect hist.ltraj
     hist.madifa persp.asc predict.enfa predict.madifa qqnorm.ltraj
     randtest.enfa scatter.enfa scatter.esr scatter.madifa
    See section ‘Registering S3 methods’ in the ‘Writing R Extensions’
    manual.
Flavors: r-devel-linux-x86_64-debian-clang, r-devel-linux-x86_64-debian-gcc, r-devel-linux-x86_64-fedora-clang, r-devel-linux-x86_64-fedora-gcc, r-devel-osx-x86_64-clang