CRAN Package Check Results for Package adehabitat

Last updated on 2016-04-29 19:49:39.

Flavor Version Tinstall Tcheck Ttotal Status Flags
r-devel-linux-x86_64-debian-gcc 1.8.18 9.59 92.02 101.62 OK
r-devel-linux-x86_64-fedora-clang 1.8.18 174.85 OK
r-devel-linux-x86_64-fedora-gcc 1.8.18 159.21 OK
r-devel-osx-x86_64-clang 1.8.18 182.94 OK
r-devel-windows-ix86+x86_64 1.8.18 26.00 168.00 194.00 OK
r-patched-linux-x86_64 1.8.18 9.72 91.55 101.27 OK
r-patched-solaris-sparc 1.8.18 1003.90 OK
r-patched-solaris-x86 1.8.18 222.30 OK
r-release-linux-x86_64 1.8.18 9.99 95.89 105.88 OK
r-release-osx-x86_64-mavericks 1.8.18 ERROR
r-release-windows-ix86+x86_64 1.8.18 28.00 152.00 180.00 OK
r-oldrel-windows-ix86+x86_64 1.8.18 40.00 235.00 275.00 OK

Check Details

Version: 1.8.18
Check: whether package can be installed
Result: ERROR
    Installation failed.
Flavor: r-release-osx-x86_64-mavericks