CRAN Package Check Results for Package adehabitat

Last updated on 2015-01-29 23:48:09.

Flavor Version Tinstall Tcheck Ttotal Status Flags
r-devel-linux-x86_64-debian-clang 1.8.15 7.54 83.23 90.77 NOTE
r-devel-linux-x86_64-debian-gcc 1.8.15 9.67 82.84 92.51 NOTE
r-devel-linux-x86_64-fedora-clang 1.8.15 182.02 NOTE
r-devel-linux-x86_64-fedora-gcc 1.8.15 174.36 NOTE
r-devel-osx-x86_64-clang 1.8.15 163.95 NOTE
r-devel-windows-ix86+x86_64 1.8.15 31.00 142.00 173.00 NOTE
r-patched-linux-x86_64 1.8.15 9.76 94.56 104.32 OK
r-patched-solaris-sparc 1.8.15 1115.90 OK
r-patched-solaris-x86 1.8.15 268.10 OK
r-release-linux-ix86 1.8.15 9.61 104.01 113.62 OK
r-release-linux-x86_64 1.8.15 10.25 90.59 100.84 OK
r-release-osx-x86_64-mavericks 1.8.15 OK
r-release-osx-x86_64-snowleopard 1.8.15 OK
r-release-windows-ix86+x86_64 1.8.15 25.00 159.00 184.00 OK
r-oldrel-windows-ix86+x86_64 1.8.15 28.00 168.00 196.00 OK

Check Details

Version: 1.8.15
Check: dependencies in R code
Result: NOTE
    'library' or 'require' calls in package code:
     ‘CircStats’ ‘MASS’ ‘spatstat’
     Please use :: or requireNamespace() instead.
     See section 'Suggested packages' in the 'Writing R Extensions' manual.
Flavors: r-devel-linux-x86_64-debian-clang, r-devel-linux-x86_64-debian-gcc, r-devel-linux-x86_64-fedora-clang, r-devel-linux-x86_64-fedora-gcc, r-devel-osx-x86_64-clang, r-devel-windows-ix86+x86_64

Version: 1.8.15
Check: S3 generic/method consistency
Result: NOTE
    Found the following apparent S3 methods exported but not registered:
     contour.asc hist.enfa hist.kasc hist.kselect hist.ltraj hist.madifa
     persp.asc predict.enfa predict.madifa qqnorm.ltraj randtest.enfa
     scatter.enfa scatter.esr scatter.madifa c.ltraj
    See section ‘Registering S3 methods’ in the ‘Writing R Extensions’
    manual.
Flavors: r-devel-linux-x86_64-debian-clang, r-devel-linux-x86_64-debian-gcc, r-devel-linux-x86_64-fedora-clang, r-devel-linux-x86_64-fedora-gcc, r-devel-osx-x86_64-clang