CRAN Package Check Results for Package adehabitat

Last updated on 2017-01-24 03:47:12.

Flavor Version Tinstall Tcheck Ttotal Status Flags
r-devel-linux-x86_64-debian-clang 1.8.18 12.34 95.79 108.13 OK
r-devel-linux-x86_64-debian-gcc 1.8.18 10.29 97.60 107.89 OK
r-devel-linux-x86_64-fedora-clang 1.8.18 185.56 OK --no-stop-on-test-error
r-devel-linux-x86_64-fedora-gcc 1.8.18 171.70 OK --no-stop-on-test-error
r-devel-macos-x86_64-clang 1.8.18 146.99 OK --no-stop-on-test-error
r-devel-windows-ix86+x86_64 1.8.18 26.00 192.00 218.00 OK
r-patched-linux-x86_64 1.8.18 9.87 88.18 98.05 OK
r-patched-solaris-sparc 1.8.18 1038.90 OK
r-patched-solaris-x86 1.8.18 217.20 OK
r-release-linux-x86_64 1.8.18 9.66 94.45 104.11 OK
r-release-osx-x86_64-mavericks 1.8.18 WARN
r-release-windows-ix86+x86_64 1.8.18 53.00 220.00 273.00 OK
r-oldrel-windows-ix86+x86_64 1.8.18 49.00 339.00 388.00 OK

Check Details

Version: 1.8.18
Check: dependencies in R code
Result: NOTE
    Invalid MIT-MAGIC-COOKIE-1 keyInvalid MIT-MAGIC-COOKIE-1 key
Flavor: r-release-osx-x86_64-mavericks

Version: 1.8.18
Check: S3 generic/method consistency
Result: WARN
    Invalid MIT-MAGIC-COOKIE-1 keyInvalid MIT-MAGIC-COOKIE-1 key
    See section ‘Generic functions and methods’ in the ‘Writing R
    Extensions’ manual.
Flavor: r-release-osx-x86_64-mavericks

Version: 1.8.18
Check: replacement functions
Result: WARN
    Invalid MIT-MAGIC-COOKIE-1 keyInvalid MIT-MAGIC-COOKIE-1 key
    The argument of a replacement function which corresponds to the right
    hand side must be named ‘value’.
Flavor: r-release-osx-x86_64-mavericks

Version: 1.8.18
Check: foreign function calls
Result: NOTE
    Invalid MIT-MAGIC-COOKIE-1 keyInvalid MIT-MAGIC-COOKIE-1 key
    See chapter ‘System and foreign language interfaces’ in the ‘Writing R
    Extensions’ manual.
Flavor: r-release-osx-x86_64-mavericks

Version: 1.8.18
Check: R code for possible problems
Result: NOTE
    Invalid MIT-MAGIC-COOKIE-1 keyInvalid MIT-MAGIC-COOKIE-1 key
Flavor: r-release-osx-x86_64-mavericks

Version: 1.8.18
Check: for missing documentation entries
Result: WARN
    Invalid MIT-MAGIC-COOKIE-1 keyInvalid MIT-MAGIC-COOKIE-1 key
    All user-level objects in a package should have documentation entries.
    See chapter ‘Writing R documentation files’ in the ‘Writing R
    Extensions’ manual.
Flavor: r-release-osx-x86_64-mavericks

Version: 1.8.18
Check: for code/documentation mismatches
Result: WARN
    Invalid MIT-MAGIC-COOKIE-1 keyInvalid MIT-MAGIC-COOKIE-1 key
    Invalid MIT-MAGIC-COOKIE-1 keyInvalid MIT-MAGIC-COOKIE-1 key
    Invalid MIT-MAGIC-COOKIE-1 keyInvalid MIT-MAGIC-COOKIE-1 key
Flavor: r-release-osx-x86_64-mavericks

Version: 1.8.18
Check: Rd \usage sections
Result: NOTE
    Invalid MIT-MAGIC-COOKIE-1 keyInvalid MIT-MAGIC-COOKIE-1 key
    The \usage entries for S3 methods should use the \method markup and not
    their full name.
    See chapter ‘Writing R documentation files’ in the ‘Writing R
    Extensions’ manual.
Flavor: r-release-osx-x86_64-mavericks