CRAN Package Check Results for Package adehabitatHR

Last updated on 2014-08-20 21:47:20.

Flavor Version Tinstall Tcheck Ttotal Status Flags
r-devel-linux-x86_64-debian-clang 0.4.11 2.96 70.05 73.01 OK
r-devel-linux-x86_64-debian-gcc 0.4.11 3.64 71.83 75.47 OK
r-devel-linux-x86_64-fedora-clang 0.4.11 159.66 NOTE
r-devel-linux-x86_64-fedora-gcc 0.4.11 158.48 NOTE
r-devel-osx-x86_64-clang 0.4.11 125.32 NOTE
r-devel-windows-ix86+x86_64 0.4.11 11.00 116.00 127.00 OK
r-patched-linux-x86_64 0.4.11 3.78 74.99 78.78 OK
r-patched-solaris-sparc 0.4.11 916.60 OK
r-patched-solaris-x86 0.4.11 211.80 OK
r-release-linux-ix86 0.4.11 5.15 93.59 98.74 OK
r-release-linux-x86_64 0.4.11 3.89 75.85 79.74 OK
r-release-osx-x86_64-mavericks 0.4.11 ERROR
r-release-osx-x86_64-snowleopard 0.4.11 OK
r-release-windows-ix86+x86_64 0.4.11 12.00 126.00 138.00 OK
r-oldrel-windows-ix86+x86_64 0.4.11 13.00 151.00 164.00 OK

Check Details

Version: 0.4.11
Check: R code for possible problems
Result: NOTE
    LoCoH.a: no visible binding for global variable ‘checkPolygonsHoles’
    LoCoH.r: no visible binding for global variable ‘checkPolygonsHoles’
Flavors: r-devel-linux-x86_64-fedora-clang, r-devel-linux-x86_64-fedora-gcc, r-devel-osx-x86_64-clang, r-release-osx-x86_64-mavericks

Version: 0.4.11
Check: package dependencies
Result: NOTE
    Packages suggested but not available for checking: ‘maptools’ ‘rgeos’
Flavor: r-release-osx-x86_64-mavericks

Version: 0.4.11
Check: running R code from vignettes
Result: ERROR
    Errors in running code in vignettes:
    when running code in ‘adehabitatHR.Rnw’
     ...
    + "}\n\n", sep = "")
    \includegraphics[height=7cm,width=7cm]{Fig-bitmap-41.png}
    
    
    > res <- CharHull(puechabonsp$relocs[, 1])
    Loading required package: rgeos
    
     When sourcing ‘adehabitatHR.R’:
    Error: the package rgeos is required for this function
    Execution halted
Flavor: r-release-osx-x86_64-mavericks