CRAN Package Check Results for Package adehabitatHR

Last updated on 2014-09-03 01:47:42.

Flavor Version Tinstall Tcheck Ttotal Status Flags
r-devel-linux-x86_64-debian-clang 0.4.11 2.90 68.12 71.02 NOTE
r-devel-linux-x86_64-debian-gcc 0.4.11 4.01 67.12 71.13 NOTE
r-devel-linux-x86_64-fedora-clang 0.4.11 157.23 NOTE
r-devel-linux-x86_64-fedora-gcc 0.4.11 148.95 NOTE
r-devel-osx-x86_64-clang 0.4.11 122.41 NOTE
r-devel-windows-ix86+x86_64 0.4.11 12.00 125.00 137.00 NOTE
r-patched-linux-x86_64 0.4.11 3.91 77.68 81.59 OK
r-patched-solaris-sparc 0.4.11 916.60 OK
r-patched-solaris-x86 0.4.11 211.00 OK
r-release-linux-ix86 0.4.11 4.82 93.82 98.63 OK
r-release-linux-x86_64 0.4.11 3.98 75.98 79.96 OK
r-release-osx-x86_64-mavericks 0.4.11 ERROR
r-release-osx-x86_64-snowleopard 0.4.11 OK
r-release-windows-ix86+x86_64 0.4.11 12.00 130.00 142.00 OK
r-oldrel-windows-ix86+x86_64 0.4.11 11.00 144.00 155.00 OK

Check Details

Version: 0.4.11
Check: R code for possible problems
Result: NOTE
    LoCoH.a: no visible binding for global variable ‘checkPolygonsHoles’
    LoCoH.r: no visible binding for global variable ‘checkPolygonsHoles’
Flavors: r-devel-linux-x86_64-debian-clang, r-devel-linux-x86_64-debian-gcc, r-devel-linux-x86_64-fedora-clang, r-devel-linux-x86_64-fedora-gcc, r-devel-osx-x86_64-clang, r-devel-windows-ix86+x86_64, r-release-osx-x86_64-mavericks

Version: 0.4.11
Check: compiled code
Result: NOTE
    File ‘/home/hornik/tmp/R.check/r-devel-clang/Work/build/Packages/adehabitatHR/libs/adehabitatHR.so’:
     Found ‘rand’, possibly from ‘rand’ (C)
     Object: ‘tests.o’
     Found ‘srand’, possibly from ‘srand’ (C)
     Object: ‘tests.o’
    
    Compiled code should not call entry points which might terminate R nor
    write to stdout/stderr instead of to the console, nor the C RNG.
    
    See ‘Writing portable packages’ in the ‘Writing R Extensions’ manual.
Flavor: r-devel-linux-x86_64-debian-clang

Version: 0.4.11
Check: compiled code
Result: NOTE
    File ‘/home/hornik/tmp/R.check/r-devel-gcc/Work/build/Packages/adehabitatHR/libs/adehabitatHR.so’:
     Found ‘rand’, possibly from ‘rand’ (C)
     Object: ‘tests.o’
     Found ‘srand’, possibly from ‘srand’ (C)
     Object: ‘tests.o’
    
    Compiled code should not call entry points which might terminate R nor
    write to stdout/stderr instead of to the console, nor the C RNG.
    
    See ‘Writing portable packages’ in the ‘Writing R Extensions’ manual.
Flavor: r-devel-linux-x86_64-debian-gcc

Version: 0.4.11
Check: compiled code
Result: NOTE
    File ‘/data/gannet/ripley/R/packages/tests-clang/adehabitatHR.Rcheck/adehabitatHR/libs/adehabitatHR.so’:
     Found ‘rand’, possibly from ‘rand’ (C)
     Object: ‘tests.o’
     Found ‘srand’, possibly from ‘srand’ (C)
     Object: ‘tests.o’
    
    Compiled code should not call entry points which might terminate R nor
    write to stdout/stderr instead of to the console, nor the C RNG.
    
    See ‘Writing portable packages’ in the ‘Writing R Extensions’ manual.
Flavor: r-devel-linux-x86_64-fedora-clang

Version: 0.4.11
Check: compiled code
Result: NOTE
    File ‘/data/gannet/ripley/R/packages/tests-devel/adehabitatHR.Rcheck/adehabitatHR/libs/adehabitatHR.so’:
     Found ‘rand’, possibly from ‘rand’ (C)
     Object: ‘tests.o’
     Found ‘srand’, possibly from ‘srand’ (C)
     Object: ‘tests.o’
    
    Compiled code should not call entry points which might terminate R nor
    write to stdout/stderr instead of to the console, nor the C RNG.
    
    See ‘Writing portable packages’ in the ‘Writing R Extensions’ manual.
Flavor: r-devel-linux-x86_64-fedora-gcc

Version: 0.4.11
Check: compiled code
Result: NOTE
    File ‘/Users/ripley/R/packages/tests-devel/adehabitatHR.Rcheck/adehabitatHR/libs/adehabitatHR.so’:
     Found ‘_rand’, possibly from ‘rand’ (C)
     Object: ‘tests.o’
     Found ‘_srand’, possibly from ‘srand’ (C)
     Object: ‘tests.o’
    
    Compiled code should not call entry points which might terminate R nor
    write to stdout/stderr instead of to the console, nor the C RNG.
    
    See ‘Writing portable packages’ in the ‘Writing R Extensions’ manual.
Flavor: r-devel-osx-x86_64-clang

Version: 0.4.11
Check: compiled code
Result: NOTE
    File 'd:/Rcompile/CRANpkg/lib/3.2/adehabitatHR/libs/i386/adehabitatHR.dll':
     Found 'rand', possibly from 'rand' (C)
     Object: 'tests.o'
     Found 'srand', possibly from 'srand' (C)
     Object: 'tests.o'
    File 'd:/Rcompile/CRANpkg/lib/3.2/adehabitatHR/libs/x64/adehabitatHR.dll':
     Found 'rand', possibly from 'rand' (C)
     Object: 'tests.o'
     Found 'srand', possibly from 'srand' (C)
     Object: 'tests.o'
    
    Compiled code should not call entry points which might terminate R nor
    write to stdout/stderr instead of to the console, nor the C RNG.
    
    See 'Writing portable packages' in the 'Writing R Extensions' manual.
Flavor: r-devel-windows-ix86+x86_64

Version: 0.4.11
Check: package dependencies
Result: NOTE
    Packages suggested but not available for checking: ‘maptools’ ‘rgeos’
Flavor: r-release-osx-x86_64-mavericks

Version: 0.4.11
Check: running R code from vignettes
Result: ERROR
    Errors in running code in vignettes:
    when running code in ‘adehabitatHR.Rnw’
     ...
    + "}\n\n", sep = "")
    \includegraphics[height=7cm,width=7cm]{Fig-bitmap-41.png}
    
    
    > res <- CharHull(puechabonsp$relocs[, 1])
    Loading required package: rgeos
    
     When sourcing ‘adehabitatHR.R’:
    Error: the package rgeos is required for this function
    Execution halted
Flavor: r-release-osx-x86_64-mavericks