CRAN Package Check Results for Package adehabitatHR

Last updated on 2015-07-01 03:47:18.

Flavor Version Tinstall Tcheck Ttotal Status Flags
r-devel-linux-x86_64-debian-clang 0.4.13 3.31 66.21 69.52 NOTE
r-devel-linux-x86_64-debian-gcc 0.4.13 3.61 66.36 69.97 NOTE
r-devel-linux-x86_64-fedora-clang 0.4.13 140.36 NOTE
r-devel-linux-x86_64-fedora-gcc 0.4.13 132.50 NOTE
r-devel-osx-x86_64-clang 0.4.13 132.17 OK
r-devel-windows-ix86+x86_64 0.4.13 12.00 114.00 126.00 NOTE
r-patched-linux-x86_64 0.4.13 3.64 70.26 73.90 OK
r-patched-solaris-sparc 0.4.13 856.90 OK
r-patched-solaris-x86 0.4.13 182.00 OK
r-release-linux-x86_64 0.4.13 3.92 65.84 69.76 OK
r-release-osx-x86_64-mavericks 0.4.13 ERROR
r-release-windows-ix86+x86_64 0.4.13 18.00 123.00 141.00 OK
r-oldrel-windows-ix86+x86_64 0.4.13 12.00 145.00 157.00 OK

Check Details

Version: 0.4.13
Check: R code for possible problems
Result: NOTE
    .kernelUDs: no visible global function definition for ‘var’
    BRB : <anonymous>: no visible global function definition for ‘na.omit’
    BRB.D : <anonymous>: no visible global function definition for
     ‘na.omit’
    BRB.likD : <anonymous>: no visible global function definition for
     ‘na.omit’
    LoCoH.a : <anonymous>: no visible global function definition for
     ‘chull’
    LoCoH.a.area: no visible global function definition for ‘par’
    LoCoH.a.area: no visible global function definition for ‘n2mfrow’
    LoCoH.k : <anonymous>: no visible global function definition for
     ‘chull’
    LoCoH.k.area: no visible global function definition for ‘par’
    LoCoH.k.area: no visible global function definition for ‘n2mfrow’
    LoCoH.r : <anonymous>: no visible global function definition for
     ‘chull’
    LoCoH.r.area: no visible global function definition for ‘par’
    LoCoH.r.area: no visible global function definition for ‘n2mfrow’
    clusthr : <anonymous>: no visible global function definition for
     ‘chull’
    getverticeshr.estUD: no visible global function definition for
     ‘contourLines’
    image.estUD: no visible global function definition for ‘image’
    image.estUDm: no visible global function definition for ‘par’
    image.estUDm: no visible global function definition for ‘n2mfrow’
    image.estUDm : <anonymous>: no visible global function definition for
     ‘par’
    image.estUDm : <anonymous>: no visible global function definition for
     ‘image’
    image.estUDm : <anonymous>: no visible global function definition for
     ‘title’
    image.estUDm : <anonymous>: no visible global function definition for
     ‘box’
    liker: no visible binding for global variable ‘grid’
    liker: no visible global function definition for ‘par’
    liker: no visible global function definition for ‘n2mfrow’
    mcp : <anonymous>: no visible global function definition for ‘quantile’
    mcp : <anonymous>: no visible global function definition for ‘chull’
    plot.MCHu: no visible global function definition for ‘grey’
    plot.MCHu: no visible global function definition for ‘par’
    plot.MCHu: no visible global function definition for ‘n2mfrow’
    plot.MCHu : <anonymous>: no visible global function definition for
     ‘par’
    plot.MCHu : <anonymous>: no visible global function definition for
     ‘title’
    plot.MCHu : <anonymous>: no visible global function definition for
     ‘box’
    plot.hrsize: no visible global function definition for ‘par’
    plot.hrsize: no visible global function definition for ‘n2mfrow’
    plot.hrsize: no visible global function definition for ‘lines’
    plotLSCV: no visible global function definition for ‘lines’
    plotLSCV: no visible global function definition for ‘par’
    plotLSCV: no visible global function definition for ‘n2mfrow’
Flavors: r-devel-linux-x86_64-debian-clang, r-devel-linux-x86_64-debian-gcc, r-devel-linux-x86_64-fedora-clang, r-devel-linux-x86_64-fedora-gcc, r-devel-windows-ix86+x86_64

Version: 0.4.13
Check: package dependencies
Result: NOTE
    Package suggested but not available for checking: ‘rgeos’
Flavor: r-release-osx-x86_64-mavericks

Version: 0.4.13
Check: running R code from vignettes
Result: ERROR
    Errors in running code in vignettes:
    when running code in ‘adehabitatHR.Rnw’
     ...
    
     PLEASE NOTE: The process that deldir() uses for determining
     duplicated points has changed from that used in version
     0.0-9 of this package (and previously). See help("deldir").
    
    
    
     When sourcing ‘adehabitatHR.R’:
    Error: isTRUE(gpclibPermitStatus()) is not TRUE
    Execution halted
Flavor: r-release-osx-x86_64-mavericks

Version: 0.4.13
Check: re-building of vignette outputs
Result: NOTE
    Error in re-building vignettes:
     ...
    Loading required package: adehabitatMA
    Loading required package: adehabitatLT
    Loading required package: CircStats
    Loading required package: MASS
    Loading required package: boot
    Checking rgeos availability: FALSE
     Note: when rgeos is not available, polygon geometry computations in maptools depend on gpclib,
     which has a restricted licence. It is disabled by default;
     to enable gpclib, type gpclibPermit()
    
     PLEASE NOTE: The components "delsgs" and "summary" of the
     object returned by deldir() are now DATA FRAMES rather than
     matrices (as they were prior to release 0.0-18).
     See help("deldir").
    
     PLEASE NOTE: The process that deldir() uses for determining
     duplicated points has changed from that used in version
     0.0-9 of this package (and previously). See help("deldir").
    
    
    
    Error: processing vignette 'adehabitatHR.Rnw' failed with diagnostics:
     chunk 173
    Error : isTRUE(gpclibPermitStatus()) is not TRUE
    Execution halted
Flavor: r-release-osx-x86_64-mavericks