CRAN Package Check Results for Package adehabitatHR

Last updated on 2017-02-27 18:48:41.

Flavor Version Tinstall Tcheck Ttotal Status Flags
r-devel-linux-x86_64-debian-clang 0.4.14 4.35 60.40 64.75 NOTE
r-devel-linux-x86_64-debian-gcc 0.4.14 3.80 60.76 64.55 NOTE
r-devel-linux-x86_64-fedora-clang 0.4.14 124.71 NOTE --no-stop-on-test-error
r-devel-linux-x86_64-fedora-gcc 0.4.14 118.05 NOTE --no-stop-on-test-error
r-devel-macos-x86_64-clang 0.4.14 99.12 NOTE --no-stop-on-test-error
r-devel-windows-ix86+x86_64 0.4.14 24.00 173.00 197.00 OK
r-patched-linux-x86_64 0.4.14 3.53 53.76 57.29 OK
r-patched-solaris-sparc 0.4.14 666.50 OK
r-patched-solaris-x86 0.4.14 133.00 OK
r-release-linux-x86_64 0.4.14 3.43 53.78 57.21 OK
r-release-osx-x86_64-mavericks 0.4.14 OK
r-release-windows-ix86+x86_64 0.4.14 28.00 112.00 140.00 OK
r-oldrel-windows-ix86+x86_64 0.4.14 17.00 277.00 294.00 OK

Check Details

Version: 0.4.14
Check: compiled code
Result: NOTE
    File ‘adehabitatHR/libs/adehabitatHR.so’:
     Found no calls to: ‘R_registerRoutines’, ‘R_useDynamicSymbols’
    
    It is good practice to register native routines and to disable symbol
    search.
    
    See ‘Writing portable packages’ in the ‘Writing R Extensions’ manual.
Flavors: r-devel-linux-x86_64-debian-clang, r-devel-linux-x86_64-debian-gcc

Version: 0.4.14
Flags: --no-stop-on-test-error
Check: compiled code
Result: NOTE
    File ‘adehabitatHR/libs/adehabitatHR.so’:
     Found no calls to: ‘R_registerRoutines’, ‘R_useDynamicSymbols’
    
    It is good practice to register native routines and to disable symbol
    search.
    
    See ‘Writing portable packages’ in the ‘Writing R Extensions’ manual.
Flavors: r-devel-linux-x86_64-fedora-clang, r-devel-linux-x86_64-fedora-gcc, r-devel-macos-x86_64-clang