CRAN Package Check Results for Package adehabitatHR

Last updated on 2014-12-17 21:46:46.

Flavor Version Tinstall Tcheck Ttotal Status Flags
r-devel-linux-x86_64-debian-clang 0.4.11 3.20 71.08 74.28 NOTE
r-devel-linux-x86_64-debian-gcc 0.4.11 3.75 68.70 72.44 NOTE
r-devel-linux-x86_64-fedora-clang 0.4.11 155.51 NOTE
r-devel-linux-x86_64-fedora-gcc 0.4.11 144.47 NOTE
r-devel-osx-x86_64-clang 0.4.11 132.66 NOTE
r-devel-windows-ix86+x86_64 0.4.11 14.00 124.00 138.00 NOTE
r-patched-linux-x86_64 0.4.11 3.77 73.50 77.27 NOTE
r-patched-solaris-sparc 0.4.11 950.80 NOTE
r-patched-solaris-x86 0.4.11 203.70 NOTE
r-release-linux-ix86 0.4.11 4.45 88.40 92.85 NOTE
r-release-linux-x86_64 0.4.11 4.18 73.16 77.34 NOTE
r-release-osx-x86_64-mavericks 0.4.11 ERROR
r-release-osx-x86_64-snowleopard 0.4.11 OK
r-release-windows-ix86+x86_64 0.4.11 15.00 128.00 143.00 NOTE
r-oldrel-windows-ix86+x86_64 0.4.11 13.00 152.00 165.00 OK

Check Details

Version: 0.4.11
Check: R code for possible problems
Result: NOTE
    LoCoH.a: no visible binding for global variable ‘checkPolygonsHoles’
    LoCoH.r: no visible binding for global variable ‘checkPolygonsHoles’
Flavors: r-devel-linux-x86_64-debian-clang, r-devel-linux-x86_64-debian-gcc, r-devel-linux-x86_64-fedora-clang, r-devel-linux-x86_64-fedora-gcc, r-devel-osx-x86_64-clang, r-devel-windows-ix86+x86_64, r-patched-linux-x86_64, r-patched-solaris-sparc, r-patched-solaris-x86, r-release-linux-ix86, r-release-linux-x86_64, r-release-osx-x86_64-mavericks, r-release-windows-ix86+x86_64

Version: 0.4.11
Check: compiled code
Result: NOTE
    File ‘adehabitatHR/libs/adehabitatHR.so’:
     Found ‘rand’, possibly from ‘rand’ (C)
     Object: ‘tests.o’
     Found ‘srand’, possibly from ‘srand’ (C)
     Object: ‘tests.o’
    
    Compiled code should not call entry points which might terminate R nor
    write to stdout/stderr instead of to the console, nor the system RNG.
    
    See ‘Writing portable packages’ in the ‘Writing R Extensions’ manual.
Flavors: r-devel-linux-x86_64-debian-clang, r-devel-linux-x86_64-debian-gcc, r-devel-linux-x86_64-fedora-clang, r-devel-linux-x86_64-fedora-gcc, r-patched-linux-x86_64, r-patched-solaris-sparc, r-patched-solaris-x86

Version: 0.4.11
Check: compiled code
Result: NOTE
    File ‘adehabitatHR/libs/adehabitatHR.so’:
     Found ‘_rand’, possibly from ‘rand’ (C)
     Object: ‘tests.o’
     Found ‘_srand’, possibly from ‘srand’ (C)
     Object: ‘tests.o’
    
    Compiled code should not call entry points which might terminate R nor
    write to stdout/stderr instead of to the console, nor the system RNG.
    
    See ‘Writing portable packages’ in the ‘Writing R Extensions’ manual.
Flavor: r-devel-osx-x86_64-clang

Version: 0.4.11
Check: compiled code
Result: NOTE
    File 'adehabitatHR/libs/i386/adehabitatHR.dll':
     Found 'rand', possibly from 'rand' (C)
     Object: 'tests.o'
     Found 'srand', possibly from 'srand' (C)
     Object: 'tests.o'
    File 'adehabitatHR/libs/x64/adehabitatHR.dll':
     Found 'rand', possibly from 'rand' (C)
     Object: 'tests.o'
     Found 'srand', possibly from 'srand' (C)
     Object: 'tests.o'
    
    Compiled code should not call entry points which might terminate R nor
    write to stdout/stderr instead of to the console, nor the system RNG.
    
    See 'Writing portable packages' in the 'Writing R Extensions' manual.
Flavor: r-devel-windows-ix86+x86_64

Version: 0.4.11
Check: compiled code
Result: NOTE
    File ‘adehabitatHR/libs/adehabitatHR.so’:
     Found ‘rand’, possibly from ‘rand’ (C)
     Object: ‘tests.o’
     Found ‘srand’, possibly from ‘srand’ (C)
     Object: ‘tests.o’
    
    Compiled code should not call entry points which might terminate R nor
    write to stdout/stderr instead of to the console, nor the C RNG.
    
    See ‘Writing portable packages’ in the ‘Writing R Extensions’ manual.
Flavors: r-release-linux-ix86, r-release-linux-x86_64

Version: 0.4.11
Check: package dependencies
Result: NOTE
    Packages suggested but not available for checking: ‘maptools’ ‘rgeos’
Flavor: r-release-osx-x86_64-mavericks

Version: 0.4.11
Check: running R code from vignettes
Result: ERROR
    Errors in running code in vignettes:
    when running code in ‘adehabitatHR.Rnw’
     ...
    + "}\n\n", sep = "")
    \includegraphics[height=7cm,width=7cm]{Fig-bitmap-41.png}
    
    
    > res <- CharHull(puechabonsp$relocs[, 1])
    Loading required package: rgeos
    
     When sourcing ‘adehabitatHR.R’:
    Error: the package rgeos is required for this function
    Execution halted
Flavor: r-release-osx-x86_64-mavericks

Version: 0.4.11
Check: compiled code
Result: NOTE
    File 'adehabitatHR/libs/i386/adehabitatHR.dll':
     Found 'rand', possibly from 'rand' (C)
     Object: 'tests.o'
     Found 'srand', possibly from 'srand' (C)
     Object: 'tests.o'
    File 'adehabitatHR/libs/x64/adehabitatHR.dll':
     Found 'rand', possibly from 'rand' (C)
     Object: 'tests.o'
     Found 'srand', possibly from 'srand' (C)
     Object: 'tests.o'
    
    Compiled code should not call entry points which might terminate R nor
    write to stdout/stderr instead of to the console, nor the C RNG.
    
    See 'Writing portable packages' in the 'Writing R Extensions' manual.
Flavor: r-release-windows-ix86+x86_64