CRAN Package Check Results for Package adehabitatHR

Last updated on 2015-04-18 10:00:04.

Flavor Version Tinstall Tcheck Ttotal Status Flags
r-devel-linux-x86_64-debian-clang 0.4.13 3.06 67.34 70.41 OK
r-devel-linux-x86_64-debian-gcc 0.4.13 3.63 65.61 69.24 OK
r-devel-linux-x86_64-fedora-clang 0.4.13 138.23 OK
r-devel-linux-x86_64-fedora-gcc 0.4.13 138.26 OK
r-devel-osx-x86_64-clang 0.4.13 125.51 OK
r-prerel-windows-ix86+x86_64 0.4.13 13.00 118.00 131.00 OK
r-prerel-linux-x86_64 0.4.13 3.59 66.93 70.52 OK
r-prerel-solaris-sparc 0.4.13 765.20 OK
r-prerel-solaris-x86 0.4.13 176.70 OK
r-release-linux-x86_64 0.4.13 4.19 65.82 70.01 OK
r-release-osx-x86_64-mavericks 0.4.13 ERROR
r-release-osx-x86_64-snowleopard 0.4.13 OK
r-release-windows-ix86+x86_64 0.4.13 15.00 181.00 196.00 OK
r-oldrel-windows-ix86+x86_64 0.4.13 15.00 211.00 226.00 OK

Check Details

Version: 0.4.13
Check: package dependencies
Result: NOTE
    Package suggested but not available for checking: ‘rgeos’
Flavor: r-release-osx-x86_64-mavericks

Version: 0.4.13
Check: running R code from vignettes
Result: ERROR
    Errors in running code in vignettes:
    when running code in ‘adehabitatHR.Rnw’
     ...
    
     PLEASE NOTE: The process that deldir() uses for determining
     duplicated points has changed from that used in version
     0.0-9 of this package (and previously). See help("deldir").
    
    
    
     When sourcing ‘adehabitatHR.R’:
    Error: isTRUE(gpclibPermitStatus()) is not TRUE
    Execution halted
Flavor: r-release-osx-x86_64-mavericks