CRAN Package Check Results for Package adehabitatHR

Last updated on 2017-03-25 17:49:14.

Flavor Version Tinstall Tcheck Ttotal Status Flags
r-devel-linux-x86_64-debian-clang 0.4.14 4.37 62.56 66.93 NOTE
r-devel-linux-x86_64-debian-gcc 0.4.14 4.00 61.18 65.18 NOTE
r-devel-linux-x86_64-fedora-clang 0.4.14 123.17 NOTE --no-stop-on-test-error
r-devel-linux-x86_64-fedora-gcc 0.4.14 126.17 NOTE --no-stop-on-test-error
r-devel-macos-x86_64-clang 0.4.14 94.25 NOTE --no-stop-on-test-error
r-patched-linux-x86_64 0.4.14 3.86 59.60 63.46 NOTE
r-patched-solaris-sparc 0.4.14 720.90 OK
r-patched-solaris-x86 0.4.14 148.30 OK
r-release-linux-x86_64 0.4.14 3.62 53.97 57.59 OK
r-release-osx-x86_64-mavericks 0.4.14 OK
r-release-windows-ix86+x86_64 0.4.14 15.00 145.00 160.00 OK
r-oldrel-windows-ix86+x86_64 0.4.14 13.00 200.00 213.00 OK

Check Details

Version: 0.4.14
Check: compiled code
Result: NOTE
    File ‘adehabitatHR/libs/adehabitatHR.so’:
     Found no calls to: ‘R_registerRoutines’, ‘R_useDynamicSymbols’
    
    It is good practice to register native routines and to disable symbol
    search.
    
    See ‘Writing portable packages’ in the ‘Writing R Extensions’ manual.
Flavors: r-devel-linux-x86_64-debian-clang, r-devel-linux-x86_64-debian-gcc, r-patched-linux-x86_64

Version: 0.4.14
Flags: --no-stop-on-test-error
Check: compiled code
Result: NOTE
    File ‘adehabitatHR/libs/adehabitatHR.so’:
     Found no calls to: ‘R_registerRoutines’, ‘R_useDynamicSymbols’
    
    It is good practice to register native routines and to disable symbol
    search.
    
    See ‘Writing portable packages’ in the ‘Writing R Extensions’ manual.
Flavors: r-devel-linux-x86_64-fedora-clang, r-devel-linux-x86_64-fedora-gcc, r-devel-macos-x86_64-clang