CRAN Package Check Results for Package adehabitatHR

Last updated on 2022-06-27 16:51:48 CEST.

Flavor Version Tinstall Tcheck Ttotal Status Flags
r-devel-linux-x86_64-debian-clang 0.4.19 12.23 106.41 118.64 NOTE
r-devel-linux-x86_64-debian-gcc 0.4.19 12.19 78.87 91.06 NOTE
r-devel-linux-x86_64-fedora-clang 0.4.19 153.66 NOTE
r-devel-linux-x86_64-fedora-gcc 0.4.19 153.36 NOTE
r-devel-windows-x86_64 0.4.19 54.00 380.00 434.00 NOTE
r-patched-linux-x86_64 0.4.19 17.58 99.82 117.40 OK
r-release-linux-x86_64 0.4.19 15.43 99.35 114.78 OK
r-release-macos-arm64 0.4.19 59.00 OK
r-release-macos-x86_64 0.4.19 78.00 OK
r-release-windows-x86_64 0.4.19 58.00 151.00 209.00 OK
r-oldrel-macos-arm64 0.4.19 72.00 OK
r-oldrel-macos-x86_64 0.4.19 96.00 OK
r-oldrel-windows-ix86+x86_64 0.4.19 32.00 166.00 198.00 OK

Check Details

Version: 0.4.19
Check: Rd files
Result: NOTE
    checkRd: (-1) kernelUD.Rd:210: Escaped LaTeX specials: \&
Flavors: r-devel-linux-x86_64-debian-clang, r-devel-linux-x86_64-debian-gcc, r-devel-linux-x86_64-fedora-clang, r-devel-linux-x86_64-fedora-gcc, r-devel-windows-x86_64