CRAN Package Check Results for Package adehabitatHR

Last updated on 2015-05-30 03:48:31.

Flavor Version Tinstall Tcheck Ttotal Status Flags
r-devel-linux-x86_64-debian-clang 0.4.13 3.29 70.16 73.45 OK
r-devel-linux-x86_64-debian-gcc 0.4.13 3.71 70.25 73.96 OK
r-devel-linux-x86_64-fedora-clang 0.4.13 150.17 OK
r-devel-linux-x86_64-fedora-gcc 0.4.13 136.06 OK
r-devel-osx-x86_64-clang 0.4.13 126.00 OK
r-devel-windows-ix86+x86_64 0.4.13 13.00 113.00 126.00 OK
r-patched-linux-x86_64 0.4.13 3.57 67.61 71.18 OK
r-patched-solaris-sparc 0.4.13 856.90 OK
r-patched-solaris-x86 0.4.13 180.50 OK
r-release-linux-x86_64 0.4.13 3.60 65.75 69.35 OK
r-release-osx-x86_64-mavericks 0.4.13 ERROR
r-release-osx-x86_64-snowleopard 0.4.13 ERROR
r-release-windows-ix86+x86_64 0.4.13 14.00 120.00 134.00 OK
r-oldrel-windows-ix86+x86_64 0.4.13 13.00 155.00 168.00 OK

Check Details

Version: 0.4.13
Check: package dependencies
Result: NOTE
    Package suggested but not available for checking: ‘rgeos’
Flavors: r-release-osx-x86_64-mavericks, r-release-osx-x86_64-snowleopard

Version: 0.4.13
Check: running R code from vignettes
Result: ERROR
    Errors in running code in vignettes:
    when running code in ‘adehabitatHR.Rnw’
     ...
    
     PLEASE NOTE: The process that deldir() uses for determining
     duplicated points has changed from that used in version
     0.0-9 of this package (and previously). See help("deldir").
    
    
    
     When sourcing ‘adehabitatHR.R’:
    Error: isTRUE(gpclibPermitStatus()) is not TRUE
    Execution halted
Flavors: r-release-osx-x86_64-mavericks, r-release-osx-x86_64-snowleopard

Version: 0.4.13
Check: re-building of vignette outputs
Result: NOTE
    Error in re-building vignettes:
     ...
    Loading required package: adehabitatMA
    Loading required package: adehabitatLT
    Loading required package: CircStats
    Loading required package: MASS
    Loading required package: boot
    Checking rgeos availability: FALSE
     Note: when rgeos is not available, polygon geometry computations in maptools depend on gpclib,
     which has a restricted licence. It is disabled by default;
     to enable gpclib, type gpclibPermit()
    
     PLEASE NOTE: The components "delsgs" and "summary" of the
     object returned by deldir() are now DATA FRAMES rather than
     matrices (as they were prior to release 0.0-18).
     See help("deldir").
    
     PLEASE NOTE: The process that deldir() uses for determining
     duplicated points has changed from that used in version
     0.0-9 of this package (and previously). See help("deldir").
    
    
    
    Error: processing vignette 'adehabitatHR.Rnw' failed with diagnostics:
     chunk 173
    Error : isTRUE(gpclibPermitStatus()) is not TRUE
    Execution halted
Flavors: r-release-osx-x86_64-mavericks, r-release-osx-x86_64-snowleopard