CRAN Package Check Results for Package adehabitatHR

Last updated on 2014-04-23 12:48:13.

Flavor Version Tinstall Tcheck Ttotal Status Flags
r-devel-linux-x86_64-debian-clang 0.4.11 3.04 74.42 77.46 OK
r-devel-linux-x86_64-debian-gcc 0.4.11 3.78 75.15 78.93 OK
r-devel-linux-x86_64-fedora-clang 0.4.11 162.50 OK
r-devel-linux-x86_64-fedora-gcc 0.4.11 159.52 OK
r-devel-osx-x86_64-clang 0.4.11 127.12 OK
r-devel-osx-x86_64-gcc 0.4.11 ERROR
r-devel-windows-ix86+x86_64 0.4.11 12.00 116.00 128.00 OK
r-patched-linux-x86_64 0.4.11 3.78 75.86 79.64 OK
r-patched-solaris-sparc 0.4.11 895.30 OK
r-patched-solaris-x86 0.4.11 211.30 OK
r-release-linux-ix86 0.4.11 6.00 121.00 127.00 OK
r-release-linux-x86_64 0.4.11 3.72 61.83 65.55 OK
r-release-osx-x86_64-mavericks 0.4.11 ERROR
r-release-osx-x86_64-snowleopard 0.4.11 OK
r-release-windows-ix86+x86_64 0.4.11 11.00 129.00 140.00 OK
r-oldrel-windows-ix86+x86_64 0.4.11 12.00 145.00 157.00 OK

Check Details

Version: 0.4.11
Check: package dependencies
Result: NOTE
    Packages suggested but not available for checking: ‘maptools’ ‘rgeos’
Flavors: r-devel-osx-x86_64-gcc, r-release-osx-x86_64-mavericks

Version: 0.4.11
Check: R code for possible problems
Result: NOTE
    LoCoH.a: no visible binding for global variable ‘checkPolygonsHoles’
    LoCoH.r: no visible binding for global variable ‘checkPolygonsHoles’
Flavors: r-devel-osx-x86_64-gcc, r-release-osx-x86_64-mavericks

Version: 0.4.11
Check: running R code from vignettes
Result: ERROR
    Errors in running code in vignettes:
    when running code in ‘adehabitatHR.Rnw’
     ...
    + "}\n\n", sep = "")
    \includegraphics[height=7cm,width=7cm]{Fig-bitmap-41.png}
    
    
    > res <- CharHull(puechabonsp$relocs[, 1])
    Loading required package: rgeos
    
     When sourcing ‘adehabitatHR.R’:
    Error: the package rgeos is required for this function
    Execution halted
Flavors: r-devel-osx-x86_64-gcc, r-release-osx-x86_64-mavericks