CRAN Package Check Results for Package adehabitatHR

Last updated on 2017-05-26 12:48:39.

Flavor Version Tinstall Tcheck Ttotal Status Flags
r-devel-linux-x86_64-debian-clang 0.4.14 4.17 62.01 66.17 NOTE
r-devel-linux-x86_64-debian-gcc 0.4.14 4.04 60.95 64.99 NOTE
r-devel-linux-x86_64-fedora-clang 0.4.14 126.61 NOTE
r-devel-linux-x86_64-fedora-gcc 0.4.14 118.28 NOTE
r-devel-windows-ix86+x86_64 0.4.14 13.00 124.00 137.00 OK
r-patched-linux-x86_64 0.4.14 4.16 63.00 67.15 NOTE
r-patched-solaris-sparc 0.4.14 720.90 OK
r-patched-solaris-x86 0.4.14 146.80 OK
r-release-linux-x86_64 0.4.14 3.82 58.06 61.88 NOTE
r-release-windows-ix86+x86_64 0.4.14 17.00 193.00 210.00 OK
r-release-osx-x86_64 0.4.14 ERROR
r-oldrel-windows-ix86+x86_64 0.4.14 15.00 119.00 134.00 OK
r-oldrel-osx-x86_64 0.4.14 OK

Check Details

Version: 0.4.14
Check: compiled code
Result: NOTE
    File ‘adehabitatHR/libs/adehabitatHR.so’:
     Found no calls to: ‘R_registerRoutines’, ‘R_useDynamicSymbols’
    
    It is good practice to register native routines and to disable symbol
    search.
    
    See ‘Writing portable packages’ in the ‘Writing R Extensions’ manual.
Flavors: r-devel-linux-x86_64-debian-clang, r-devel-linux-x86_64-debian-gcc, r-devel-linux-x86_64-fedora-clang, r-devel-linux-x86_64-fedora-gcc, r-patched-linux-x86_64, r-release-linux-x86_64

Version: 0.4.14
Check: package dependencies
Result: NOTE
    Package suggested but not available for checking: ‘rgeos’
Flavor: r-release-osx-x86_64

Version: 0.4.14
Check: running R code from vignettes
Result: ERROR
    Errors in running code in vignettes:
    when running code in ‘adehabitatHR.Rnw’
     ...
    
     PLEASE NOTE: The process that deldir() uses for determining
     duplicated points has changed from that used in version
     0.0-9 of this package (and previously). See help("deldir").
    
    
    
     When sourcing ‘adehabitatHR.R’:
    Error: isTRUE(gpclibPermitStatus()) is not TRUE
    Execution halted
Flavor: r-release-osx-x86_64

Version: 0.4.14
Check: re-building of vignette outputs
Result: NOTE
    Error in re-building vignettes:
     ...
    Loading required package: adehabitatMA
    Loading required package: adehabitatLT
    Loading required package: CircStats
    Loading required package: MASS
    Loading required package: boot
    Checking rgeos availability: FALSE
     Note: when rgeos is not available, polygon geometry computations in maptools depend on gpclib,
     which has a restricted licence. It is disabled by default;
     to enable gpclib, type gpclibPermit()
    
     PLEASE NOTE: The components "delsgs" and "summary" of the
     object returned by deldir() are now DATA FRAMES rather than
     matrices (as they were prior to release 0.0-18).
     See help("deldir").
    
     PLEASE NOTE: The process that deldir() uses for determining
     duplicated points has changed from that used in version
     0.0-9 of this package (and previously). See help("deldir").
    
    
    
    Error: processing vignette 'adehabitatHR.Rnw' failed with diagnostics:
     chunk 173
    Error : isTRUE(gpclibPermitStatus()) is not TRUE
    Execution halted
Flavor: r-release-osx-x86_64