CRAN Package Check Results for Package adehabitatHR

Last updated on 2014-07-30 03:48:15.

Flavor Version Tinstall Tcheck Ttotal Status Flags
r-devel-linux-x86_64-debian-clang 0.4.11 2.99 70.41 73.40 OK
r-devel-linux-x86_64-debian-gcc 0.4.11 3.85 69.84 73.69 OK
r-devel-linux-x86_64-fedora-clang 0.4.11 157.84 OK
r-devel-linux-x86_64-fedora-gcc 0.4.11 152.54 OK
r-devel-osx-x86_64-clang 0.4.11 129.95 OK
r-devel-windows-ix86+x86_64 0.4.11 14.00 129.00 143.00 OK
r-patched-linux-x86_64 0.4.11 3.86 73.08 76.95 OK
r-patched-solaris-sparc 0.4.11 895.30 OK
r-patched-solaris-x86 0.4.11 212.80 OK
r-release-linux-ix86 0.4.11 4.68 93.25 97.93 OK
r-release-linux-x86_64 0.4.11 3.78 73.27 77.06 OK
r-release-osx-x86_64-mavericks 0.4.11 ERROR
r-release-osx-x86_64-snowleopard 0.4.11 OK
r-release-windows-ix86+x86_64 0.4.11 13.00 136.00 149.00 OK
r-oldrel-windows-ix86+x86_64 0.4.11 11.00 159.00 170.00 OK

Check Details

Version: 0.4.11
Check: package dependencies
Result: NOTE
    Packages suggested but not available for checking: maptools rgeos
Flavor: r-release-osx-x86_64-mavericks

Version: 0.4.11
Check: R code for possible problems
Result: NOTE
    LoCoH.a: no visible binding for global variable checkPolygonsHoles
    LoCoH.r: no visible binding for global variable checkPolygonsHoles
Flavor: r-release-osx-x86_64-mavericks

Version: 0.4.11
Check: running R code from vignettes
Result: ERROR
    Errors in running code in vignettes:
    when running code in adehabitatHR.Rnw
     ...
    + "}\n\n", sep = "")
    \includegraphics[height=7cm,width=7cm]{Fig-bitmap-41.png}
    
    
    > res <- CharHull(puechabonsp$relocs[, 1])
    Loading required package: rgeos
    
     When sourcing adehabitatHR.R :
    Error: the package rgeos is required for this function
    Execution halted
Flavor: r-release-osx-x86_64-mavericks