CRAN Package Check Results for Package adehabitatHR

Last updated on 2015-01-26 19:48:15.

Flavor Version Tinstall Tcheck Ttotal Status Flags
r-devel-linux-x86_64-debian-clang 0.4.12 3.02 65.19 68.21 NOTE
r-devel-linux-x86_64-debian-gcc 0.4.12 3.50 64.13 67.63 NOTE
r-devel-linux-x86_64-fedora-clang 0.4.12 155.56 NOTE
r-devel-linux-x86_64-fedora-gcc 0.4.12 155.16 NOTE
r-devel-osx-x86_64-clang 0.4.12 134.96 NOTE
r-devel-windows-ix86+x86_64 0.4.12 19.00 113.00 132.00 NOTE
r-patched-linux-x86_64 0.4.12 3.87 72.42 76.29 OK
r-patched-solaris-sparc 0.4.12 916.90 OK
r-patched-solaris-x86 0.4.12 201.90 OK
r-release-linux-ix86 0.4.12 4.45 87.94 92.39 OK
r-release-linux-x86_64 0.4.12 3.78 74.57 78.35 OK
r-release-osx-x86_64-mavericks 0.4.12 ERROR
r-release-osx-x86_64-snowleopard 0.4.12 OK
r-release-windows-ix86+x86_64 0.4.12 13.00 134.00 147.00 OK
r-oldrel-windows-ix86+x86_64 0.4.12 19.00 155.00 174.00 OK

Check Details

Version: 0.4.12
Check: dependencies in R code
Result: NOTE
    'library' or 'require' calls in package code:
     ‘maptools’ ‘rgeos’
     Please use :: or requireNamespace() instead.
     See section 'Suggested packages' in the 'Writing R Extensions' manual.
Flavors: r-devel-linux-x86_64-debian-clang, r-devel-linux-x86_64-debian-gcc, r-devel-linux-x86_64-fedora-clang, r-devel-linux-x86_64-fedora-gcc, r-devel-osx-x86_64-clang, r-devel-windows-ix86+x86_64

Version: 0.4.12
Check: package dependencies
Result: NOTE
    Package suggested but not available for checking: ‘rgeos’
Flavor: r-release-osx-x86_64-mavericks

Version: 0.4.12
Check: running R code from vignettes
Result: ERROR
    Errors in running code in vignettes:
    when running code in ‘adehabitatHR.Rnw’
     ...
    + "}\n\n", sep = "")
    \includegraphics[height=7cm,width=7cm]{Fig-bitmap-41.png}
    
    
    > res <- CharHull(puechabonsp$relocs[, 1])
    Loading required package: rgeos
    
     When sourcing ‘adehabitatHR.R’:
    Error: the package rgeos is required for this function
    Execution halted
Flavor: r-release-osx-x86_64-mavericks