CRAN Package Check Results for Package adehabitatHS

Last updated on 2017-10-17 14:46:22.

Flavor Version Tinstall Tcheck Ttotal Status Flags
r-devel-linux-x86_64-debian-clang 0.3.12 5.44 52.69 58.13 NOTE
r-devel-linux-x86_64-debian-gcc 0.3.12 4.57 54.15 58.72 NOTE
r-devel-linux-x86_64-fedora-clang 0.3.12 107.72 NOTE
r-devel-linux-x86_64-fedora-gcc 0.3.12 105.06 NOTE
r-devel-windows-ix86+x86_64 0.3.12 13.00 107.00 120.00 OK
r-patched-linux-x86_64 0.3.12 4.59 51.89 56.48 NOTE
r-patched-solaris-x86 0.3.12 129.20 OK
r-release-linux-x86_64 0.3.12 4.55 52.23 56.78 NOTE
r-release-windows-ix86+x86_64 0.3.12 22.00 145.00 167.00 OK
r-release-osx-x86_64 0.3.12 NOTE
r-oldrel-windows-ix86+x86_64 0.3.12 17.00 124.00 141.00 OK
r-oldrel-osx-x86_64 0.3.12 OK

Check Details

Version: 0.3.12
Check: compiled code
Result: NOTE
    File ‘adehabitatHS/libs/adehabitatHS.so’:
     Found no calls to: ‘R_registerRoutines’, ‘R_useDynamicSymbols’
    
    It is good practice to register native routines and to disable symbol
    search.
    
    See ‘Writing portable packages’ in the ‘Writing R Extensions’ manual.
Flavors: r-devel-linux-x86_64-debian-clang, r-devel-linux-x86_64-debian-gcc, r-devel-linux-x86_64-fedora-clang, r-devel-linux-x86_64-fedora-gcc, r-patched-linux-x86_64, r-release-linux-x86_64

Version: 0.3.12
Check: package dependencies
Result: NOTE
    Package suggested but not available for checking: ‘rgeos’
Flavor: r-release-osx-x86_64