CRAN Package Check Results for Package adehabitatHS

Last updated on 2017-06-22 19:46:45.

Flavor Version Tinstall Tcheck Ttotal Status Flags
r-devel-linux-x86_64-debian-clang 0.3.12 6.02 53.00 59.02 NOTE
r-devel-linux-x86_64-debian-gcc 0.3.12 4.39 52.65 57.04 NOTE
r-devel-linux-x86_64-fedora-clang 0.3.12 108.81 NOTE
r-devel-linux-x86_64-fedora-gcc 0.3.12 100.37 NOTE
r-devel-windows-ix86+x86_64 0.3.12 21.00 155.00 176.00 OK
r-patched-linux-x86_64 0.3.12 4.46 52.26 56.73 NOTE
r-patched-solaris-sparc 0.3.12 611.10 OK
r-patched-solaris-x86 0.3.12 126.30 OK
r-release-linux-x86_64 0.3.12 5.15 52.89 58.04 NOTE
r-release-windows-ix86+x86_64 0.3.12 19.00 120.00 139.00 OK
r-release-osx-x86_64 0.3.12 NOTE
r-oldrel-windows-ix86+x86_64 0.3.12 19.00 94.00 113.00 OK
r-oldrel-osx-x86_64 0.3.12 OK

Check Details

Version: 0.3.12
Check: compiled code
Result: NOTE
    File ‘adehabitatHS/libs/adehabitatHS.so’:
     Found no calls to: ‘R_registerRoutines’, ‘R_useDynamicSymbols’
    
    It is good practice to register native routines and to disable symbol
    search.
    
    See ‘Writing portable packages’ in the ‘Writing R Extensions’ manual.
Flavors: r-devel-linux-x86_64-debian-clang, r-devel-linux-x86_64-debian-gcc, r-devel-linux-x86_64-fedora-clang, r-devel-linux-x86_64-fedora-gcc, r-patched-linux-x86_64, r-release-linux-x86_64

Version: 0.3.12
Check: package dependencies
Result: NOTE
    Package suggested but not available for checking: ‘rgeos’
Flavor: r-release-osx-x86_64