CRAN Package Check Results for Package adehabitatHS

Last updated on 2015-01-26 03:52:16.

Flavor Version Tinstall Tcheck Ttotal Status Flags
r-devel-linux-x86_64-debian-clang 0.3.10 3.96 50.32 54.29 NOTE
r-devel-linux-x86_64-debian-gcc 0.3.10 4.08 48.10 52.18 NOTE
r-devel-linux-x86_64-fedora-clang 0.3.10 125.15 NOTE
r-devel-linux-x86_64-fedora-gcc 0.3.10 117.03 NOTE
r-devel-osx-x86_64-clang 0.3.10 122.83 NOTE
r-devel-windows-ix86+x86_64 0.3.10 19.00 86.00 105.00 NOTE
r-patched-linux-x86_64 0.3.10 4.60 54.20 58.80 OK
r-patched-solaris-sparc 0.3.10 695.50 OK
r-patched-solaris-x86 0.3.10 163.00 OK
r-release-linux-ix86 0.3.10 4.82 65.32 70.14 OK
r-release-linux-x86_64 0.3.10 4.66 55.09 59.75 OK
r-release-osx-x86_64-mavericks 0.3.10 NOTE
r-release-osx-x86_64-snowleopard 0.3.10 OK
r-release-windows-ix86+x86_64 0.3.10 15.00 99.00 114.00 OK
r-oldrel-windows-ix86+x86_64 0.3.10 15.00 110.00 125.00 OK

Check Details

Version: 0.3.10
Check: dependencies in R code
Result: NOTE
    'library' or 'require' call to ‘MASS’ in package code.
     Please use :: or requireNamespace() instead.
     See section 'Suggested packages' in the 'Writing R Extensions' manual.
Flavors: r-devel-linux-x86_64-debian-clang, r-devel-linux-x86_64-debian-gcc, r-devel-linux-x86_64-fedora-clang, r-devel-linux-x86_64-fedora-gcc, r-devel-osx-x86_64-clang, r-devel-windows-ix86+x86_64

Version: 0.3.10
Check: S3 generic/method consistency
Result: NOTE
    Found the following apparent S3 methods exported but not registered:
     print.canomi print.dunnfa print.esr hist.kselect plot.canomi
     kplot.kselect randtest.enfa scatter.enfa scatter.esr scatter.madifa
    See section ‘Registering S3 methods’ in the ‘Writing R Extensions’
    manual.
Flavors: r-devel-linux-x86_64-fedora-clang, r-devel-linux-x86_64-fedora-gcc, r-devel-osx-x86_64-clang

Version: 0.3.10
Check: package dependencies
Result: NOTE
    Package suggested but not available for checking: ‘rgeos’
Flavor: r-release-osx-x86_64-mavericks