CRAN Package Check Results for Package adehabitatHS

Last updated on 2014-10-24 16:46:38.

Flavor Version Tinstall Tcheck Ttotal Status Flags
r-devel-linux-x86_64-debian-clang 0.3.9 4.50 53.07 57.56 NOTE
r-devel-linux-x86_64-debian-gcc 0.3.9 4.46 52.74 57.20 NOTE
r-devel-linux-x86_64-fedora-clang 0.3.9 119.23 NOTE
r-devel-linux-x86_64-fedora-gcc 0.3.9 115.21 NOTE
r-devel-osx-x86_64-clang 0.3.9 122.27 NOTE
r-devel-windows-ix86+x86_64 0.3.9 14.00 91.00 105.00 NOTE
r-patched-linux-x86_64 0.3.9 4.58 55.12 59.70 NOTE
r-patched-solaris-sparc 0.3.9 669.30 NOTE
r-patched-solaris-x86 0.3.9 161.40 NOTE
r-release-linux-ix86 0.3.9 4.98 69.44 74.41 OK
r-release-linux-x86_64 0.3.9 5.89 56.71 62.60 OK
r-release-osx-x86_64-mavericks 0.3.9 NOTE
r-release-osx-x86_64-snowleopard 0.3.9 OK
r-release-windows-ix86+x86_64 0.3.9 14.00 89.00 103.00 OK
r-oldrel-windows-ix86+x86_64 0.3.9 13.00 104.00 117.00 OK

Check Details

Version: 0.3.9
Check: R code for possible problems
Result: NOTE
    biv.plot: no visible global function definition for ‘bandwidth.nrd’
    biv.plot: no visible global function definition for ‘kde2d’
    biv.test: no visible global function definition for ‘bandwidth.nrd’
    biv.test: no visible global function definition for ‘kde2d’
Flavors: r-devel-linux-x86_64-debian-clang, r-devel-linux-x86_64-debian-gcc, r-devel-linux-x86_64-fedora-clang, r-devel-linux-x86_64-fedora-gcc, r-devel-osx-x86_64-clang, r-devel-windows-ix86+x86_64, r-patched-linux-x86_64, r-patched-solaris-sparc, r-patched-solaris-x86

Version: 0.3.9
Check: compiled code
Result: NOTE
    File ‘adehabitatHS/libs/adehabitatHS.so’:
     Found ‘rand’, possibly from ‘rand’ (C)
     Object: ‘tests.o’
     Found ‘srand’, possibly from ‘srand’ (C)
     Object: ‘tests.o’
    
    Compiled code should not call entry points which might terminate R nor
    write to stdout/stderr instead of to the console, nor the C RNG.
    
    See ‘Writing portable packages’ in the ‘Writing R Extensions’ manual.
Flavors: r-devel-linux-x86_64-debian-clang, r-devel-linux-x86_64-debian-gcc, r-devel-linux-x86_64-fedora-clang, r-devel-linux-x86_64-fedora-gcc, r-patched-linux-x86_64, r-patched-solaris-sparc, r-patched-solaris-x86

Version: 0.3.9
Check: compiled code
Result: NOTE
    File ‘adehabitatHS/libs/adehabitatHS.so’:
     Found ‘_rand’, possibly from ‘rand’ (C)
     Object: ‘tests.o’
     Found ‘_srand’, possibly from ‘srand’ (C)
     Object: ‘tests.o’
    
    Compiled code should not call entry points which might terminate R nor
    write to stdout/stderr instead of to the console, nor the C RNG.
    
    See ‘Writing portable packages’ in the ‘Writing R Extensions’ manual.
Flavor: r-devel-osx-x86_64-clang

Version: 0.3.9
Check: compiled code
Result: NOTE
    File 'adehabitatHS/libs/i386/adehabitatHS.dll':
     Found 'rand', possibly from 'rand' (C)
     Object: 'tests.o'
     Found 'srand', possibly from 'srand' (C)
     Object: 'tests.o'
    File 'adehabitatHS/libs/x64/adehabitatHS.dll':
     Found 'rand', possibly from 'rand' (C)
     Object: 'tests.o'
     Found 'srand', possibly from 'srand' (C)
     Object: 'tests.o'
    
    Compiled code should not call entry points which might terminate R nor
    write to stdout/stderr instead of to the console, nor the C RNG.
    
    See 'Writing portable packages' in the 'Writing R Extensions' manual.
Flavor: r-devel-windows-ix86+x86_64

Version: 0.3.9
Check: package dependencies
Result: NOTE
    Packages suggested but not available for checking: ‘maptools’ ‘rgeos’
Flavor: r-release-osx-x86_64-mavericks