CRAN Package Check Results for Package adehabitatHS

Last updated on 2017-02-24 23:52:14.

Flavor Version Tinstall Tcheck Ttotal Status Flags
r-devel-linux-x86_64-debian-clang 0.3.12 5.74 52.84 58.58 NOTE
r-devel-linux-x86_64-debian-gcc 0.3.12 4.42 51.64 56.06 NOTE
r-devel-linux-x86_64-fedora-clang 0.3.12 106.99 NOTE --no-stop-on-test-error
r-devel-linux-x86_64-fedora-gcc 0.3.12 100.07 NOTE --no-stop-on-test-error
r-devel-macos-x86_64-clang 0.3.12 90.78 NOTE --no-stop-on-test-error
r-devel-windows-ix86+x86_64 0.3.12 33.00 149.00 182.00 OK
r-patched-linux-x86_64 0.3.12 4.15 45.50 49.65 OK
r-patched-solaris-sparc 0.3.12 536.70 OK
r-patched-solaris-x86 0.3.12 116.50 OK
r-release-linux-x86_64 0.3.12 4.21 45.43 49.63 OK
r-release-osx-x86_64-mavericks 0.3.12 OK
r-release-windows-ix86+x86_64 0.3.12 19.00 99.00 118.00 OK
r-oldrel-windows-ix86+x86_64 0.3.12 20.00 235.00 255.00 OK

Check Details

Version: 0.3.12
Check: compiled code
Result: NOTE
    File ‘adehabitatHS/libs/adehabitatHS.so’:
     Found no calls to: ‘R_registerRoutines’, ‘R_useDynamicSymbols’
    
    It is good practice to register native routines and to disable symbol
    search.
    
    See ‘Writing portable packages’ in the ‘Writing R Extensions’ manual.
Flavors: r-devel-linux-x86_64-debian-clang, r-devel-linux-x86_64-debian-gcc

Version: 0.3.12
Flags: --no-stop-on-test-error
Check: compiled code
Result: NOTE
    File ‘adehabitatHS/libs/adehabitatHS.so’:
     Found no calls to: ‘R_registerRoutines’, ‘R_useDynamicSymbols’
    
    It is good practice to register native routines and to disable symbol
    search.
    
    See ‘Writing portable packages’ in the ‘Writing R Extensions’ manual.
Flavors: r-devel-linux-x86_64-fedora-clang, r-devel-linux-x86_64-fedora-gcc, r-devel-macos-x86_64-clang