CRAN Package Check Results for Package adehabitatHS

Last updated on 2015-05-29 05:46:55.

Flavor Version Tinstall Tcheck Ttotal Status Flags
r-devel-linux-x86_64-debian-clang 0.3.11 3.75 50.22 53.98 OK
r-devel-linux-x86_64-debian-gcc 0.3.11 4.18 51.90 56.08 OK
r-devel-linux-x86_64-fedora-clang 0.3.11 110.48 OK
r-devel-linux-x86_64-fedora-gcc 0.3.11 103.27 OK
r-devel-osx-x86_64-clang 0.3.11 110.86 OK
r-devel-windows-ix86+x86_64 0.3.11 12.00 88.00 100.00 OK
r-patched-linux-x86_64 0.3.11 4.06 47.95 52.01 OK
r-patched-solaris-sparc 0.3.11 624.00 OK
r-patched-solaris-x86 0.3.11 141.00 OK
r-release-linux-x86_64 0.3.11 4.18 48.61 52.79 OK
r-release-osx-x86_64-mavericks 0.3.11 NOTE
r-release-osx-x86_64-snowleopard 0.3.11 ERROR
r-release-windows-ix86+x86_64 0.3.11 14.00 86.00 100.00 OK
r-oldrel-windows-ix86+x86_64 0.3.11 15.00 107.00 122.00 OK

Check Details

Version: 0.3.11
Check: package dependencies
Result: NOTE
    Package suggested but not available for checking: ‘rgeos’
Flavor: r-release-osx-x86_64-mavericks

Version: 0.3.11
Check: package dependencies
Result: ERROR
    Package required but not available: ‘adehabitatHR’
    
    Package suggested but not available for checking: ‘rgeos’
    
    See section ‘The DESCRIPTION file’ in the ‘Writing R Extensions’
    manual.
Flavor: r-release-osx-x86_64-snowleopard