CRAN Package Check Results for Package adehabitatHS

Last updated on 2014-04-18 18:47:08.

Flavor Version Tinstall Tcheck Ttotal Status Flags
r-devel-linux-x86_64-debian-clang 0.3.9 3.90 54.89 58.79 OK
r-devel-linux-x86_64-debian-gcc OK
r-devel-linux-x86_64-fedora-clang 0.3.9 122.79 OK
r-devel-linux-x86_64-fedora-gcc 0.3.9 116.39 OK
r-devel-macosx-x86_64-clang 0.3.9 130.42 OK
r-devel-macosx-x86_64-gcc 0.3.9 ERROR
r-devel-windows-ix86+x86_64 0.3.9 14.00 94.00 108.00 OK
r-patched-linux-x86_64 0.3.9 4.18 56.77 60.94 OK
r-patched-solaris-sparc 0.3.9 665.40 OK
r-patched-solaris-x86 0.3.9 170.60 OK
r-release-linux-ix86 0.3.9 18.00 93.00 111.00 OK
r-release-linux-x86_64 0.3.9 4.29 44.25 48.54 OK
r-release-macosx-x86_64 0.3.9 OK
r-release-windows-ix86+x86_64 0.3.9 13.00 94.00 107.00 OK
r-oldrel-windows-ix86+x86_64 0.3.9 13.00 103.00 116.00 OK

Check Details

Version: 0.3.9
Check: package dependencies
Result: ERROR
    Package required but not available: ‘adehabitatHR’
    
    Packages suggested but not available for checking: ‘maptools’ ‘rgeos’
    
    See the information on DESCRIPTION files in the chapter ‘Creating R
    packages’ of the ‘Writing R Extensions’ manual.
Flavor: r-devel-macosx-x86_64-gcc