CRAN Package Check Results for Package adehabitatHS

Last updated on 2014-08-27 11:50:45.

Flavor Version Tinstall Tcheck Ttotal Status Flags
r-devel-linux-x86_64-debian-clang 0.3.9 3.46 52.10 55.56 NOTE
r-devel-linux-x86_64-debian-gcc 0.3.9 4.33 51.94 56.27 NOTE
r-devel-linux-x86_64-fedora-clang 0.3.9 114.34 NOTE
r-devel-linux-x86_64-fedora-gcc 0.3.9 106.99 NOTE
r-devel-osx-x86_64-clang 0.3.9 118.85 NOTE
r-devel-windows-ix86+x86_64 0.3.9 16.00 97.00 113.00 NOTE
r-patched-linux-x86_64 0.3.9 4.47 53.84 58.31 OK
r-patched-solaris-sparc 0.3.9 681.20 OK
r-patched-solaris-x86 0.3.9 170.70 OK
r-release-linux-ix86 0.3.9 4.92 69.96 74.88 OK
r-release-linux-x86_64 0.3.9 4.54 53.90 58.44 OK
r-release-osx-x86_64-mavericks 0.3.9 NOTE
r-release-osx-x86_64-snowleopard 0.3.9 OK
r-release-windows-ix86+x86_64 0.3.9 13.00 106.00 119.00 OK
r-oldrel-windows-ix86+x86_64 0.3.9 15.00 105.00 120.00 OK

Check Details

Version: 0.3.9
Check: R code for possible problems
Result: NOTE
    biv.plot: no visible global function definition for ‘bandwidth.nrd’
    biv.plot: no visible global function definition for ‘kde2d’
    biv.test: no visible global function definition for ‘bandwidth.nrd’
    biv.test: no visible global function definition for ‘kde2d’
Flavors: r-devel-linux-x86_64-debian-clang, r-devel-linux-x86_64-debian-gcc, r-devel-linux-x86_64-fedora-clang, r-devel-linux-x86_64-fedora-gcc, r-devel-osx-x86_64-clang, r-devel-windows-ix86+x86_64

Version: 0.3.9
Check: compiled code
Result: NOTE
    File ‘/home/hornik/tmp/R.check/r-devel-clang/Work/build/Packages/adehabitatHS/libs/adehabitatHS.so’:
     Found ‘rand’, possibly from ‘rand’ (C)
     Object: ‘tests.o’
     Found ‘srand’, possibly from ‘srand’ (C)
     Object: ‘tests.o’
    
    Compiled code should not call entry points which might terminate R nor
    write to stdout/stderr instead of to the console, nor the C RNG.
    
    See ‘Writing portable packages’ in the ‘Writing R Extensions’ manual.
Flavor: r-devel-linux-x86_64-debian-clang

Version: 0.3.9
Check: compiled code
Result: NOTE
    File ‘/home/hornik/tmp/R.check/r-devel-gcc/Work/build/Packages/adehabitatHS/libs/adehabitatHS.so’:
     Found ‘rand’, possibly from ‘rand’ (C)
     Object: ‘tests.o’
     Found ‘srand’, possibly from ‘srand’ (C)
     Object: ‘tests.o’
    
    Compiled code should not call entry points which might terminate R nor
    write to stdout/stderr instead of to the console, nor the C RNG.
    
    See ‘Writing portable packages’ in the ‘Writing R Extensions’ manual.
Flavor: r-devel-linux-x86_64-debian-gcc

Version: 0.3.9
Check: compiled code
Result: NOTE
    File ‘/data/gannet/ripley/R/packages/tests-clang/adehabitatHS.Rcheck/adehabitatHS/libs/adehabitatHS.so’:
     Found ‘rand’, possibly from ‘rand’ (C)
     Object: ‘tests.o’
     Found ‘srand’, possibly from ‘srand’ (C)
     Object: ‘tests.o’
    
    Compiled code should not call entry points which might terminate R nor
    write to stdout/stderr instead of to the console, nor the C RNG.
    
    See ‘Writing portable packages’ in the ‘Writing R Extensions’ manual.
Flavor: r-devel-linux-x86_64-fedora-clang

Version: 0.3.9
Check: compiled code
Result: NOTE
    File ‘/data/gannet/ripley/R/packages/tests-devel/adehabitatHS.Rcheck/adehabitatHS/libs/adehabitatHS.so’:
     Found ‘rand’, possibly from ‘rand’ (C)
     Object: ‘tests.o’
     Found ‘srand’, possibly from ‘srand’ (C)
     Object: ‘tests.o’
    
    Compiled code should not call entry points which might terminate R nor
    write to stdout/stderr instead of to the console, nor the C RNG.
    
    See ‘Writing portable packages’ in the ‘Writing R Extensions’ manual.
Flavor: r-devel-linux-x86_64-fedora-gcc

Version: 0.3.9
Check: compiled code
Result: NOTE
    File ‘/Users/ripley/R/packages/tests-devel/adehabitatHS.Rcheck/adehabitatHS/libs/adehabitatHS.so’:
     Found ‘_rand’, possibly from ‘rand’ (C)
     Object: ‘tests.o’
     Found ‘_srand’, possibly from ‘srand’ (C)
     Object: ‘tests.o’
    
    Compiled code should not call entry points which might terminate R nor
    write to stdout/stderr instead of to the console, nor the C RNG.
    
    See ‘Writing portable packages’ in the ‘Writing R Extensions’ manual.
Flavor: r-devel-osx-x86_64-clang

Version: 0.3.9
Check: compiled code
Result: NOTE
    File 'd:/Rcompile/CRANpkg/lib/3.2/adehabitatHS/libs/i386/adehabitatHS.dll':
     Found 'rand', possibly from 'rand' (C)
     Object: 'tests.o'
     Found 'srand', possibly from 'srand' (C)
     Object: 'tests.o'
    File 'd:/Rcompile/CRANpkg/lib/3.2/adehabitatHS/libs/x64/adehabitatHS.dll':
     Found 'rand', possibly from 'rand' (C)
     Object: 'tests.o'
     Found 'srand', possibly from 'srand' (C)
     Object: 'tests.o'
    
    Compiled code should not call entry points which might terminate R nor
    write to stdout/stderr instead of to the console, nor the C RNG.
    
    See 'Writing portable packages' in the 'Writing R Extensions' manual.
Flavor: r-devel-windows-ix86+x86_64

Version: 0.3.9
Check: package dependencies
Result: NOTE
    Packages suggested but not available for checking: ‘maptools’ ‘rgeos’
Flavor: r-release-osx-x86_64-mavericks