CRAN Package Check Results for Package adehabitatHS

Last updated on 2014-09-30 21:47:47.

Flavor Version Tinstall Tcheck Ttotal Status Flags
r-devel-linux-x86_64-debian-clang 0.3.9 3.84 52.70 56.55 NOTE
r-devel-linux-x86_64-debian-gcc 0.3.9 5.60 53.16 58.76 NOTE
r-devel-linux-x86_64-fedora-clang 0.3.9 117.55 NOTE
r-devel-linux-x86_64-fedora-gcc 0.3.9 110.88 NOTE
r-devel-osx-x86_64-clang 0.3.9 117.91 NOTE
r-devel-windows-ix86+x86_64 0.3.9 13.00 91.00 104.00 NOTE
r-patched-linux-x86_64 0.3.9 4.53 56.63 61.16 OK
r-patched-solaris-sparc 0.3.9 681.20 OK
r-patched-solaris-x86 0.3.9 169.30 OK
r-release-linux-ix86 0.3.9 4.93 69.82 74.75 OK
r-release-linux-x86_64 0.3.9 4.56 56.85 61.40 OK
r-release-osx-x86_64-mavericks 0.3.9 NOTE
r-release-osx-x86_64-snowleopard 0.3.9 OK
r-release-windows-ix86+x86_64 0.3.9 14.00 102.00 116.00 OK
r-oldrel-windows-ix86+x86_64 0.3.9 16.00 102.00 118.00 OK

Check Details

Version: 0.3.9
Check: R code for possible problems
Result: NOTE
    biv.plot: no visible global function definition for ‘bandwidth.nrd’
    biv.plot: no visible global function definition for ‘kde2d’
    biv.test: no visible global function definition for ‘bandwidth.nrd’
    biv.test: no visible global function definition for ‘kde2d’
Flavors: r-devel-linux-x86_64-debian-clang, r-devel-linux-x86_64-debian-gcc, r-devel-linux-x86_64-fedora-clang, r-devel-linux-x86_64-fedora-gcc, r-devel-osx-x86_64-clang, r-devel-windows-ix86+x86_64

Version: 0.3.9
Check: compiled code
Result: NOTE
    File ‘adehabitatHS/libs/adehabitatHS.so’:
     Found ‘rand’, possibly from ‘rand’ (C)
     Object: ‘tests.o’
     Found ‘srand’, possibly from ‘srand’ (C)
     Object: ‘tests.o’
    
    Compiled code should not call entry points which might terminate R nor
    write to stdout/stderr instead of to the console, nor the C RNG.
    
    See ‘Writing portable packages’ in the ‘Writing R Extensions’ manual.
Flavors: r-devel-linux-x86_64-debian-clang, r-devel-linux-x86_64-debian-gcc, r-devel-linux-x86_64-fedora-clang, r-devel-linux-x86_64-fedora-gcc

Version: 0.3.9
Check: compiled code
Result: NOTE
    File ‘adehabitatHS/libs/adehabitatHS.so’:
     Found ‘_rand’, possibly from ‘rand’ (C)
     Object: ‘tests.o’
     Found ‘_srand’, possibly from ‘srand’ (C)
     Object: ‘tests.o’
    
    Compiled code should not call entry points which might terminate R nor
    write to stdout/stderr instead of to the console, nor the C RNG.
    
    See ‘Writing portable packages’ in the ‘Writing R Extensions’ manual.
Flavor: r-devel-osx-x86_64-clang

Version: 0.3.9
Check: compiled code
Result: NOTE
    File 'adehabitatHS/libs/i386/adehabitatHS.dll':
     Found 'rand', possibly from 'rand' (C)
     Object: 'tests.o'
     Found 'srand', possibly from 'srand' (C)
     Object: 'tests.o'
    File 'adehabitatHS/libs/x64/adehabitatHS.dll':
     Found 'rand', possibly from 'rand' (C)
     Object: 'tests.o'
     Found 'srand', possibly from 'srand' (C)
     Object: 'tests.o'
    
    Compiled code should not call entry points which might terminate R nor
    write to stdout/stderr instead of to the console, nor the C RNG.
    
    See 'Writing portable packages' in the 'Writing R Extensions' manual.
Flavor: r-devel-windows-ix86+x86_64

Version: 0.3.9
Check: package dependencies
Result: NOTE
    Packages suggested but not available for checking: ‘maptools’ ‘rgeos’
Flavor: r-release-osx-x86_64-mavericks