CRAN Package Check Results for Package adehabitatHS

Last updated on 2017-04-24 08:47:39.

Flavor Version Tinstall Tcheck Ttotal Status Flags
r-devel-linux-x86_64-debian-clang 0.3.12 5.81 53.21 59.02 NOTE
r-devel-linux-x86_64-debian-gcc 0.3.12 4.44 51.37 55.81 NOTE
r-devel-linux-x86_64-fedora-clang 0.3.12 108.54 NOTE --no-stop-on-test-error
r-devel-linux-x86_64-fedora-gcc 0.3.12 100.17 NOTE --no-stop-on-test-error
r-devel-windows-ix86+x86_64 0.3.12 18.00 145.00 163.00 OK
r-patched-linux-x86_64 0.3.12 4.20 51.72 55.92 NOTE
r-patched-solaris-sparc 0.3.12 611.10 OK
r-patched-solaris-x86 0.3.12 126.70 OK
r-release-linux-x86_64 0.3.12 4.15 52.64 56.79 NOTE
r-release-windows-ix86+x86_64 0.3.12 13.00 109.00 122.00 OK
r-release-osx-x86_64 0.3.12 NOTE
r-oldrel-windows-ix86+x86_64 0.3.12 14.00 104.00 118.00 OK
r-oldrel-osx-x86_64 0.3.12 OK

Check Details

Version: 0.3.12
Check: compiled code
Result: NOTE
    File ‘adehabitatHS/libs/adehabitatHS.so’:
     Found no calls to: ‘R_registerRoutines’, ‘R_useDynamicSymbols’
    
    It is good practice to register native routines and to disable symbol
    search.
    
    See ‘Writing portable packages’ in the ‘Writing R Extensions’ manual.
Flavors: r-devel-linux-x86_64-debian-clang, r-devel-linux-x86_64-debian-gcc, r-patched-linux-x86_64, r-release-linux-x86_64

Version: 0.3.12
Flags: --no-stop-on-test-error
Check: compiled code
Result: NOTE
    File ‘adehabitatHS/libs/adehabitatHS.so’:
     Found no calls to: ‘R_registerRoutines’, ‘R_useDynamicSymbols’
    
    It is good practice to register native routines and to disable symbol
    search.
    
    See ‘Writing portable packages’ in the ‘Writing R Extensions’ manual.
Flavors: r-devel-linux-x86_64-fedora-clang, r-devel-linux-x86_64-fedora-gcc

Version: 0.3.12
Check: package dependencies
Result: NOTE
    Package suggested but not available for checking: ‘rgeos’
Flavor: r-release-osx-x86_64