CRAN Package Check Results for Package adehabitatHS

Last updated on 2015-07-05 19:47:12.

Flavor Version Tinstall Tcheck Ttotal Status Flags
r-devel-linux-x86_64-debian-clang 0.3.11 3.78 47.75 51.53 NOTE
r-devel-linux-x86_64-debian-gcc 0.3.11 4.08 48.19 52.27 NOTE
r-devel-linux-x86_64-fedora-clang 0.3.11 102.76 NOTE
r-devel-linux-x86_64-fedora-gcc 0.3.11 100.92 NOTE
r-devel-osx-x86_64-clang 0.3.11 104.49 OK
r-devel-windows-ix86+x86_64 0.3.11 15.00 92.00 107.00 NOTE
r-patched-linux-x86_64 0.3.11 4.16 47.54 51.70 OK
r-patched-solaris-sparc 0.3.11 624.00 OK
r-patched-solaris-x86 0.3.11 139.30 OK
r-release-linux-x86_64 0.3.11 4.14 48.12 52.26 OK
r-release-osx-x86_64-mavericks 0.3.11 NOTE
r-release-windows-ix86+x86_64 0.3.11 16.00 88.00 104.00 OK
r-oldrel-windows-ix86+x86_64 0.3.11 20.00 109.00 129.00 OK

Check Details

Version: 0.3.11
Check: R code for possible problems
Result: NOTE
    biv.plot: no visible global function definition for ‘grey’
    biv.plot: no visible global function definition for ‘par’
    biv.plot: no visible global function definition for ‘layout’
    biv.plot: no visible global function definition for ‘hist’
    biv.plot: no visible global function definition for ‘plot.default’
    biv.plot: no visible global function definition for ‘abline’
    biv.plot: no visible global function definition for ‘contour’
    biv.plot: no visible global function definition for ‘strwidth’
    biv.plot: no visible global function definition for ‘strheight’
    biv.plot: no visible global function definition for ‘rect’
    biv.plot: no visible global function definition for ‘text’
    biv.plot: no visible global function definition for ‘box’
    biv.plot: no visible global function definition for ‘lines’
    biv.plot: no visible global function definition for ‘mtext’
    biv.test: no visible global function definition for ‘grey’
    biv.test: no visible global function definition for ‘par’
    biv.test: no visible global function definition for ‘layout’
    biv.test: no visible global function definition for ‘hist’
    biv.test: no visible global function definition for ‘plot.default’
    biv.test: no visible global function definition for ‘abline’
    biv.test: no visible global function definition for ‘contour’
    biv.test: no visible global function definition for ‘lines’
    biv.test: no visible global function definition for ‘strwidth’
    biv.test: no visible global function definition for ‘strheight’
    biv.test: no visible global function definition for ‘rect’
    biv.test: no visible global function definition for ‘text’
    biv.test: no visible global function definition for ‘box’
    biv.test: no visible global function definition for ‘mtext’
    canomi: no visible global function definition for ‘barplot’
    compana: no visible global function definition for ‘pchisq’
    compana: no visible global function definition for ‘var’
    compana: no visible global function definition for ‘pt’
    dunnfa: no visible global function definition for ‘barplot’
    dunnfa: no visible global function definition for ‘cor’
    enfa: no visible global function definition for ‘barplot’
    gnesfa: no visible global function definition for ‘barplot’
    gnesfa: no visible global function definition for ‘cor’
    hist.enfa: no visible global function definition for ‘gray’
    hist.enfa: no visible global function definition for ‘par’
    hist.enfa: no visible global function definition for ‘n2mfrow’
    hist.enfa : f1: no visible global function definition for ‘par’
    hist.enfa : f1: no visible global function definition for ‘barplot’
    hist.enfa : f1: no visible global function definition for ‘hist’
    hist.enfa : f1: no visible global function definition for ‘density’
    hist.enfa : f1: no visible global function definition for ‘lines’
    hist.enfa : f1: no visible global function definition for ‘box’
    hist.kselect: no visible global function definition for ‘par’
    hist.kselect: no visible global function definition for ‘n2mfrow’
    hist.kselect : <anonymous>: no visible global function definition for
     ‘box’
    hist.madifa: no visible global function definition for ‘gray’
    hist.madifa: no visible global function definition for ‘par’
    hist.madifa: no visible global function definition for ‘n2mfrow’
    hist.madifa : f1: no visible global function definition for ‘par’
    hist.madifa : f1: no visible global function definition for ‘barplot’
    hist.madifa : f1: no visible global function definition for ‘hist’
    hist.madifa : f1: no visible global function definition for ‘density’
    hist.madifa : f1: no visible global function definition for ‘lines’
    hist.madifa : f1: no visible global function definition for ‘box’
    histniche: no visible global function definition for ‘gray’
    histniche: no visible global function definition for ‘par’
    histniche: no visible global function definition for ‘n2mfrow’
    histniche : f1: no visible global function definition for ‘par’
    histniche : f1: no visible global function definition for ‘barplot’
    histniche : f1: no visible global function definition for ‘hist’
    histniche : f1: no visible global function definition for ‘density’
    histniche : f1: no visible global function definition for ‘lines’
    histniche : f1: no visible global function definition for ‘box’
    histniche : f2: no visible global function definition for ‘barplot’
    histniche : f2: no visible global function definition for ‘hist’
    histniche : f2: no visible global function definition for ‘density’
    histniche : f2: no visible global function definition for ‘lines’
    kplot.kselect: no visible global function definition for ‘par’
    kplot.kselect: no visible global function definition for ‘n2mfrow’
    kselect : <anonymous>: no visible global function definition for
     ‘weighted.mean’
    madifa: no visible global function definition for ‘barplot’
    madifa: no visible global function definition for ‘cor’
    mahasuhab: no visible global function definition for ‘mahalanobis’
    mahasuhab: no visible global function definition for ‘pchisq’
    plot.canomi: no visible global function definition for ‘par’
    plot.canomi: no visible global function definition for ‘layout’
    plot.kselect: no visible global function definition for ‘par’
    plot.kselect: no visible global function definition for ‘layout’
    plot.kselect: no visible global function definition for ‘arrows’
    plot.madifa: no visible global function definition for ‘par’
    plot.madifa : foo: no visible global function definition for ‘par’
    plot.madifa : foo: no visible global function definition for ‘gray’
    plot.madifa : foo: no visible global function definition for ‘symbols’
    plot.madifa : foo: no visible global function definition for ‘abline’
    plot.madifa : foo: no visible global function definition for ‘box’
    plot.madifa: no visible global function definition for ‘image’
    plot.madifa: no visible global function definition for ‘title’
    plot.madifa: no visible global function definition for ‘contour’
    plot.madifa: no visible global function definition for ‘box’
    plot.wi: no visible global function definition for ‘par’
    plot.wi: no visible global function definition for ‘qnorm’
    plot.wi: no visible global function definition for ‘axis’
    plot.wi: no visible global function definition for ‘box’
    plot.wi: no visible global function definition for ‘points’
    plot.wi: no visible global function definition for ‘lines’
    plot.wi: no visible global function definition for ‘abline’
    plot.wi: no visible global function definition for ‘legend’
    predict.enfa: no visible global function definition for ‘mahalanobis’
    print.wiI: no visible global function definition for ‘qnorm’
    s.madifa: no visible global function definition for ‘par’
    s.madifa: no visible global function definition for ‘polygon’
    s.madifa: no visible global function definition for ‘strwidth’
    s.madifa: no visible global function definition for ‘strheight’
    s.madifa: no visible global function definition for ‘rect’
    s.madifa: no visible global function definition for ‘text’
    scatter.enfa: no visible global function definition for ‘par’
    scatter.enfa: no visible global function definition for ‘gray’
    scatter.enfa: no visible global function definition for ‘symbols’
    scatter.enfa: no visible global function definition for ‘abline’
    scatter.enfa : pcff: no visible global function definition for
     ‘quantile’
    scatter.enfa : pcff: no visible global function definition for ‘chull’
    scatter.enfa: no visible global function definition for ‘polygon’
    scatter.enfa: no visible global function definition for ‘points’
    scatter.enfa: no visible global function definition for ‘strwidth’
    scatter.enfa: no visible global function definition for ‘strheight’
    scatter.enfa: no visible global function definition for ‘rect’
    scatter.enfa: no visible global function definition for ‘text’
    scatter.enfa: no visible global function definition for ‘box’
    scatter.esr: no visible global function definition for ‘par’
    scatter.madifa: no visible global function definition for ‘par’
    scatter.madifa: no visible global function definition for ‘gray’
    scatter.madifa: no visible global function definition for ‘symbols’
    scatter.madifa: no visible global function definition for ‘abline’
    scatter.madifa : pcff: no visible global function definition for
     ‘quantile’
    scatter.madifa : pcff: no visible global function definition for
     ‘chull’
    scatter.madifa: no visible global function definition for ‘polygon’
    scatter.madifa: no visible global function definition for ‘strwidth’
    scatter.madifa: no visible global function definition for ‘strheight’
    scatter.madifa: no visible global function definition for ‘rect’
    scatter.madifa: no visible global function definition for ‘text’
    scatter.madifa: no visible global function definition for ‘box’
    scatterniche: no visible global function definition for ‘par’
    scatterniche: no visible global function definition for ‘gray’
    scatterniche: no visible global function definition for ‘symbols’
    scatterniche: no visible global function definition for ‘abline’
    scatterniche : pcff: no visible global function definition for
     ‘quantile’
    scatterniche : pcff: no visible global function definition for ‘chull’
    scatterniche: no visible global function definition for ‘polygon’
    scatterniche: no visible global function definition for ‘strwidth’
    scatterniche: no visible global function definition for ‘strheight’
    scatterniche: no visible global function definition for ‘rect’
    scatterniche: no visible global function definition for ‘text’
    scatterniche: no visible global function definition for ‘box’
    widesI: no visible global function definition for ‘pchisq’
    widesI: no visible global function definition for ‘qnorm’
    widesII: no visible global function definition for ‘pchisq’
    widesII: no visible global function definition for ‘qnorm’
    widesIII: no visible global function definition for ‘pchisq’
    widesIII: no visible global function definition for ‘qnorm’
    widesIII: no visible global function definition for ‘var’
    Undefined global functions or variables:
     abline arrows axis barplot box chull contour cor density gray grey
     hist image layout legend lines mahalanobis mtext n2mfrow par pchisq
     plot.default points polygon pt qnorm quantile rect strheight strwidth
     symbols text title var weighted.mean
Flavors: r-devel-linux-x86_64-debian-clang, r-devel-linux-x86_64-debian-gcc, r-devel-linux-x86_64-fedora-clang, r-devel-linux-x86_64-fedora-gcc, r-devel-windows-ix86+x86_64

Version: 0.3.11
Check: package dependencies
Result: NOTE
    Package suggested but not available for checking: ‘rgeos’
Flavor: r-release-osx-x86_64-mavericks