CRAN Package Check Results for Package adehabitatHS

Last updated on 2015-03-06 14:46:49.

Flavor Version Tinstall Tcheck Ttotal Status Flags
r-devel-linux-x86_64-debian-clang 0.3.10 3.55 47.58 51.13 NOTE
r-devel-linux-x86_64-debian-gcc 0.3.10 4.12 47.46 51.58 NOTE
r-devel-linux-x86_64-fedora-clang 0.3.10 102.65 NOTE
r-devel-linux-x86_64-fedora-gcc 0.3.10 97.99 NOTE
r-devel-osx-x86_64-clang 0.3.10 108.85 NOTE
r-devel-windows-ix86+x86_64 0.3.10 12.00 86.00 98.00 NOTE
r-patched-linux-x86_64 0.3.10 4.80 55.31 60.11 NOTE
r-patched-solaris-sparc 0.3.10 708.00 NOTE
r-patched-solaris-x86 0.3.10 160.30 NOTE
r-release-linux-ix86 0.3.10 5.08 69.12 74.20 OK
r-release-linux-x86_64 0.3.10 4.80 55.77 60.57 OK
r-release-osx-x86_64-mavericks 0.3.10 NOTE
r-release-osx-x86_64-snowleopard 0.3.10 OK
r-release-windows-ix86+x86_64 0.3.10 15.00 105.00 120.00 OK
r-oldrel-windows-ix86+x86_64 0.3.10 14.00 107.00 121.00 OK

Check Details

Version: 0.3.10
Check: DESCRIPTION meta-information
Result: NOTE
    Malformed Description field: should contain one or more complete sentences.
Flavors: r-devel-linux-x86_64-debian-clang, r-devel-linux-x86_64-debian-gcc, r-devel-linux-x86_64-fedora-clang, r-devel-linux-x86_64-fedora-gcc, r-devel-osx-x86_64-clang, r-devel-windows-ix86+x86_64

Version: 0.3.10
Check: dependencies in R code
Result: NOTE
    'library' or 'require' call to ‘MASS’ in package code.
     Please use :: or requireNamespace() instead.
     See section 'Suggested packages' in the 'Writing R Extensions' manual.
Flavors: r-devel-linux-x86_64-debian-clang, r-devel-linux-x86_64-debian-gcc, r-devel-linux-x86_64-fedora-clang, r-devel-linux-x86_64-fedora-gcc, r-devel-osx-x86_64-clang, r-devel-windows-ix86+x86_64, r-patched-linux-x86_64, r-patched-solaris-sparc, r-patched-solaris-x86

Version: 0.3.10
Check: S3 generic/method consistency
Result: NOTE
    Found the following apparent S3 methods exported but not registered:
     hist.kselect kplot.kselect plot.canomi print.canomi print.dunnfa
     print.esr randtest.enfa scatter.enfa scatter.esr scatter.madifa
    See section ‘Registering S3 methods’ in the ‘Writing R Extensions’
    manual.
Flavors: r-devel-linux-x86_64-debian-clang, r-devel-linux-x86_64-debian-gcc, r-devel-linux-x86_64-fedora-clang, r-devel-linux-x86_64-fedora-gcc, r-devel-osx-x86_64-clang

Version: 0.3.10
Check: package dependencies
Result: NOTE
    Package suggested but not available for checking: ‘rgeos’
Flavor: r-release-osx-x86_64-mavericks