CRAN Package Check Results for Package adehabitatHS

Last updated on 2017-08-20 15:48:30.

Flavor Version Tinstall Tcheck Ttotal Status Flags
r-devel-linux-x86_64-debian-clang 0.3.12 6.03 52.48 58.51 NOTE
r-devel-linux-x86_64-debian-gcc 0.3.12 4.58 51.54 56.12 NOTE
r-devel-linux-x86_64-fedora-clang 0.3.12 104.94 NOTE
r-devel-linux-x86_64-fedora-gcc 0.3.12 102.35 NOTE
r-devel-windows-ix86+x86_64 0.3.12 12.00 107.00 119.00 OK
r-patched-linux-x86_64 0.3.12 4.63 52.62 57.25 NOTE
r-patched-solaris-x86 0.3.12 128.00 OK
r-release-linux-x86_64 0.3.12 4.62 53.10 57.71 NOTE
r-release-windows-ix86+x86_64 0.3.12 21.00 107.00 128.00 OK
r-release-osx-x86_64 0.3.12 NOTE
r-oldrel-windows-ix86+x86_64 0.3.12 12.00 90.00 102.00 OK
r-oldrel-osx-x86_64 0.3.12 OK

Check Details

Version: 0.3.12
Check: compiled code
Result: NOTE
    File ‘adehabitatHS/libs/adehabitatHS.so’:
     Found no calls to: ‘R_registerRoutines’, ‘R_useDynamicSymbols’
    
    It is good practice to register native routines and to disable symbol
    search.
    
    See ‘Writing portable packages’ in the ‘Writing R Extensions’ manual.
Flavors: r-devel-linux-x86_64-debian-clang, r-devel-linux-x86_64-debian-gcc, r-devel-linux-x86_64-fedora-clang, r-devel-linux-x86_64-fedora-gcc, r-patched-linux-x86_64, r-release-linux-x86_64

Version: 0.3.12
Check: package dependencies
Result: NOTE
    Package suggested but not available for checking: ‘rgeos’
Flavor: r-release-osx-x86_64