CRAN Package Check Results for Package adehabitatHS

Last updated on 2017-03-27 18:49:30.

Flavor Version Tinstall Tcheck Ttotal Status Flags
r-devel-linux-x86_64-debian-clang 0.3.12 5.77 52.37 58.14 NOTE
r-devel-linux-x86_64-debian-gcc 0.3.12 4.38 51.95 56.33 NOTE
r-devel-linux-x86_64-fedora-clang 0.3.12 105.99 NOTE --no-stop-on-test-error
r-devel-linux-x86_64-fedora-gcc 0.3.12 107.10 NOTE --no-stop-on-test-error
r-devel-macos-x86_64-clang 0.3.12 86.87 NOTE --no-stop-on-test-error
r-devel-windows-ix86+x86_64 0.3.12 13.00 113.00 126.00 OK
r-patched-linux-x86_64 0.3.12 4.43 52.33 56.76 NOTE
r-patched-solaris-sparc 0.3.12 611.10 OK
r-patched-solaris-x86 0.3.12 129.70 OK
r-release-linux-x86_64 0.3.12 4.15 45.28 49.43 OK
r-release-osx-x86_64-mavericks 0.3.12 OK
r-release-windows-ix86+x86_64 0.3.12 18.00 98.00 116.00 OK
r-oldrel-windows-ix86+x86_64 0.3.12 14.00 104.00 118.00 OK

Check Details

Version: 0.3.12
Check: compiled code
Result: NOTE
    File ‘adehabitatHS/libs/adehabitatHS.so’:
     Found no calls to: ‘R_registerRoutines’, ‘R_useDynamicSymbols’
    
    It is good practice to register native routines and to disable symbol
    search.
    
    See ‘Writing portable packages’ in the ‘Writing R Extensions’ manual.
Flavors: r-devel-linux-x86_64-debian-clang, r-devel-linux-x86_64-debian-gcc, r-patched-linux-x86_64

Version: 0.3.12
Flags: --no-stop-on-test-error
Check: compiled code
Result: NOTE
    File ‘adehabitatHS/libs/adehabitatHS.so’:
     Found no calls to: ‘R_registerRoutines’, ‘R_useDynamicSymbols’
    
    It is good practice to register native routines and to disable symbol
    search.
    
    See ‘Writing portable packages’ in the ‘Writing R Extensions’ manual.
Flavors: r-devel-linux-x86_64-fedora-clang, r-devel-linux-x86_64-fedora-gcc, r-devel-macos-x86_64-clang