CRAN Package Check Results for Package adehabitatHS

Last updated on 2014-11-01 08:48:10.

Flavor Version Tinstall Tcheck Ttotal Status Flags
r-devel-linux-x86_64-debian-clang 0.3.9 3.90 53.17 57.07 NOTE
r-devel-linux-x86_64-debian-gcc 0.3.9 4.43 52.16 56.58 NOTE
r-devel-linux-x86_64-fedora-clang 0.3.9 117.87 NOTE
r-devel-linux-x86_64-fedora-gcc 0.3.9 112.77 NOTE
r-devel-osx-x86_64-clang 0.3.9 122.27 NOTE
r-devel-windows-ix86+x86_64 0.3.9 14.00 93.00 107.00 NOTE
r-patched-linux-x86_64 0.3.9 4.52 55.56 60.07 NOTE
r-patched-solaris-sparc 0.3.9 669.30 NOTE
r-patched-solaris-x86 0.3.9 160.80 NOTE
r-release-linux-ix86 0.3.9 4.98 69.44 74.41 OK
r-release-linux-x86_64 0.3.9 5.89 56.71 62.60 OK
r-release-osx-x86_64-mavericks 0.3.9 NOTE
r-release-osx-x86_64-snowleopard 0.3.9 OK
r-release-windows-ix86+x86_64 0.3.9 14.00 96.00 110.00 OK
r-oldrel-windows-ix86+x86_64 0.3.9 14.00 113.00 127.00 OK

Check Details

Version: 0.3.9
Check: R code for possible problems
Result: NOTE
    biv.plot: no visible global function definition for ‘bandwidth.nrd’
    biv.plot: no visible global function definition for ‘kde2d’
    biv.test: no visible global function definition for ‘bandwidth.nrd’
    biv.test: no visible global function definition for ‘kde2d’
Flavors: r-devel-linux-x86_64-debian-clang, r-devel-linux-x86_64-debian-gcc, r-devel-linux-x86_64-fedora-clang, r-devel-linux-x86_64-fedora-gcc, r-devel-osx-x86_64-clang, r-devel-windows-ix86+x86_64, r-patched-linux-x86_64, r-patched-solaris-sparc, r-patched-solaris-x86

Version: 0.3.9
Check: compiled code
Result: NOTE
    File ‘adehabitatHS/libs/adehabitatHS.so’:
     Found ‘rand’, possibly from ‘rand’ (C)
     Object: ‘tests.o’
     Found ‘srand’, possibly from ‘srand’ (C)
     Object: ‘tests.o’
    
    Compiled code should not call entry points which might terminate R nor
    write to stdout/stderr instead of to the console, nor the C RNG.
    
    See ‘Writing portable packages’ in the ‘Writing R Extensions’ manual.
Flavors: r-devel-linux-x86_64-debian-clang, r-devel-linux-x86_64-debian-gcc, r-devel-linux-x86_64-fedora-clang, r-devel-linux-x86_64-fedora-gcc, r-patched-linux-x86_64, r-patched-solaris-sparc, r-patched-solaris-x86

Version: 0.3.9
Check: compiled code
Result: NOTE
    File ‘adehabitatHS/libs/adehabitatHS.so’:
     Found ‘_rand’, possibly from ‘rand’ (C)
     Object: ‘tests.o’
     Found ‘_srand’, possibly from ‘srand’ (C)
     Object: ‘tests.o’
    
    Compiled code should not call entry points which might terminate R nor
    write to stdout/stderr instead of to the console, nor the C RNG.
    
    See ‘Writing portable packages’ in the ‘Writing R Extensions’ manual.
Flavor: r-devel-osx-x86_64-clang

Version: 0.3.9
Check: compiled code
Result: NOTE
    File 'adehabitatHS/libs/i386/adehabitatHS.dll':
     Found 'rand', possibly from 'rand' (C)
     Object: 'tests.o'
     Found 'srand', possibly from 'srand' (C)
     Object: 'tests.o'
    File 'adehabitatHS/libs/x64/adehabitatHS.dll':
     Found 'rand', possibly from 'rand' (C)
     Object: 'tests.o'
     Found 'srand', possibly from 'srand' (C)
     Object: 'tests.o'
    
    Compiled code should not call entry points which might terminate R nor
    write to stdout/stderr instead of to the console, nor the C RNG.
    
    See 'Writing portable packages' in the 'Writing R Extensions' manual.
Flavor: r-devel-windows-ix86+x86_64

Version: 0.3.9
Check: package dependencies
Result: NOTE
    Packages suggested but not available for checking: ‘maptools’ ‘rgeos’
Flavor: r-release-osx-x86_64-mavericks