CRAN Package Check Results for Package adehabitatHS

Last updated on 2017-05-25 07:48:10.

Flavor Version Tinstall Tcheck Ttotal Status Flags
r-devel-linux-x86_64-debian-clang 0.3.12 5.89 52.48 58.37 NOTE
r-devel-linux-x86_64-debian-gcc 0.3.12 4.57 52.19 56.76 NOTE
r-devel-linux-x86_64-fedora-clang 0.3.12 108.04 NOTE --no-stop-on-test-error
r-devel-linux-x86_64-fedora-gcc 0.3.12 101.82 NOTE --no-stop-on-test-error
r-devel-windows-ix86+x86_64 0.3.12 14.00 110.00 124.00 OK
r-patched-linux-x86_64 0.3.12 4.31 51.29 55.60 NOTE
r-patched-solaris-sparc 0.3.12 611.10 OK
r-patched-solaris-x86 0.3.12 128.40 OK
r-release-linux-x86_64 0.3.12 4.20 51.52 55.72 NOTE
r-release-windows-ix86+x86_64 0.3.12 26.00 175.00 201.00 OK
r-release-osx-x86_64 0.3.12 NOTE
r-oldrel-windows-ix86+x86_64 0.3.12 19.00 128.00 147.00 OK
r-oldrel-osx-x86_64 0.3.12 OK

Check Details

Version: 0.3.12
Check: compiled code
Result: NOTE
    File ‘adehabitatHS/libs/adehabitatHS.so’:
     Found no calls to: ‘R_registerRoutines’, ‘R_useDynamicSymbols’
    
    It is good practice to register native routines and to disable symbol
    search.
    
    See ‘Writing portable packages’ in the ‘Writing R Extensions’ manual.
Flavors: r-devel-linux-x86_64-debian-clang, r-devel-linux-x86_64-debian-gcc, r-patched-linux-x86_64, r-release-linux-x86_64

Version: 0.3.12
Flags: --no-stop-on-test-error
Check: compiled code
Result: NOTE
    File ‘adehabitatHS/libs/adehabitatHS.so’:
     Found no calls to: ‘R_registerRoutines’, ‘R_useDynamicSymbols’
    
    It is good practice to register native routines and to disable symbol
    search.
    
    See ‘Writing portable packages’ in the ‘Writing R Extensions’ manual.
Flavors: r-devel-linux-x86_64-fedora-clang, r-devel-linux-x86_64-fedora-gcc

Version: 0.3.12
Check: package dependencies
Result: NOTE
    Package suggested but not available for checking: ‘rgeos’
Flavor: r-release-osx-x86_64