CRAN Package Check Results for Package adehabitatHS

Last updated on 2014-12-21 19:48:32.

Flavor Version Tinstall Tcheck Ttotal Status Flags
r-devel-linux-x86_64-debian-clang 0.3.10 4.10 54.84 58.94 OK
r-devel-linux-x86_64-debian-gcc 0.3.10 4.62 53.67 58.29 OK
r-devel-linux-x86_64-fedora-clang 0.3.10 108.05 OK
r-devel-linux-x86_64-fedora-gcc 0.3.10 117.03 OK
r-devel-osx-x86_64-clang 0.3.10 122.03 OK
r-devel-windows-ix86+x86_64 0.3.10 16.00 101.00 117.00 OK
r-patched-linux-x86_64 0.3.10 4.53 54.92 59.45 OK
r-patched-solaris-sparc 0.3.10 686.60 OK
r-patched-solaris-x86 0.3.10 161.90 OK
r-release-linux-ix86 0.3.10 4.68 64.98 69.65 OK
r-release-linux-x86_64 0.3.10 4.73 57.96 62.69 OK
r-release-osx-x86_64-mavericks 0.3.10 NOTE
r-release-osx-x86_64-snowleopard 0.3.10 OK
r-release-windows-ix86+x86_64 0.3.10 13.00 102.00 115.00 OK
r-oldrel-windows-ix86+x86_64 0.3.10 16.00 108.00 124.00 OK

Check Details

Version: 0.3.10
Check: package dependencies
Result: NOTE
    Package suggested but not available for checking: ‘rgeos’
Flavor: r-release-osx-x86_64-mavericks