CRAN Package Check Results for Package adehabitatLT

Last updated on 2016-08-24 03:47:02.

Flavor Version Tinstall Tcheck Ttotal Status Flags
r-devel-linux-x86_64-debian-clang 0.3.20 5.44 63.88 69.32 OK
r-devel-linux-x86_64-debian-gcc 0.3.20 4.95 71.11 76.06 OK
r-devel-linux-x86_64-fedora-clang 0.3.20 129.73 OK
r-devel-linux-x86_64-fedora-gcc 0.3.20 136.77 OK
r-devel-osx-x86_64-clang 0.3.20 101.09 OK
r-devel-windows-ix86+x86_64 0.3.20 23.00 115.00 138.00 OK
r-patched-linux-x86_64 0.3.20 4.88 71.24 76.12 OK
r-patched-solaris-sparc 0.3.20 392.90 OK --no-examples --no-vignettes
r-patched-solaris-x86 0.3.20 200.90 OK
r-release-linux-x86_64 0.3.20 4.79 76.29 81.08 OK
r-release-osx-x86_64-mavericks 0.3.20 NOTE
r-release-windows-ix86+x86_64 0.3.20 21.00 185.00 206.00 OK
r-oldrel-windows-ix86+x86_64 0.3.20 20.00 153.00 173.00 OK

Check Details

Version: 0.3.20
Check: dependencies in R code
Result: NOTE
    Invalid MIT-MAGIC-COOKIE-1 keyInvalid MIT-MAGIC-COOKIE-1 key
Flavor: r-release-osx-x86_64-mavericks