CRAN Package Check Results for Package adehabitatLT

Last updated on 2014-12-18 23:47:43.

Flavor Version Tinstall Tcheck Ttotal Status Flags
r-devel-linux-x86_64-debian-clang 0.3.17 4.12 104.53 108.65 OK
r-devel-linux-x86_64-debian-gcc 0.3.16 5.30 53.52 58.82 NOTE
r-devel-linux-x86_64-fedora-clang 0.3.17 170.42 OK
r-devel-linux-x86_64-fedora-gcc 0.3.17 146.77 OK
r-devel-osx-x86_64-clang 0.3.17 178.79 OK
r-devel-windows-ix86+x86_64 0.3.17 17.00 134.00 151.00 OK
r-patched-linux-x86_64 0.3.17 5.21 101.34 106.55 OK
r-patched-solaris-sparc 0.3.17 468.40 OK --no-examples --no-vignettes
r-patched-solaris-x86 0.3.17 357.70 OK
r-release-linux-ix86 0.3.16 5.94 66.83 72.77 NOTE
r-release-linux-x86_64 0.3.16 5.15 55.85 61.00 NOTE
r-release-osx-x86_64-mavericks 0.3.17 OK
r-release-osx-x86_64-snowleopard 0.3.17 OK
r-release-windows-ix86+x86_64 0.3.17 15.00 148.00 163.00 OK
r-oldrel-windows-ix86+x86_64 0.3.17 16.00 166.00 182.00 OK

Check Details

Version: 0.3.16
Check: compiled code
Result: NOTE
    File ‘adehabitatLT/libs/adehabitatLT.so’:
     Found ‘rand’, possibly from ‘rand’ (C)
     Object: ‘tests.o’
     Found ‘srand’, possibly from ‘srand’ (C)
     Object: ‘tests.o’
    
    Compiled code should not call entry points which might terminate R nor
    write to stdout/stderr instead of to the console, nor the system RNG.
    
    See ‘Writing portable packages’ in the ‘Writing R Extensions’ manual.
Flavor: r-devel-linux-x86_64-debian-gcc

Version: 0.3.16
Check: compiled code
Result: NOTE
    File ‘adehabitatLT/libs/adehabitatLT.so’:
     Found ‘rand’, possibly from ‘rand’ (C)
     Object: ‘tests.o’
     Found ‘srand’, possibly from ‘srand’ (C)
     Object: ‘tests.o’
    
    Compiled code should not call entry points which might terminate R nor
    write to stdout/stderr instead of to the console, nor the C RNG.
    
    See ‘Writing portable packages’ in the ‘Writing R Extensions’ manual.
Flavors: r-release-linux-ix86, r-release-linux-x86_64