CRAN Package Check Results for Package adehabitatLT

Last updated on 2014-10-30 16:48:14.

Flavor Version Tinstall Tcheck Ttotal Status Flags
r-devel-linux-x86_64-debian-clang 0.3.16 4.11 54.08 58.18 NOTE
r-devel-linux-x86_64-debian-gcc 0.3.16 5.16 53.94 59.10 NOTE
r-devel-linux-x86_64-fedora-clang 0.3.16 122.99 NOTE
r-devel-linux-x86_64-fedora-gcc 0.3.16 119.25 NOTE
r-devel-osx-x86_64-clang 0.3.16 104.62 NOTE
r-devel-windows-ix86+x86_64 0.3.16 15.00 89.00 104.00 NOTE
r-patched-linux-x86_64 0.3.16 5.63 55.86 61.49 NOTE
r-patched-solaris-sparc 0.3.16 444.30 NOTE --no-examples --no-vignettes
r-patched-solaris-x86 0.3.16 164.80 NOTE
r-release-linux-ix86 0.3.16 6.66 70.73 77.39 OK
r-release-linux-x86_64 0.3.16 5.94 59.74 65.68 OK
r-release-osx-x86_64-mavericks 0.3.16 NOTE
r-release-osx-x86_64-snowleopard 0.3.16 OK
r-release-windows-ix86+x86_64 0.3.16 14.00 91.00 105.00 OK
r-oldrel-windows-ix86+x86_64 0.3.16 16.00 99.00 115.00 OK

Check Details

Version: 0.3.16
Check: compiled code
Result: NOTE
    File ‘adehabitatLT/libs/adehabitatLT.so’:
     Found ‘rand’, possibly from ‘rand’ (C)
     Object: ‘tests.o’
     Found ‘srand’, possibly from ‘srand’ (C)
     Object: ‘tests.o’
    
    Compiled code should not call entry points which might terminate R nor
    write to stdout/stderr instead of to the console, nor the C RNG.
    
    See ‘Writing portable packages’ in the ‘Writing R Extensions’ manual.
Flavors: r-devel-linux-x86_64-debian-clang, r-devel-linux-x86_64-debian-gcc, r-devel-linux-x86_64-fedora-clang, r-devel-linux-x86_64-fedora-gcc, r-patched-linux-x86_64, r-patched-solaris-x86

Version: 0.3.16
Check: compiled code
Result: NOTE
    File ‘adehabitatLT/libs/adehabitatLT.so’:
     Found ‘_rand’, possibly from ‘rand’ (C)
     Object: ‘tests.o’
     Found ‘_srand’, possibly from ‘srand’ (C)
     Object: ‘tests.o’
    
    Compiled code should not call entry points which might terminate R nor
    write to stdout/stderr instead of to the console, nor the C RNG.
    
    See ‘Writing portable packages’ in the ‘Writing R Extensions’ manual.
Flavor: r-devel-osx-x86_64-clang

Version: 0.3.16
Check: compiled code
Result: NOTE
    File 'adehabitatLT/libs/i386/adehabitatLT.dll':
     Found 'rand', possibly from 'rand' (C)
     Object: 'tests.o'
     Found 'srand', possibly from 'srand' (C)
     Object: 'tests.o'
    File 'adehabitatLT/libs/x64/adehabitatLT.dll':
     Found 'rand', possibly from 'rand' (C)
     Object: 'tests.o'
     Found 'srand', possibly from 'srand' (C)
     Object: 'tests.o'
    
    Compiled code should not call entry points which might terminate R nor
    write to stdout/stderr instead of to the console, nor the C RNG.
    
    See 'Writing portable packages' in the 'Writing R Extensions' manual.
Flavor: r-devel-windows-ix86+x86_64

Version: 0.3.16
Flags: --no-examples --no-vignettes
Check: compiled code
Result: NOTE
    File ‘adehabitatLT/libs/adehabitatLT.so’:
     Found ‘rand’, possibly from ‘rand’ (C)
     Object: ‘tests.o’
     Found ‘srand’, possibly from ‘srand’ (C)
     Object: ‘tests.o’
    
    Compiled code should not call entry points which might terminate R nor
    write to stdout/stderr instead of to the console, nor the C RNG.
    
    See ‘Writing portable packages’ in the ‘Writing R Extensions’ manual.
Flavor: r-patched-solaris-sparc

Version: 0.3.16
Check: package dependencies
Result: NOTE
    Package suggested but not available for checking: ‘maptools’
Flavor: r-release-osx-x86_64-mavericks