CRAN Package Check Results for Package adehabitatLT

Last updated on 2015-03-02 03:51:49.

Flavor Version Tinstall Tcheck Ttotal Status Flags
r-devel-linux-x86_64-debian-clang 0.3.17 3.97 96.92 100.90 NOTE
r-devel-linux-x86_64-debian-gcc 0.3.17 4.91 94.18 99.09 NOTE
r-devel-linux-x86_64-fedora-clang 0.3.17 224.57 NOTE
r-devel-linux-x86_64-fedora-gcc 0.3.17 191.61 NOTE
r-devel-osx-x86_64-clang 0.3.17 182.35 NOTE
r-devel-windows-ix86+x86_64 0.3.17 16.00 133.00 149.00 NOTE
r-patched-linux-x86_64 0.3.17 5.55 98.11 103.66 NOTE
r-patched-solaris-sparc 0.3.17 458.90 NOTE --no-examples --no-vignettes
r-patched-solaris-x86 0.3.17 359.30 NOTE
r-release-linux-ix86 0.3.17 6.31 116.00 122.31 OK
r-release-linux-x86_64 0.3.17 5.44 100.00 105.44 OK
r-release-osx-x86_64-mavericks 0.3.17 OK
r-release-osx-x86_64-snowleopard 0.3.17 OK
r-release-windows-ix86+x86_64 0.3.17 14.00 142.00 156.00 OK
r-oldrel-windows-ix86+x86_64 0.3.17 15.00 157.00 172.00 OK

Check Details

Version: 0.3.17
Check: DESCRIPTION meta-information
Result: NOTE
    Malformed Description field: should contain one or more complete sentences.
Flavors: r-devel-linux-x86_64-debian-clang, r-devel-linux-x86_64-debian-gcc, r-devel-linux-x86_64-fedora-clang, r-devel-linux-x86_64-fedora-gcc, r-devel-osx-x86_64-clang, r-devel-windows-ix86+x86_64

Version: 0.3.17
Check: dependencies in R code
Result: NOTE
    'library' or 'require' call to ‘tkrplot’ in package code.
     Please use :: or requireNamespace() instead.
     See section 'Suggested packages' in the 'Writing R Extensions' manual.
Flavors: r-devel-linux-x86_64-debian-clang, r-devel-linux-x86_64-debian-gcc, r-devel-linux-x86_64-fedora-clang, r-devel-linux-x86_64-fedora-gcc, r-devel-osx-x86_64-clang, r-devel-windows-ix86+x86_64, r-patched-linux-x86_64, r-patched-solaris-x86

Version: 0.3.17
Check: S3 generic/method consistency
Result: NOTE
    Found the following apparent S3 methods exported but not registered:
     lavielle.default lavielle.ltraj na.omit.ltraj plot.resiti print.NMm
     print.NMs print.lavielle print.resiti
    See section ‘Registering S3 methods’ in the ‘Writing R Extensions’
    manual.
Flavors: r-devel-linux-x86_64-debian-clang, r-devel-linux-x86_64-debian-gcc, r-devel-linux-x86_64-fedora-clang, r-devel-linux-x86_64-fedora-gcc, r-devel-osx-x86_64-clang

Version: 0.3.17
Flags: --no-examples --no-vignettes
Check: dependencies in R code
Result: NOTE
    'library' or 'require' call to ‘tkrplot’ in package code.
     Please use :: or requireNamespace() instead.
     See section 'Suggested packages' in the 'Writing R Extensions' manual.
Flavor: r-patched-solaris-sparc