CRAN Package Check Results for Package adehabitatLT

Last updated on 2017-06-28 10:48:02.

Flavor Version Tinstall Tcheck Ttotal Status Flags
r-devel-linux-x86_64-debian-clang 0.3.21 5.36 76.01 81.37 NOTE
r-devel-linux-x86_64-debian-gcc 0.3.21 6.06 76.50 82.56 NOTE
r-devel-linux-x86_64-fedora-clang 0.3.21 141.44 NOTE
r-devel-linux-x86_64-fedora-gcc 0.3.21 149.81 NOTE
r-devel-windows-ix86+x86_64 0.3.21 26.00 143.00 169.00 OK
r-patched-linux-x86_64 0.3.21 5.32 76.31 81.62 NOTE
r-patched-solaris-sparc 0.3.21 418.60 OK --no-examples --no-vignettes
r-patched-solaris-x86 0.3.21 222.30 OK
r-release-linux-x86_64 0.3.21 5.45 77.36 82.81 NOTE
r-release-windows-ix86+x86_64 0.3.21 15.00 183.00 198.00 OK
r-release-osx-x86_64 0.3.21 OK
r-oldrel-windows-ix86+x86_64 0.3.21 21.00 169.00 190.00 OK
r-oldrel-osx-x86_64 0.3.21 OK

Check Details

Version: 0.3.21
Check: compiled code
Result: NOTE
    File ‘adehabitatLT/libs/adehabitatLT.so’:
     Found no calls to: ‘R_registerRoutines’, ‘R_useDynamicSymbols’
    
    It is good practice to register native routines and to disable symbol
    search.
    
    See ‘Writing portable packages’ in the ‘Writing R Extensions’ manual.
Flavors: r-devel-linux-x86_64-debian-clang, r-devel-linux-x86_64-debian-gcc, r-devel-linux-x86_64-fedora-clang, r-devel-linux-x86_64-fedora-gcc, r-patched-linux-x86_64, r-release-linux-x86_64