CRAN Package Check Results for Package adehabitatLT

Last updated on 2016-07-28 23:47:00.

Flavor Version Tinstall Tcheck Ttotal Status Flags
r-devel-linux-x86_64-debian-clang 0.3.20 6.62 74.85 81.46 OK
r-devel-linux-x86_64-debian-gcc 0.3.20 6.17 78.81 84.98 OK
r-devel-linux-x86_64-fedora-clang 0.3.20 129.46 OK
r-devel-linux-x86_64-fedora-gcc 0.3.20 133.61 OK
r-devel-osx-x86_64-clang 0.3.20 101.60 OK
r-devel-windows-ix86+x86_64 0.3.20 21.00 144.00 165.00 OK
r-patched-linux-x86_64 0.3.20 5.93 82.41 88.34 OK
r-patched-solaris-sparc 0.3.20 392.90 OK --no-examples --no-vignettes
r-patched-solaris-x86 0.3.20 195.50 OK
r-release-linux-x86_64 0.3.20 6.07 87.97 94.04 OK
r-release-osx-x86_64-mavericks 0.3.20 NOTE
r-release-windows-ix86+x86_64 0.3.20 20.00 178.00 198.00 OK
r-oldrel-windows-ix86+x86_64 0.3.20 26.00 217.00 243.00 OK

Check Details

Version: 0.3.20
Check: dependencies in R code
Result: NOTE
    Invalid MIT-MAGIC-COOKIE-1 keyInvalid MIT-MAGIC-COOKIE-1 key
Flavor: r-release-osx-x86_64-mavericks