CRAN Package Check Results for Package adehabitatLT

Last updated on 2015-06-30 22:47:07.

Flavor Version Tinstall Tcheck Ttotal Status Flags
r-devel-linux-x86_64-debian-clang 0.3.19 3.92 107.32 111.24 NOTE
r-devel-linux-x86_64-debian-gcc 0.3.19 5.64 95.16 100.80 NOTE
r-devel-linux-x86_64-fedora-clang 0.3.19 220.27 NOTE
r-devel-linux-x86_64-fedora-gcc 0.3.19 195.21 NOTE
r-devel-osx-x86_64-clang 0.3.19 187.11 OK
r-devel-windows-ix86+x86_64 0.3.19 22.00 135.00 157.00 NOTE
r-patched-linux-x86_64 0.3.19 4.99 97.22 102.20 OK
r-patched-solaris-sparc 0.3.19 414.50 OK --no-examples --no-vignettes
r-patched-solaris-x86 0.3.19 331.60 OK
r-release-linux-x86_64 0.3.19 4.83 96.31 101.14 OK
r-release-osx-x86_64-mavericks 0.3.19 OK
r-release-windows-ix86+x86_64 0.3.19 22.00 141.00 163.00 OK
r-oldrel-windows-ix86+x86_64 0.3.19 18.00 149.00 167.00 OK

Check Details

Version: 0.3.19
Check: R code for possible problems
Result: NOTE
    acfang.ltraj: no visible global function definition for ‘par’
    acfang.ltraj: no visible global function definition for ‘n2mfrow’
    acfang.ltraj: no visible global function definition for ‘polygon’
    acfang.ltraj: no visible global function definition for ‘lines’
    acfang.ltraj: no visible global function definition for ‘points’
    acfdist.ltraj: no visible global function definition for ‘par’
    acfdist.ltraj: no visible global function definition for ‘n2mfrow’
    acfdist.ltraj: no visible global function definition for ‘polygon’
    acfdist.ltraj: no visible global function definition for ‘lines’
    acfdist.ltraj: no visible global function definition for ‘points’
    bestpartmod: no visible global function definition for ‘lines’
    bestpartmod: no visible global function definition for ‘abline’
    findpath: no visible global function definition for ‘abline’
    hist.ltraj: no visible global function definition for ‘par’
    hist.ltraj: no visible global function definition for ‘n2mfrow’
    hist.ltraj : <anonymous>: no visible global function definition for
     ‘hist’
    indmove : foo: no visible global function definition for ‘par’
    indmove : foo : <anonymous>: no visible global function definition for
     ‘polygon’
    indmove : foo : <anonymous>: no visible global function definition for
     ‘gray’
    indmove : foo: no visible global function definition for ‘lines’
    indmove: no visible global function definition for ‘par’
    indmove: no visible global function definition for ‘n2mfrow’
    meanfpt: no visible global function definition for ‘par’
    meanfpt: no visible global function definition for ‘n2mfrow’
    plot.fipati: no visible global function definition for ‘par’
    plot.fipati: no visible global function definition for ‘n2mfrow’
    plot.fipati : <anonymous>: no visible global function definition for
     ‘lines’
    plot.ltraj: no visible global function definition for ‘gray’
    plot.ltraj: no visible global function definition for ‘par’
    plot.ltraj: no visible global function definition for ‘n2mfrow’
    plot.ltraj: no visible global function definition for ‘image’
    plot.ltraj: no visible global function definition for ‘title’
    plot.ltraj: no visible global function definition for ‘box’
    plot.ltraj: no visible global function definition for ‘lines’
    plot.ltraj: no visible global function definition for ‘points’
    plot.partltraj: no visible global function definition for ‘grey’
    plot.partltraj : <anonymous>: no visible global function definition for
     ‘points’
    plot.partltraj : <anonymous>: no visible global function definition for
     ‘lines’
    plot.partltraj: no visible global function definition for ‘points’
    plot.resiti: no visible global function definition for ‘par’
    plot.resiti: no visible global function definition for ‘n2mfrow’
    plot.resiti : <anonymous>: no visible global function definition for
     ‘points’
    plot.resiti : <anonymous>: no visible global function definition for
     ‘lines’
    plotNAltraj: no visible global function definition for ‘par’
    plotNAltraj: no visible global function definition for ‘n2mfrow’
    plotNAltraj : <anonymous>: no visible global function definition for
     ‘lines’
    plotltr: no visible global function definition for ‘par’
    plotltr: no visible global function definition for ‘n2mfrow’
    plotltr : <anonymous>: no visible global function definition for
     ‘lines’
    plotltr : <anonymous>: no visible global function definition for
     ‘points’
    qqchi.ltraj: no visible global function definition for ‘par’
    qqchi.ltraj: no visible global function definition for ‘n2mfrow’
    qqnorm.ltraj: no visible global function definition for ‘par’
    qqnorm.ltraj: no visible global function definition for ‘n2mfrow’
    runsNAltraj: no visible global function definition for ‘par’
    runsNAltraj: no visible global function definition for ‘n2mfrow’
    sliwinltr: no visible global function definition for ‘par’
    sliwinltr: no visible global function definition for ‘n2mfrow’
    sliwinltr : <anonymous>: no visible global function definition for
     ‘points’
    trajdyn : replot: no visible global function definition for ‘par’
    trajdyn : replot : <anonymous>: no visible global function definition
     for ‘points’
    trajdyn : replot : <anonymous>: no visible global function definition
     for ‘lines’
    trajdyn : replot: no visible global function definition for ‘points’
    trajdyn : replot: no visible global function definition for ‘lines’
    trajdyn : mm.w: no visible global function definition for ‘lines’
    trajdyn : mm.w: no visible global function definition for ‘points’
    trajdyn : kb: no visible global function definition for ‘select.list’
    trajdyn: no visible global function definition for ‘getGraphicsEvent’
    varlogfpt: no visible global function definition for ‘par’
    varlogfpt: no visible global function definition for ‘n2mfrow’
Flavors: r-devel-linux-x86_64-debian-clang, r-devel-linux-x86_64-debian-gcc, r-devel-linux-x86_64-fedora-clang, r-devel-linux-x86_64-fedora-gcc, r-devel-windows-ix86+x86_64