CRAN Package Check Results for Package adehabitatLT

Last updated on 2014-11-24 08:48:53.

Flavor Version Tinstall Tcheck Ttotal Status Flags
r-devel-linux-x86_64-debian-clang 0.3.16 3.98 55.92 59.90 NOTE
r-devel-linux-x86_64-debian-gcc 0.3.16 5.03 53.68 58.71 NOTE
r-devel-linux-x86_64-fedora-clang 0.3.16 118.00 NOTE
r-devel-linux-x86_64-fedora-gcc 0.3.16 115.26 NOTE
r-devel-osx-x86_64-clang 0.3.16 107.54 NOTE
r-devel-windows-ix86+x86_64 0.3.16 16.00 90.00 106.00 NOTE
r-patched-linux-x86_64 0.3.16 6.04 56.53 62.56 NOTE
r-patched-solaris-sparc 0.3.16 444.30 NOTE --no-examples --no-vignettes
r-patched-solaris-x86 0.3.16 164.90 NOTE
r-release-linux-ix86 0.3.16 6.04 66.68 72.72 NOTE
r-release-linux-x86_64 0.3.16 5.44 56.44 61.88 NOTE
r-release-osx-x86_64-mavericks 0.3.16 NOTE
r-release-osx-x86_64-snowleopard 0.3.16 OK
r-release-windows-ix86+x86_64 0.3.16 17.00 100.00 117.00 NOTE
r-oldrel-windows-ix86+x86_64 0.3.16 17.00 96.00 113.00 OK

Check Details

Version: 0.3.16
Check: compiled code
Result: NOTE
    File ‘adehabitatLT/libs/adehabitatLT.so’:
     Found ‘rand’, possibly from ‘rand’ (C)
     Object: ‘tests.o’
     Found ‘srand’, possibly from ‘srand’ (C)
     Object: ‘tests.o’
    
    Compiled code should not call entry points which might terminate R nor
    write to stdout/stderr instead of to the console, nor the C RNG.
    
    See ‘Writing portable packages’ in the ‘Writing R Extensions’ manual.
Flavors: r-devel-linux-x86_64-debian-clang, r-devel-linux-x86_64-debian-gcc, r-devel-linux-x86_64-fedora-clang, r-devel-linux-x86_64-fedora-gcc, r-patched-linux-x86_64, r-patched-solaris-x86, r-release-linux-ix86, r-release-linux-x86_64

Version: 0.3.16
Check: compiled code
Result: NOTE
    File ‘adehabitatLT/libs/adehabitatLT.so’:
     Found ‘_rand’, possibly from ‘rand’ (C)
     Object: ‘tests.o’
     Found ‘_srand’, possibly from ‘srand’ (C)
     Object: ‘tests.o’
    
    Compiled code should not call entry points which might terminate R nor
    write to stdout/stderr instead of to the console, nor the C RNG.
    
    See ‘Writing portable packages’ in the ‘Writing R Extensions’ manual.
Flavor: r-devel-osx-x86_64-clang

Version: 0.3.16
Check: compiled code
Result: NOTE
    File 'adehabitatLT/libs/i386/adehabitatLT.dll':
     Found 'rand', possibly from 'rand' (C)
     Object: 'tests.o'
     Found 'srand', possibly from 'srand' (C)
     Object: 'tests.o'
    File 'adehabitatLT/libs/x64/adehabitatLT.dll':
     Found 'rand', possibly from 'rand' (C)
     Object: 'tests.o'
     Found 'srand', possibly from 'srand' (C)
     Object: 'tests.o'
    
    Compiled code should not call entry points which might terminate R nor
    write to stdout/stderr instead of to the console, nor the C RNG.
    
    See 'Writing portable packages' in the 'Writing R Extensions' manual.
Flavors: r-devel-windows-ix86+x86_64, r-release-windows-ix86+x86_64

Version: 0.3.16
Flags: --no-examples --no-vignettes
Check: compiled code
Result: NOTE
    File ‘adehabitatLT/libs/adehabitatLT.so’:
     Found ‘rand’, possibly from ‘rand’ (C)
     Object: ‘tests.o’
     Found ‘srand’, possibly from ‘srand’ (C)
     Object: ‘tests.o’
    
    Compiled code should not call entry points which might terminate R nor
    write to stdout/stderr instead of to the console, nor the C RNG.
    
    See ‘Writing portable packages’ in the ‘Writing R Extensions’ manual.
Flavor: r-patched-solaris-sparc

Version: 0.3.16
Check: package dependencies
Result: NOTE
    Package suggested but not available for checking: ‘maptools’
Flavor: r-release-osx-x86_64-mavericks