CRAN Package Check Results for Package adehabitatLT

Last updated on 2015-08-29 20:47:50.

Flavor Version Tinstall Tcheck Ttotal Status Flags
r-devel-linux-x86_64-debian-clang 0.3.20 3.87 100.06 103.93 OK
r-devel-linux-x86_64-debian-gcc 0.3.20 6.20 91.01 97.20 OK
r-devel-linux-x86_64-fedora-clang 0.3.20 209.19 OK
r-devel-linux-x86_64-fedora-gcc 0.3.20 184.97 OK
r-devel-osx-x86_64-clang 0.3.20 164.38 OK
r-devel-windows-ix86+x86_64 0.3.20 22.00 142.00 164.00 OK
r-patched-linux-x86_64 0.3.20 5.34 89.93 95.27 OK
r-patched-solaris-sparc 0.3.20 398.60 OK --no-examples --no-vignettes
r-patched-solaris-x86 0.3.20 328.20 OK
r-release-linux-x86_64 0.3.20 4.97 91.54 96.51 OK
r-release-osx-x86_64-mavericks 0.3.20 NOTE
r-release-windows-ix86+x86_64 0.3.20 19.00 151.00 170.00 OK
r-oldrel-windows-ix86+x86_64 0.3.20 23.00 167.00 190.00 OK

Check Details

Version: 0.3.20
Check: dependencies in R code
Result: NOTE
    alloc: invalid block: 0x10939a3a8: 0 0
Flavor: r-release-osx-x86_64-mavericks