CRAN Package Check Results for Package adehabitatLT

Last updated on 2017-08-17 09:46:46.

Flavor Version Tinstall Tcheck Ttotal Status Flags
r-devel-linux-x86_64-debian-clang 0.3.21 5.42 75.35 80.76 NOTE
r-devel-linux-x86_64-debian-gcc 0.3.21 5.70 76.47 82.16 NOTE
r-devel-linux-x86_64-fedora-clang 0.3.21 137.36 NOTE
r-devel-linux-x86_64-fedora-gcc 0.3.21 152.02 NOTE
r-devel-windows-ix86+x86_64 0.3.21 15.00 135.00 150.00 OK
r-patched-linux-x86_64 0.3.21 5.24 75.80 81.04 NOTE
r-patched-solaris-x86 0.3.21 216.60 OK
r-release-linux-x86_64 0.3.21 5.24 77.07 82.31 NOTE
r-release-windows-ix86+x86_64 0.3.21 16.00 142.00 158.00 OK
r-release-osx-x86_64 0.3.21 OK
r-oldrel-windows-ix86+x86_64 0.3.21 26.00 118.00 144.00 OK
r-oldrel-osx-x86_64 0.3.21 OK

Check Details

Version: 0.3.21
Check: compiled code
Result: NOTE
    File ‘adehabitatLT/libs/adehabitatLT.so’:
     Found no calls to: ‘R_registerRoutines’, ‘R_useDynamicSymbols’
    
    It is good practice to register native routines and to disable symbol
    search.
    
    See ‘Writing portable packages’ in the ‘Writing R Extensions’ manual.
Flavors: r-devel-linux-x86_64-debian-clang, r-devel-linux-x86_64-debian-gcc, r-devel-linux-x86_64-fedora-clang, r-devel-linux-x86_64-fedora-gcc, r-patched-linux-x86_64, r-release-linux-x86_64