CRAN Package Check Results for Package adehabitatLT

Last updated on 2016-06-26 20:49:49.

Flavor Version Tinstall Tcheck Ttotal Status Flags
r-devel-linux-x86_64-debian-gcc 0.3.20 5.06 72.30 77.36 OK
r-devel-linux-x86_64-fedora-clang 0.3.20 126.08 OK
r-devel-linux-x86_64-fedora-gcc 0.3.20 133.55 OK
r-devel-osx-x86_64-clang 0.3.20 102.12 OK
r-devel-windows-ix86+x86_64 0.3.20 24.00 125.00 149.00 OK
r-patched-linux-x86_64 0.3.20 5.34 73.71 79.05 OK
r-patched-solaris-sparc 0.3.20 392.90 OK --no-examples --no-vignettes
r-patched-solaris-x86 0.3.20 206.10 OK
r-release-linux-x86_64 0.3.20 5.29 72.33 77.62 OK
r-release-osx-x86_64-mavericks 0.3.20 NOTE
r-release-windows-ix86+x86_64 0.3.20 14.00 116.00 130.00 OK
r-oldrel-windows-ix86+x86_64 0.3.20 23.00 160.00 183.00 OK

Check Details

Version: 0.3.20
Check: dependencies in R code
Result: NOTE
    Invalid MIT-MAGIC-COOKIE-1 keyInvalid MIT-MAGIC-COOKIE-1 key
Flavor: r-release-osx-x86_64-mavericks