CRAN Package Check Results for Package adehabitatLT

Last updated on 2015-04-19 11:51:00.

Flavor Version Tinstall Tcheck Ttotal Status Flags
r-devel-linux-x86_64-debian-clang 0.3.19 3.92 107.39 111.31 OK
r-devel-linux-x86_64-debian-gcc 0.3.19 4.98 97.42 102.40 OK
r-devel-linux-x86_64-fedora-clang 0.3.19 223.31 OK
r-devel-linux-x86_64-fedora-gcc 0.3.19 196.37 OK
r-devel-osx-x86_64-clang 0.3.19 192.29 OK
r-devel-windows-ix86+x86_64 0.3.17 22.00 174.00 196.00 NOTE
r-patched-linux-x86_64 0.3.19 5.00 96.47 101.47 OK
r-patched-solaris-sparc 0.3.19 362.60 OK --no-examples --no-vignettes
r-patched-solaris-x86 0.3.19 323.30 OK
r-release-linux-x86_64 0.3.19 4.97 95.33 100.30 OK
r-release-osx-x86_64-mavericks 0.3.19 OK
r-release-osx-x86_64-snowleopard 0.3.19 OK
r-release-windows-ix86+x86_64 0.3.19 12.00 135.00 147.00 OK
r-oldrel-windows-ix86+x86_64 0.3.19 18.00 195.00 213.00 OK

Check Details

Version: 0.3.17
Check: DESCRIPTION meta-information
Result: NOTE
    Malformed Description field: should contain one or more complete sentences.
Flavor: r-devel-windows-ix86+x86_64

Version: 0.3.17
Check: dependencies in R code
Result: NOTE
    'library' or 'require' call to 'tkrplot' in package code.
     Please use :: or requireNamespace() instead.
     See section 'Suggested packages' in the 'Writing R Extensions' manual.
Flavor: r-devel-windows-ix86+x86_64