CRAN Package Check Results for Package adehabitatLT

Last updated on 2014-07-24 03:48:44.

Flavor Version Tinstall Tcheck Ttotal Status Flags
r-devel-linux-x86_64-debian-clang 0.3.16 4.00 52.54 56.54 OK
r-devel-linux-x86_64-debian-gcc 0.3.16 5.24 53.00 58.25 OK
r-devel-linux-x86_64-fedora-clang 0.3.16 126.25 OK
r-devel-linux-x86_64-fedora-gcc 0.3.16 126.49 OK
r-devel-osx-x86_64-clang 0.3.16 106.19 OK
r-devel-windows-ix86+x86_64 0.3.16 14.00 89.00 103.00 OK
r-patched-linux-x86_64 0.3.16 5.36 53.70 59.06 OK
r-patched-solaris-sparc 0.3.16 417.10 OK --no-examples --no-vignettes
r-patched-solaris-x86 0.3.16 180.60 OK
r-release-linux-ix86 0.3.16 7.09 71.06 78.15 OK
r-release-linux-x86_64 0.3.16 5.63 53.97 59.60 OK
r-release-osx-x86_64-mavericks 0.3.16 NOTE
r-release-osx-x86_64-snowleopard 0.3.16 OK
r-release-windows-ix86+x86_64 0.3.16 15.00 97.00 112.00 OK
r-oldrel-windows-ix86+x86_64 0.3.16 15.00 94.00 109.00 OK

Check Details

Version: 0.3.16
Check: package dependencies
Result: NOTE
    Package suggested but not available for checking: ‘maptools’
Flavor: r-release-osx-x86_64-mavericks