CRAN Package Check Results for Package adehabitatLT

Last updated on 2017-02-27 19:50:20.

Flavor Version Tinstall Tcheck Ttotal Status Flags
r-devel-linux-x86_64-debian-clang 0.3.21 5.68 74.97 80.64 NOTE
r-devel-linux-x86_64-debian-gcc 0.3.21 5.14 77.48 82.63 NOTE
r-devel-linux-x86_64-fedora-clang 0.3.21 138.04 NOTE --no-stop-on-test-error
r-devel-linux-x86_64-fedora-gcc 0.3.21 146.88 NOTE --no-stop-on-test-error
r-devel-macos-x86_64-clang 0.3.21 116.36 NOTE --no-stop-on-test-error
r-devel-windows-ix86+x86_64 0.3.21 17.00 185.00 202.00 OK
r-patched-linux-x86_64 0.3.21 4.79 72.33 77.12 OK
r-patched-solaris-sparc 0.3.21 406.90 OK --no-examples --no-vignettes
r-patched-solaris-x86 0.3.21 205.70 OK
r-release-linux-x86_64 0.3.21 5.05 76.19 81.24 OK
r-release-osx-x86_64-mavericks 0.3.21 OK
r-release-windows-ix86+x86_64 0.3.21 31.00 117.00 148.00 OK
r-oldrel-windows-ix86+x86_64 0.3.21 16.00 205.00 221.00 OK

Check Details

Version: 0.3.21
Check: compiled code
Result: NOTE
    File ‘adehabitatLT/libs/adehabitatLT.so’:
     Found no calls to: ‘R_registerRoutines’, ‘R_useDynamicSymbols’
    
    It is good practice to register native routines and to disable symbol
    search.
    
    See ‘Writing portable packages’ in the ‘Writing R Extensions’ manual.
Flavors: r-devel-linux-x86_64-debian-clang, r-devel-linux-x86_64-debian-gcc

Version: 0.3.21
Flags: --no-stop-on-test-error
Check: compiled code
Result: NOTE
    File ‘adehabitatLT/libs/adehabitatLT.so’:
     Found no calls to: ‘R_registerRoutines’, ‘R_useDynamicSymbols’
    
    It is good practice to register native routines and to disable symbol
    search.
    
    See ‘Writing portable packages’ in the ‘Writing R Extensions’ manual.
Flavors: r-devel-linux-x86_64-fedora-clang, r-devel-linux-x86_64-fedora-gcc, r-devel-macos-x86_64-clang