CRAN Package Check Results for Package adehabitatLT

Last updated on 2016-02-09 10:47:46.

Flavor Version Tinstall Tcheck Ttotal Status Flags
r-devel-linux-x86_64-debian-gcc 0.3.20 4.59 71.35 75.94 OK
r-devel-linux-x86_64-fedora-clang 0.3.20 144.55 OK
r-devel-linux-x86_64-fedora-gcc 0.3.20 137.58 OK
r-devel-osx-x86_64-clang 0.3.20 146.43 OK
r-devel-windows-ix86+x86_64 0.3.20 21.00 111.00 132.00 OK
r-patched-linux-x86_64 0.3.20 5.04 97.78 102.82 OK
r-patched-solaris-sparc 0.3.20 408.30 OK --no-examples --no-vignettes
r-patched-solaris-x86 0.3.20 290.80 OK
r-release-linux-x86_64 0.3.20 5.08 96.91 101.98 OK
r-release-osx-x86_64-mavericks 0.3.20 NOTE
r-release-windows-ix86+x86_64 0.3.20 19.00 133.00 152.00 OK
r-oldrel-windows-ix86+x86_64 0.3.20 25.00 155.00 180.00 OK

Check Details

Version: 0.3.20
Check: dependencies in R code
Result: NOTE
    alloc: invalid block: 0x10939a3a8: 0 0
Flavor: r-release-osx-x86_64-mavericks