CRAN Package Check Results for Package adehabitatLT

Last updated on 2017-10-19 12:49:16.

Flavor Version Tinstall Tcheck Ttotal Status Flags
r-devel-linux-x86_64-debian-clang 0.3.21 5.13 70.25 75.38 NOTE
r-devel-linux-x86_64-debian-gcc 0.3.21 5.04 84.34 89.38 NOTE
r-devel-linux-x86_64-fedora-clang 0.3.21 160.28 NOTE
r-devel-linux-x86_64-fedora-gcc 0.3.21 166.69 NOTE
r-devel-windows-ix86+x86_64 0.3.21 16.00 140.00 156.00 OK
r-patched-linux-x86_64 0.3.21 5.12 78.35 83.47 NOTE
r-patched-solaris-x86 0.3.21 221.20 OK
r-release-linux-x86_64 0.3.21 5.01 79.31 84.31 NOTE
r-release-windows-ix86+x86_64 0.3.21 25.00 179.00 204.00 OK
r-release-osx-x86_64 0.3.21 OK
r-oldrel-windows-ix86+x86_64 0.3.21 22.00 161.00 183.00 OK
r-oldrel-osx-x86_64 0.3.21 OK

Check Details

Version: 0.3.21
Check: compiled code
Result: NOTE
    File ‘adehabitatLT/libs/adehabitatLT.so’:
     Found no calls to: ‘R_registerRoutines’, ‘R_useDynamicSymbols’
    
    It is good practice to register native routines and to disable symbol
    search.
    
    See ‘Writing portable packages’ in the ‘Writing R Extensions’ manual.
Flavors: r-devel-linux-x86_64-debian-clang, r-devel-linux-x86_64-debian-gcc, r-devel-linux-x86_64-fedora-clang, r-devel-linux-x86_64-fedora-gcc, r-patched-linux-x86_64, r-release-linux-x86_64