CRAN Package Check Results for Package adehabitatLT

Last updated on 2017-04-27 23:49:38.

Flavor Version Tinstall Tcheck Ttotal Status Flags
r-devel-linux-x86_64-debian-clang 0.3.21 5.80 69.89 75.69 NOTE
r-devel-linux-x86_64-debian-gcc 0.3.21 5.25 77.11 82.36 NOTE
r-devel-linux-x86_64-fedora-clang 0.3.21 141.83 NOTE --no-stop-on-test-error
r-devel-linux-x86_64-fedora-gcc 0.3.21 147.43 NOTE --no-stop-on-test-error
r-devel-windows-ix86+x86_64 0.3.21 14.00 218.00 232.00 OK
r-patched-linux-x86_64 0.3.21 5.04 80.58 85.62 NOTE
r-patched-solaris-sparc 0.3.21 418.60 OK --no-examples --no-vignettes
r-patched-solaris-x86 0.3.21 214.20 OK
r-release-linux-x86_64 0.3.21 5.06 76.24 81.29 NOTE
r-release-windows-ix86+x86_64 0.3.21 13.00 151.00 164.00 OK
r-release-osx-x86_64 0.3.21 OK
r-oldrel-windows-ix86+x86_64 0.3.21 22.00 159.00 181.00 OK
r-oldrel-osx-x86_64 0.3.21 OK

Check Details

Version: 0.3.21
Check: compiled code
Result: NOTE
    File ‘adehabitatLT/libs/adehabitatLT.so’:
     Found no calls to: ‘R_registerRoutines’, ‘R_useDynamicSymbols’
    
    It is good practice to register native routines and to disable symbol
    search.
    
    See ‘Writing portable packages’ in the ‘Writing R Extensions’ manual.
Flavors: r-devel-linux-x86_64-debian-clang, r-devel-linux-x86_64-debian-gcc, r-patched-linux-x86_64, r-release-linux-x86_64

Version: 0.3.21
Flags: --no-stop-on-test-error
Check: compiled code
Result: NOTE
    File ‘adehabitatLT/libs/adehabitatLT.so’:
     Found no calls to: ‘R_registerRoutines’, ‘R_useDynamicSymbols’
    
    It is good practice to register native routines and to disable symbol
    search.
    
    See ‘Writing portable packages’ in the ‘Writing R Extensions’ manual.
Flavors: r-devel-linux-x86_64-fedora-clang, r-devel-linux-x86_64-fedora-gcc