CRAN Package Check Results for Package adehabitatLT

Last updated on 2016-05-26 06:47:01.

Flavor Version Tinstall Tcheck Ttotal Status Flags
r-devel-linux-x86_64-debian-gcc 0.3.20 4.94 74.72 79.66 OK
r-devel-linux-x86_64-fedora-clang 0.3.20 127.56 OK
r-devel-linux-x86_64-fedora-gcc 0.3.20 133.72 OK
r-devel-osx-x86_64-clang 0.3.20 134.44 OK
r-devel-windows-ix86+x86_64 0.3.20 15.00 156.00 171.00 OK
r-patched-linux-x86_64 0.3.20 4.92 71.03 75.95 OK
r-patched-solaris-sparc 0.3.20 392.50 OK --no-examples --no-vignettes
r-patched-solaris-x86 0.3.20 210.50 OK
r-release-linux-x86_64 0.3.20 4.98 70.95 75.93 OK
r-release-osx-x86_64-mavericks 0.3.20 NOTE
r-release-windows-ix86+x86_64 0.3.20 18.00 120.00 138.00 OK
r-oldrel-windows-ix86+x86_64 0.3.20 16.00 147.00 163.00 OK

Check Details

Version: 0.3.20
Check: dependencies in R code
Result: NOTE
    Invalid MIT-MAGIC-COOKIE-1 keyInvalid MIT-MAGIC-COOKIE-1 key
Flavor: r-release-osx-x86_64-mavericks