CRAN Package Check Results for Package adehabitatMA

Last updated on 2017-01-21 13:48:33.

Flavor Version Tinstall Tcheck Ttotal Status Flags
r-devel-linux-x86_64-debian-clang 0.3.11 3.27 35.45 38.71 OK
r-devel-linux-x86_64-debian-gcc 0.3.11 3.05 33.86 36.91 OK
r-devel-linux-x86_64-fedora-clang 0.3.11 69.75 NOTE --no-stop-on-test-error
r-devel-linux-x86_64-fedora-gcc 0.3.11 64.06 NOTE --no-stop-on-test-error
r-devel-macos-x86_64-clang 0.3.11 56.27 NOTE --no-stop-on-test-error
r-devel-windows-ix86+x86_64 0.3.11 14.00 103.00 117.00 OK
r-patched-linux-x86_64 0.3.11 2.65 28.68 31.33 OK
r-patched-solaris-sparc 0.3.11 379.10 NOTE
r-patched-solaris-x86 0.3.11 78.30 NOTE
r-release-linux-x86_64 0.3.11 2.73 31.24 33.97 OK
r-release-osx-x86_64-mavericks 0.3.11 NOTE
r-release-windows-ix86+x86_64 0.3.11 13.00 92.00 105.00 OK
r-oldrel-windows-ix86+x86_64 0.3.11 14.00 141.00 155.00 NOTE

Check Details

Version: 0.3.11
Flags: --no-stop-on-test-error
Check: dependencies in R code
Result: NOTE
    Namespace in Imports field not imported from: ‘filehash’
     All declared Imports should be used.
Flavors: r-devel-linux-x86_64-fedora-clang, r-devel-linux-x86_64-fedora-gcc, r-devel-macos-x86_64-clang

Version: 0.3.11
Check: dependencies in R code
Result: NOTE
    Namespace in Imports field not imported from: ‘filehash’
     All declared Imports should be used.
Flavors: r-patched-solaris-sparc, r-patched-solaris-x86, r-release-osx-x86_64-mavericks, r-oldrel-windows-ix86+x86_64