CRAN Package Check Results for Package adehabitatMA

Last updated on 2014-07-23 15:47:41.

Flavor Version Tinstall Tcheck Ttotal Status Flags
r-devel-linux-x86_64-debian-clang 0.3.8 2.22 38.82 41.04 OK
r-devel-linux-x86_64-debian-gcc 0.3.8 2.77 40.00 42.77 OK
r-devel-linux-x86_64-fedora-clang 0.3.8 87.96 OK
r-devel-linux-x86_64-fedora-gcc 0.3.8 85.93 OK
r-devel-osx-x86_64-clang 0.3.8 78.78 OK
r-devel-windows-ix86+x86_64 0.3.8 9.00 72.00 81.00 OK
r-patched-linux-x86_64 0.3.8 2.81 38.34 41.15 OK
r-patched-solaris-sparc 0.3.8 478.90 OK
r-patched-solaris-x86 0.3.8 120.50 OK
r-release-linux-ix86 0.3.8 3.20 50.51 53.70 OK
r-release-linux-x86_64 0.3.8 2.82 39.02 41.85 OK
r-release-osx-x86_64-mavericks 0.3.8 NOTE
r-release-windows-ix86+x86_64 0.3.8 8.00 73.00 81.00 OK
r-oldrel-windows-ix86+x86_64 0.3.8 10.00 75.00 85.00 OK

Check Details

Version: 0.3.8
Check: package dependencies
Result: NOTE
    Package suggested but not available for checking: ‘maptools’
Flavor: r-release-osx-x86_64-mavericks