CRAN Package Check Results for Package adehabitatMA

Last updated on 2020-09-19 07:52:07 CEST.

Flavor Version Tinstall Tcheck Ttotal Status Flags
r-devel-linux-x86_64-debian-clang 0.3.14 8.86 55.84 64.70 OK
r-devel-linux-x86_64-debian-gcc 0.3.14 6.79 42.85 49.64 OK
r-devel-linux-x86_64-fedora-clang 0.3.14 91.21 NOTE
r-devel-linux-x86_64-fedora-gcc 0.3.14 81.67 NOTE
r-devel-windows-ix86+x86_64 0.3.14 21.00 104.00 125.00 OK
r-patched-linux-x86_64 0.3.14 8.57 54.95 63.52 OK
r-patched-solaris-x86 0.3.14 114.30 NOTE
r-release-linux-x86_64 0.3.14 7.25 54.89 62.14 OK
r-release-macos-x86_64 0.3.14 NOTE
r-release-windows-ix86+x86_64 0.3.14 21.00 84.00 105.00 OK
r-oldrel-macos-x86_64 0.3.14 NOTE
r-oldrel-windows-ix86+x86_64 0.3.14 11.00 93.00 104.00 OK

Check Details

Version: 0.3.14
Check: dependencies in R code
Result: NOTE
    Namespace in Imports field not imported from: ‘filehash’
     All declared Imports should be used.
Flavors: r-devel-linux-x86_64-fedora-clang, r-devel-linux-x86_64-fedora-gcc, r-patched-solaris-x86, r-release-macos-x86_64

Version: 0.3.14
Check: dependencies in R code
Result: NOTE
    No protocol specified
    No protocol specified
    No protocol specified
    No protocol specified
    Namespace in Imports field not imported from: ‘filehash’
     All declared Imports should be used.
Flavor: r-oldrel-macos-x86_64