CRAN Package Check Results for Package adehabitatMA

Last updated on 2015-06-30 06:46:47.

Flavor Version Tinstall Tcheck Ttotal Status Flags
r-devel-linux-x86_64-debian-clang 0.3.9 2.12 34.24 36.36 NOTE
r-devel-linux-x86_64-debian-gcc 0.3.9 2.52 36.13 38.66 NOTE
r-devel-linux-x86_64-fedora-clang 0.3.9 72.70 OK
r-devel-linux-x86_64-fedora-gcc 0.3.9 69.84 OK
r-devel-osx-x86_64-clang 0.3.9 68.56 OK
r-devel-windows-ix86+x86_64 0.3.9 14.00 63.00 77.00 NOTE
r-patched-linux-x86_64 0.3.9 2.71 34.24 36.95 OK
r-patched-solaris-sparc 0.3.9 432.90 OK
r-patched-solaris-x86 0.3.9 99.50 OK
r-release-linux-x86_64 0.3.9 2.67 34.73 37.40 OK
r-release-osx-x86_64-mavericks 0.3.9 OK
r-release-windows-ix86+x86_64 0.3.9 13.00 64.00 77.00 OK
r-oldrel-windows-ix86+x86_64 0.3.9 15.00 73.00 88.00 OK

Check Details

Version: 0.3.9
Check: R code for possible problems
Result: NOTE
    explore : replot: no visible global function definition for ‘n2mfrow’
    explore : replot: no visible global function definition for
     ‘split.screen’
    explore : replot: no visible global function definition for
     ‘close.screen’
    explore : replot : <anonymous>: no visible global function definition
     for ‘screen’
    explore : replot : <anonymous>: no visible global function definition
     for ‘par’
    explore : replot : <anonymous>: no visible global function definition
     for ‘title’
    explore : replot : <anonymous>: no visible global function definition
     for ‘text’
    explore : replot : <anonymous>: no visible global function definition
     for ‘box’
    explore : replot: no visible global function definition for ‘screen’
    explore : replot: no visible global function definition for ‘par’
    explore : replot: no visible global function definition for ‘title’
    explore : replot: no visible global function definition for ‘lines’
    explore : replot: no visible global function definition for ‘box’
    hist.SpatialPixelsDataFrame: no visible global function definition for
     ‘par’
    hist.SpatialPixelsDataFrame: no visible global function definition for
     ‘n2mfrow’
    hist.SpatialPixelsDataFrame : f1: no visible global function definition
     for ‘barplot’
    hist.SpatialPixelsDataFrame : f1: no visible global function definition
     for ‘axis’
    hist.SpatialPixelsDataFrame : f1: no visible global function definition
     for ‘density’
    hist.SpatialPixelsDataFrame : f1: no visible global function definition
     for ‘lines’
    hist.SpatialPixelsDataFrame : f1: no visible global function definition
     for ‘box’
    mimage: no visible global function definition for ‘gray’
    mimage: no visible global function definition for ‘n2mfrow’
    mimage: no visible global function definition for ‘par’
    mimage : <anonymous>: no visible global function definition for ‘title’
    mimage : <anonymous>: no visible global function definition for ‘box’
    subsetmap: no visible global function definition for ‘title’
    subsetmap: no visible global function definition for ‘locator’
Flavors: r-devel-linux-x86_64-debian-clang, r-devel-linux-x86_64-debian-gcc, r-devel-windows-ix86+x86_64