CRAN Package Check Results for Package adehabitatMA

Last updated on 2016-12-10 18:49:14.

Flavor Version Tinstall Tcheck Ttotal Status Flags
r-devel-linux-x86_64-debian-clang 0.3.11 3.13 35.96 39.09 OK
r-devel-linux-x86_64-debian-gcc 0.3.11 3.00 35.26 38.26 OK
r-devel-linux-x86_64-fedora-clang 0.3.11 72.02 NOTE --no-stop-on-test-error
r-devel-linux-x86_64-fedora-gcc 0.3.11 66.35 NOTE --no-stop-on-test-error
r-devel-macos-x86_64-clang 0.3.11 56.06 NOTE --no-stop-on-test-error
r-devel-windows-ix86+x86_64 0.3.11 9.00 75.00 84.00 OK
r-patched-linux-x86_64 0.3.11 2.64 30.65 33.28 OK
r-patched-solaris-sparc 0.3.11 368.80 NOTE
r-patched-solaris-x86 0.3.11 78.50 NOTE
r-release-linux-x86_64 0.3.11 2.72 29.82 32.53 OK
r-release-osx-x86_64-mavericks 0.3.11 NOTE
r-release-windows-ix86+x86_64 0.3.11 11.00 65.00 76.00 OK
r-oldrel-windows-ix86+x86_64 0.3.11 13.00 79.00 92.00 NOTE

Check Details

Version: 0.3.11
Flags: --no-stop-on-test-error
Check: dependencies in R code
Result: NOTE
    Namespace in Imports field not imported from: ‘filehash’
     All declared Imports should be used.
Flavors: r-devel-linux-x86_64-fedora-clang, r-devel-linux-x86_64-fedora-gcc, r-devel-macos-x86_64-clang

Version: 0.3.11
Check: dependencies in R code
Result: NOTE
    Namespace in Imports field not imported from: ‘filehash’
     All declared Imports should be used.
Flavors: r-patched-solaris-sparc, r-patched-solaris-x86, r-release-osx-x86_64-mavericks, r-oldrel-windows-ix86+x86_64