CRAN Package Check Results for Package adehabitatMA

Last updated on 2014-04-25 05:47:11.

Flavor Version Tinstall Tcheck Ttotal Status Flags
r-devel-linux-x86_64-debian-clang 0.3.8 2.18 39.69 41.86 OK
r-devel-linux-x86_64-debian-gcc 0.3.8 2.53 39.44 41.96 OK
r-devel-linux-x86_64-fedora-clang 0.3.8 86.99 OK
r-devel-linux-x86_64-fedora-gcc 0.3.8 87.10 OK
r-devel-osx-x86_64-clang 0.3.8 73.42 OK
r-devel-osx-x86_64-gcc 0.3.8 NOTE
r-devel-windows-ix86+x86_64 0.3.8 9.00 66.00 75.00 OK
r-patched-linux-x86_64 0.3.8 2.63 39.90 42.52 OK
r-patched-solaris-sparc 0.3.8 478.90 OK
r-patched-solaris-x86 0.3.8 119.90 OK
r-release-linux-ix86 0.3.8 4.00 66.00 70.00 OK
r-release-linux-x86_64 0.3.8 2.51 39.73 42.24 OK
r-release-osx-x86_64-mavericks 0.3.8 WARN
r-release-windows-ix86+x86_64 0.3.8 9.00 72.00 81.00 OK
r-oldrel-windows-ix86+x86_64 0.3.8 9.00 70.00 79.00 OK

Check Details

Version: 0.3.8
Check: package dependencies
Result: NOTE
    Package suggested but not available for checking: ‘maptools’
Flavors: r-devel-osx-x86_64-gcc, r-release-osx-x86_64-mavericks

Version: 0.3.8
Check: PDF version of manual
Result: WARNING
    LaTeX errors when creating PDF version.
    This typically indicates Rd problems.
    LaTeX errors found:
    ! LaTeX Error: File `upquote.sty' not found.
    
    Type X to quit or <RETURN> to proceed,
    or enter new name. (Default extension: sty)
    
    5517a6ee/Rd2.tex:8: ==> Fatal error occurred, no output PDF file produced!
Flavor: r-release-osx-x86_64-mavericks