CRAN Package Check Results for Package adehabitatMA

Last updated on 2017-03-28 11:51:05.

Flavor Version Tinstall Tcheck Ttotal Status Flags
r-devel-linux-x86_64-debian-clang 0.3.11 3.33 36.56 39.89 NOTE
r-devel-linux-x86_64-debian-gcc 0.3.11 2.93 34.57 37.50 NOTE
r-devel-linux-x86_64-fedora-clang 0.3.11 69.31 NOTE --no-stop-on-test-error
r-devel-linux-x86_64-fedora-gcc 0.3.11 70.55 NOTE --no-stop-on-test-error
r-devel-macos-x86_64-clang 0.3.11 54.87 NOTE --no-stop-on-test-error
r-devel-windows-ix86+x86_64 0.3.11 9.00 84.00 93.00 OK
r-patched-linux-x86_64 0.3.11 2.94 34.60 37.54 NOTE
r-patched-solaris-sparc 0.3.11 421.30 NOTE
r-patched-solaris-x86 0.3.11 91.60 NOTE
r-release-linux-x86_64 0.3.11 2.61 29.75 32.36 OK
r-release-osx-x86_64-mavericks 0.3.11 NOTE
r-release-windows-ix86+x86_64 0.3.11 14.00 92.00 106.00 OK
r-oldrel-windows-ix86+x86_64 0.3.11 9.00 82.00 91.00 NOTE

Check Details

Version: 0.3.11
Check: compiled code
Result: NOTE
    File ‘adehabitatMA/libs/adehabitatMA.so’:
     Found no calls to: ‘R_registerRoutines’, ‘R_useDynamicSymbols’
    
    It is good practice to register native routines and to disable symbol
    search.
    
    See ‘Writing portable packages’ in the ‘Writing R Extensions’ manual.
Flavors: r-devel-linux-x86_64-debian-clang, r-devel-linux-x86_64-debian-gcc, r-patched-linux-x86_64

Version: 0.3.11
Flags: --no-stop-on-test-error
Check: dependencies in R code
Result: NOTE
    Namespace in Imports field not imported from: ‘filehash’
     All declared Imports should be used.
Flavors: r-devel-linux-x86_64-fedora-clang, r-devel-linux-x86_64-fedora-gcc, r-devel-macos-x86_64-clang

Version: 0.3.11
Flags: --no-stop-on-test-error
Check: compiled code
Result: NOTE
    File ‘adehabitatMA/libs/adehabitatMA.so’:
     Found no calls to: ‘R_registerRoutines’, ‘R_useDynamicSymbols’
    
    It is good practice to register native routines and to disable symbol
    search.
    
    See ‘Writing portable packages’ in the ‘Writing R Extensions’ manual.
Flavors: r-devel-linux-x86_64-fedora-clang, r-devel-linux-x86_64-fedora-gcc, r-devel-macos-x86_64-clang

Version: 0.3.11
Check: dependencies in R code
Result: NOTE
    Namespace in Imports field not imported from: ‘filehash’
     All declared Imports should be used.
Flavors: r-patched-solaris-sparc, r-patched-solaris-x86, r-release-osx-x86_64-mavericks, r-oldrel-windows-ix86+x86_64