CRAN Package Check Results for Package adehabitatMA

Last updated on 2017-02-24 23:52:14.

Flavor Version Tinstall Tcheck Ttotal Status Flags
r-devel-linux-x86_64-debian-clang 0.3.11 3.13 35.61 38.74 NOTE
r-devel-linux-x86_64-debian-gcc 0.3.11 2.94 34.55 37.49 NOTE
r-devel-linux-x86_64-fedora-clang 0.3.11 70.02 NOTE --no-stop-on-test-error
r-devel-linux-x86_64-fedora-gcc 0.3.11 64.76 NOTE --no-stop-on-test-error
r-devel-macos-x86_64-clang 0.3.11 57.17 NOTE --no-stop-on-test-error
r-devel-windows-ix86+x86_64 0.3.11 23.00 109.00 132.00 OK
r-patched-linux-x86_64 0.3.11 2.62 30.72 33.34 OK
r-patched-solaris-sparc 0.3.11 379.10 NOTE
r-patched-solaris-x86 0.3.11 79.40 NOTE
r-release-linux-x86_64 0.3.11 2.71 30.41 33.12 OK
r-release-osx-x86_64-mavericks 0.3.11 NOTE
r-release-windows-ix86+x86_64 0.3.11 13.00 75.00 88.00 OK
r-oldrel-windows-ix86+x86_64 0.3.11 22.00 160.00 182.00 NOTE

Check Details

Version: 0.3.11
Check: compiled code
Result: NOTE
    File ‘adehabitatMA/libs/adehabitatMA.so’:
     Found no calls to: ‘R_registerRoutines’, ‘R_useDynamicSymbols’
    
    It is good practice to register native routines and to disable symbol
    search.
    
    See ‘Writing portable packages’ in the ‘Writing R Extensions’ manual.
Flavors: r-devel-linux-x86_64-debian-clang, r-devel-linux-x86_64-debian-gcc

Version: 0.3.11
Flags: --no-stop-on-test-error
Check: dependencies in R code
Result: NOTE
    Namespace in Imports field not imported from: ‘filehash’
     All declared Imports should be used.
Flavors: r-devel-linux-x86_64-fedora-clang, r-devel-linux-x86_64-fedora-gcc, r-devel-macos-x86_64-clang

Version: 0.3.11
Flags: --no-stop-on-test-error
Check: compiled code
Result: NOTE
    File ‘adehabitatMA/libs/adehabitatMA.so’:
     Found no calls to: ‘R_registerRoutines’, ‘R_useDynamicSymbols’
    
    It is good practice to register native routines and to disable symbol
    search.
    
    See ‘Writing portable packages’ in the ‘Writing R Extensions’ manual.
Flavors: r-devel-linux-x86_64-fedora-clang, r-devel-linux-x86_64-fedora-gcc, r-devel-macos-x86_64-clang

Version: 0.3.11
Check: dependencies in R code
Result: NOTE
    Namespace in Imports field not imported from: ‘filehash’
     All declared Imports should be used.
Flavors: r-patched-solaris-sparc, r-patched-solaris-x86, r-release-osx-x86_64-mavericks, r-oldrel-windows-ix86+x86_64