CRAN Package Check Results for Package adehabitatMA

Last updated on 2018-06-21 11:49:57 CEST.

Flavor Version Tinstall Tcheck Ttotal Status Flags
r-devel-linux-x86_64-debian-clang 0.3.12 6.14 46.90 53.04 OK
r-devel-linux-x86_64-debian-gcc 0.3.12 5.17 39.07 44.24 OK
r-devel-linux-x86_64-fedora-clang 0.3.12 67.97 NOTE
r-devel-linux-x86_64-fedora-gcc 0.3.12 63.45 NOTE
r-devel-windows-ix86+x86_64 0.3.12 21.00 117.00 138.00 OK
r-patched-linux-x86_64 0.3.12 5.20 47.64 52.84 OK
r-patched-solaris-x86 0.3.12 93.20 NOTE
r-release-linux-x86_64 0.3.12 5.82 47.14 52.96 OK
r-release-windows-ix86+x86_64 0.3.12 13.00 79.00 92.00 OK
r-release-osx-x86_64 0.3.12 NOTE
r-oldrel-windows-ix86+x86_64 0.3.12 14.00 87.00 101.00 OK
r-oldrel-osx-x86_64 0.3.12 NOTE

Check Details

Version: 0.3.12
Check: dependencies in R code
Result: NOTE
    Namespace in Imports field not imported from: ‘filehash’
     All declared Imports should be used.
Flavors: r-devel-linux-x86_64-fedora-clang, r-devel-linux-x86_64-fedora-gcc, r-patched-solaris-x86, r-release-osx-x86_64, r-oldrel-osx-x86_64