CRAN Package Check Results for Package adehabitatMA

Last updated on 2014-08-20 10:46:51.

Flavor Version Tinstall Tcheck Ttotal Status Flags
r-devel-linux-x86_64-debian-clang 0.3.8 1.97 38.15 40.12 OK
r-devel-linux-x86_64-debian-gcc 0.3.8 2.70 37.36 40.06 OK
r-devel-linux-x86_64-fedora-clang 0.3.8 85.58 NOTE
r-devel-linux-x86_64-fedora-gcc 0.3.8 90.35 NOTE
r-devel-osx-x86_64-clang 0.3.8 75.82 NOTE
r-devel-windows-ix86+x86_64 0.3.8 10.00 67.00 77.00 OK
r-patched-linux-x86_64 0.3.8 2.77 39.21 41.98 OK
r-patched-solaris-sparc 0.3.8 499.50 OK
r-patched-solaris-x86 0.3.8 121.30 OK
r-release-linux-ix86 0.3.8 3.27 50.79 54.06 OK
r-release-linux-x86_64 0.3.8 2.89 39.20 42.09 OK
r-release-osx-x86_64-mavericks 0.3.8 NOTE
r-release-windows-ix86+x86_64 0.3.8 9.00 69.00 78.00 OK
r-oldrel-windows-ix86+x86_64 0.3.8 9.00 73.00 82.00 OK

Check Details

Version: 0.3.8
Check: R code for possible problems
Result: NOTE
    explore: no visible global function definition for ‘tktoplevel’
    explore: no visible global function definition for ‘tkwm.title’
    explore: no visible global function definition for ‘tkrplot’
    explore: no visible global function definition for ‘tktext’
    explore: no visible global function definition for ‘tkscrollbar’
    explore : <anonymous>: no visible global function definition for
     ‘tkyview’
    explore: no visible global function definition for ‘tkconfigure’
    explore : <anonymous>: no visible global function definition for
     ‘tkset’
    explore: no visible global function definition for ‘tkpack’
    explore: no visible global function definition for ‘tcl’
    explore: no visible global function definition for ‘tkcget’
    explore : showz: no visible global function definition for ‘tkrreplot’
    explore : type: no visible global function definition for ‘tkinsert’
    explore : type: no visible global function definition for ‘tksee’
    explore : kb: no visible global function definition for ‘tkdestroy’
    explore: no visible global function definition for ‘tkbind’
    explore: no visible global function definition for ‘tkwait.window’
Flavors: r-devel-linux-x86_64-fedora-clang, r-devel-linux-x86_64-fedora-gcc, r-devel-osx-x86_64-clang

Version: 0.3.8
Check: package dependencies
Result: NOTE
    Package suggested but not available for checking: ‘maptools’
Flavor: r-release-osx-x86_64-mavericks