Last updated on 2018-04-27 04:50:10 CEST.
Flavor | Version | Tinstall | Tcheck | Ttotal | Status | Flags |
---|---|---|---|---|---|---|
r-devel-linux-x86_64-debian-clang | 0.3.12 | 6.14 | 42.75 | 48.89 | OK | |
r-devel-linux-x86_64-debian-gcc | 0.3.12 | 5.06 | 36.80 | 41.86 | OK | |
r-devel-linux-x86_64-fedora-clang | 0.3.12 | 66.88 | NOTE | |||
r-devel-linux-x86_64-fedora-gcc | 0.3.12 | 62.11 | NOTE | |||
r-devel-windows-ix86+x86_64 | 0.3.12 | 19.00 | 112.00 | 131.00 | OK | |
r-patched-linux-x86_64 | 0.3.12 | 6.64 | 47.79 | 54.43 | OK | |
r-patched-solaris-x86 | 0.3.12 | 94.20 | NOTE | |||
r-release-linux-x86_64 | 0.3.12 | 5.97 | 46.98 | 52.95 | OK | |
r-release-windows-ix86+x86_64 | 0.3.12 | 19.00 | 112.00 | 131.00 | OK | |
r-release-osx-x86_64 | 0.3.12 | NOTE | ||||
r-oldrel-windows-ix86+x86_64 | 0.3.12 | 10.00 | 87.00 | 97.00 | OK | |
r-oldrel-osx-x86_64 | 0.3.12 | NOTE |
Version: 0.3.12
Check: dependencies in R code
Result: NOTE
Namespace in Imports field not imported from: ‘filehash’
All declared Imports should be used.
Flavors: r-devel-linux-x86_64-fedora-clang, r-devel-linux-x86_64-fedora-gcc, r-patched-solaris-x86, r-release-osx-x86_64, r-oldrel-osx-x86_64