CRAN Package Check Results for Package adehabitatMA

Last updated on 2017-09-23 05:47:58.

Flavor Version Tinstall Tcheck Ttotal Status Flags
r-devel-linux-x86_64-debian-clang 0.3.11 3.01 36.00 39.01 NOTE
r-devel-linux-x86_64-debian-gcc 0.3.11 3.08 34.68 37.75 NOTE
r-devel-linux-x86_64-fedora-clang 0.3.11 71.37 NOTE
r-devel-linux-x86_64-fedora-gcc 0.3.11 67.51 NOTE
r-devel-windows-ix86+x86_64 0.3.11 9.00 79.00 88.00 OK
r-patched-linux-x86_64 0.3.11 3.12 35.09 38.21 NOTE
r-patched-solaris-x86 0.3.11 93.10 NOTE
r-release-linux-x86_64 0.3.11 2.98 34.84 37.81 NOTE
r-release-windows-ix86+x86_64 0.3.11 10.00 81.00 91.00 OK
r-release-osx-x86_64 0.3.11 NOTE
r-oldrel-windows-ix86+x86_64 0.3.11 10.00 64.00 74.00 OK
r-oldrel-osx-x86_64 0.3.11 NOTE

Check Details

Version: 0.3.11
Check: compiled code
Result: NOTE
    File ‘adehabitatMA/libs/adehabitatMA.so’:
     Found no calls to: ‘R_registerRoutines’, ‘R_useDynamicSymbols’
    
    It is good practice to register native routines and to disable symbol
    search.
    
    See ‘Writing portable packages’ in the ‘Writing R Extensions’ manual.
Flavors: r-devel-linux-x86_64-debian-clang, r-devel-linux-x86_64-debian-gcc, r-devel-linux-x86_64-fedora-clang, r-devel-linux-x86_64-fedora-gcc, r-patched-linux-x86_64, r-release-linux-x86_64

Version: 0.3.11
Check: dependencies in R code
Result: NOTE
    Namespace in Imports field not imported from: ‘filehash’
     All declared Imports should be used.
Flavors: r-devel-linux-x86_64-fedora-clang, r-devel-linux-x86_64-fedora-gcc, r-patched-solaris-x86, r-release-osx-x86_64, r-oldrel-osx-x86_64