CRAN Package Check Results for Package adehabitatMA

Last updated on 2016-09-29 00:46:59.

Flavor Version Tinstall Tcheck Ttotal Status Flags
r-devel-linux-x86_64-debian-clang 0.3.11 2.96 31.95 34.92 OK
r-devel-linux-x86_64-debian-gcc 0.3.11 2.75 30.81 33.56 OK
r-devel-linux-x86_64-fedora-clang 0.3.11 62.23 NOTE
r-devel-linux-x86_64-fedora-gcc 0.3.11 56.46 NOTE
r-devel-macos-x86_64-clang 0.3.11 50.04 NOTE
r-devel-windows-ix86+x86_64 0.3.11 9.00 92.00 101.00 OK
r-patched-linux-x86_64 0.3.11 2.69 31.28 33.97 OK
r-patched-solaris-sparc 0.3.11 368.80 NOTE
r-patched-solaris-x86 0.3.11 78.10 NOTE
r-release-linux-x86_64 0.3.11 2.72 30.81 33.53 OK
r-release-osx-x86_64-mavericks 0.3.11 NOTE
r-release-windows-ix86+x86_64 0.3.11 17.00 66.00 83.00 OK
r-oldrel-windows-ix86+x86_64 0.3.11 14.00 107.00 121.00 NOTE

Check Details

Version: 0.3.11
Check: dependencies in R code
Result: NOTE
    Namespace in Imports field not imported from: ‘filehash’
     All declared Imports should be used.
Flavors: r-devel-linux-x86_64-fedora-clang, r-devel-linux-x86_64-fedora-gcc, r-devel-macos-x86_64-clang, r-patched-solaris-sparc, r-patched-solaris-x86, r-release-osx-x86_64-mavericks, r-oldrel-windows-ix86+x86_64