CRAN Package Check Results for Package adehabitatMA

Last updated on 2014-09-02 05:46:27.

Flavor Version Tinstall Tcheck Ttotal Status Flags
r-devel-linux-x86_64-debian-clang 0.3.8 2.00 37.64 39.64 NOTE
r-devel-linux-x86_64-debian-gcc 0.3.8 2.82 36.48 39.30 NOTE
r-devel-linux-x86_64-fedora-clang 0.3.8 86.41 NOTE
r-devel-linux-x86_64-fedora-gcc 0.3.8 81.94 NOTE
r-devel-osx-x86_64-clang 0.3.8 74.04 NOTE
r-devel-windows-ix86+x86_64 0.3.8 8.00 66.00 74.00 NOTE
r-patched-linux-x86_64 0.3.8 2.72 38.61 41.33 OK
r-patched-solaris-sparc 0.3.8 499.50 OK
r-patched-solaris-x86 0.3.8 121.00 OK
r-release-linux-ix86 0.3.8 3.19 49.99 53.18 OK
r-release-linux-x86_64 0.3.8 2.72 39.42 42.14 OK
r-release-osx-x86_64-mavericks 0.3.8 NOTE
r-release-windows-ix86+x86_64 0.3.8 8.00 74.00 82.00 OK
r-oldrel-windows-ix86+x86_64 0.3.8 10.00 69.00 79.00 OK

Check Details

Version: 0.3.8
Check: R code for possible problems
Result: NOTE
    explore: no visible global function definition for ‘tktoplevel’
    explore: no visible global function definition for ‘tkwm.title’
    explore: no visible global function definition for ‘tkrplot’
    explore: no visible global function definition for ‘tktext’
    explore: no visible global function definition for ‘tkscrollbar’
    explore : <anonymous>: no visible global function definition for
     ‘tkyview’
    explore: no visible global function definition for ‘tkconfigure’
    explore : <anonymous>: no visible global function definition for
     ‘tkset’
    explore: no visible global function definition for ‘tkpack’
    explore: no visible global function definition for ‘tcl’
    explore: no visible global function definition for ‘tkcget’
    explore : showz: no visible global function definition for ‘tkrreplot’
    explore : type: no visible global function definition for ‘tkinsert’
    explore : type: no visible global function definition for ‘tksee’
    explore : kb: no visible global function definition for ‘tkdestroy’
    explore: no visible global function definition for ‘tkbind’
    explore: no visible global function definition for ‘tkwait.window’
Flavors: r-devel-linux-x86_64-debian-clang, r-devel-linux-x86_64-debian-gcc, r-devel-linux-x86_64-fedora-clang, r-devel-linux-x86_64-fedora-gcc, r-devel-osx-x86_64-clang, r-devel-windows-ix86+x86_64

Version: 0.3.8
Check: compiled code
Result: NOTE
    File ‘/home/hornik/tmp/R.check/r-devel-clang/Work/build/Packages/adehabitatMA/libs/adehabitatMA.so’:
     Found ‘rand’, possibly from ‘rand’ (C)
     Object: ‘tests.o’
     Found ‘srand’, possibly from ‘srand’ (C)
     Object: ‘tests.o’
    
    Compiled code should not call entry points which might terminate R nor
    write to stdout/stderr instead of to the console, nor the C RNG.
    
    See ‘Writing portable packages’ in the ‘Writing R Extensions’ manual.
Flavor: r-devel-linux-x86_64-debian-clang

Version: 0.3.8
Check: compiled code
Result: NOTE
    File ‘/home/hornik/tmp/R.check/r-devel-gcc/Work/build/Packages/adehabitatMA/libs/adehabitatMA.so’:
     Found ‘rand’, possibly from ‘rand’ (C)
     Object: ‘tests.o’
     Found ‘srand’, possibly from ‘srand’ (C)
     Object: ‘tests.o’
    
    Compiled code should not call entry points which might terminate R nor
    write to stdout/stderr instead of to the console, nor the C RNG.
    
    See ‘Writing portable packages’ in the ‘Writing R Extensions’ manual.
Flavor: r-devel-linux-x86_64-debian-gcc

Version: 0.3.8
Check: compiled code
Result: NOTE
    File ‘/data/gannet/ripley/R/packages/tests-clang/adehabitatMA.Rcheck/adehabitatMA/libs/adehabitatMA.so’:
     Found ‘rand’, possibly from ‘rand’ (C)
     Object: ‘tests.o’
     Found ‘srand’, possibly from ‘srand’ (C)
     Object: ‘tests.o’
    
    Compiled code should not call entry points which might terminate R nor
    write to stdout/stderr instead of to the console, nor the C RNG.
    
    See ‘Writing portable packages’ in the ‘Writing R Extensions’ manual.
Flavor: r-devel-linux-x86_64-fedora-clang

Version: 0.3.8
Check: compiled code
Result: NOTE
    File ‘/data/gannet/ripley/R/packages/tests-devel/adehabitatMA.Rcheck/adehabitatMA/libs/adehabitatMA.so’:
     Found ‘rand’, possibly from ‘rand’ (C)
     Object: ‘tests.o’
     Found ‘srand’, possibly from ‘srand’ (C)
     Object: ‘tests.o’
    
    Compiled code should not call entry points which might terminate R nor
    write to stdout/stderr instead of to the console, nor the C RNG.
    
    See ‘Writing portable packages’ in the ‘Writing R Extensions’ manual.
Flavor: r-devel-linux-x86_64-fedora-gcc

Version: 0.3.8
Check: compiled code
Result: NOTE
    File ‘/Users/ripley/R/packages/tests-devel/adehabitatMA.Rcheck/adehabitatMA/libs/adehabitatMA.so’:
     Found ‘_rand’, possibly from ‘rand’ (C)
     Object: ‘tests.o’
     Found ‘_srand’, possibly from ‘srand’ (C)
     Object: ‘tests.o’
    
    Compiled code should not call entry points which might terminate R nor
    write to stdout/stderr instead of to the console, nor the C RNG.
    
    See ‘Writing portable packages’ in the ‘Writing R Extensions’ manual.
Flavor: r-devel-osx-x86_64-clang

Version: 0.3.8
Check: compiled code
Result: NOTE
    File 'd:/Rcompile/CRANpkg/lib/3.2/adehabitatMA/libs/i386/adehabitatMA.dll':
     Found 'rand', possibly from 'rand' (C)
     Object: 'tests.o'
     Found 'srand', possibly from 'srand' (C)
     Object: 'tests.o'
    File 'd:/Rcompile/CRANpkg/lib/3.2/adehabitatMA/libs/x64/adehabitatMA.dll':
     Found 'rand', possibly from 'rand' (C)
     Object: 'tests.o'
     Found 'srand', possibly from 'srand' (C)
     Object: 'tests.o'
    
    Compiled code should not call entry points which might terminate R nor
    write to stdout/stderr instead of to the console, nor the C RNG.
    
    See 'Writing portable packages' in the 'Writing R Extensions' manual.
Flavor: r-devel-windows-ix86+x86_64

Version: 0.3.8
Check: package dependencies
Result: NOTE
    Package suggested but not available for checking: ‘maptools’
Flavor: r-release-osx-x86_64-mavericks