CRAN Package Check Results for Package adehabitatMA

Last updated on 2016-02-13 23:46:55.

Flavor Version Tinstall Tcheck Ttotal Status Flags
r-devel-linux-x86_64-debian-gcc 0.3.10 2.66 29.74 32.40 OK
r-devel-linux-x86_64-fedora-clang 0.3.10 59.62 OK
r-devel-linux-x86_64-fedora-gcc 0.3.10 55.85 OK
r-devel-osx-x86_64-clang 0.3.10 61.85 OK
r-devel-windows-ix86+x86_64 0.3.10 11.00 88.00 99.00 OK
r-patched-linux-x86_64 0.3.10 2.78 37.18 39.96 OK
r-patched-solaris-sparc 0.3.10 434.90 OK
r-patched-solaris-x86 0.3.10 92.50 OK
r-release-linux-x86_64 0.3.10 2.78 37.27 40.05 OK
r-release-osx-x86_64-mavericks 0.3.10 NOTE
r-release-windows-ix86+x86_64 0.3.10 13.00 103.00 116.00 OK
r-oldrel-windows-ix86+x86_64 0.3.10 14.00 85.00 99.00 OK

Check Details

Version: 0.3.10
Check: dependencies in R code
Result: NOTE
    alloc: invalid block: 0x10992b3a8: 0 0
Flavor: r-release-osx-x86_64-mavericks