CRAN Package Check Results for Package adehabitatMA

Last updated on 2015-08-01 06:47:44.

Flavor Version Tinstall Tcheck Ttotal Status Flags
r-devel-linux-x86_64-debian-clang 0.3.10 2.20 34.44 36.64 OK
r-devel-linux-x86_64-debian-gcc 0.3.10 2.61 33.47 36.08 OK
r-devel-linux-x86_64-fedora-clang 0.3.10 72.50 OK
r-devel-linux-x86_64-fedora-gcc 0.3.10 69.36 OK
r-devel-osx-x86_64-clang 0.3.10 63.09 OK
r-devel-windows-ix86+x86_64 0.3.10 12.00 68.00 80.00 OK
r-patched-linux-x86_64 0.3.10 2.56 34.84 37.40 OK
r-patched-solaris-sparc 0.3.10 431.10 OK
r-patched-solaris-x86 0.3.10 100.80 OK
r-release-linux-x86_64 0.3.10 2.95 35.76 38.71 OK
r-release-osx-x86_64-mavericks 0.3.10 NOTE
r-release-windows-ix86+x86_64 0.3.10 13.00 86.00 99.00 OK
r-oldrel-windows-ix86+x86_64 0.3.10 10.00 80.00 90.00 OK

Check Details

Version: 0.3.10
Check: dependencies in R code
Result: NOTE
    alloc: invalid block: 0x10992b3a8: 0 0
Flavor: r-release-osx-x86_64-mavericks