CRAN Package Check Results for Package adehabitatMA

Last updated on 2016-07-31 04:51:28.

Flavor Version Tinstall Tcheck Ttotal Status Flags
r-devel-linux-x86_64-debian-clang 0.3.10 2.97 30.63 33.60 OK
r-devel-linux-x86_64-debian-gcc 0.3.10 2.63 29.86 32.50 OK
r-devel-linux-x86_64-fedora-clang 0.3.10 60.63 OK
r-devel-linux-x86_64-fedora-gcc 0.3.10 56.58 OK
r-devel-osx-x86_64-clang 0.3.10 49.88 OK
r-devel-windows-ix86+x86_64 0.3.10 10.00 62.00 72.00 OK
r-patched-linux-x86_64 0.3.10 2.65 29.60 32.24 OK
r-patched-solaris-sparc 0.3.10 368.40 OK
r-patched-solaris-x86 0.3.10 76.90 OK
r-release-linux-x86_64 0.3.10 3.16 37.25 40.42 OK
r-release-osx-x86_64-mavericks 0.3.10 NOTE
r-release-windows-ix86+x86_64 0.3.10 12.00 90.00 102.00 OK
r-oldrel-windows-ix86+x86_64 0.3.10 17.00 118.00 135.00 OK

Check Details

Version: 0.3.10
Check: dependencies in R code
Result: NOTE
    Invalid MIT-MAGIC-COOKIE-1 keyInvalid MIT-MAGIC-COOKIE-1 key
Flavor: r-release-osx-x86_64-mavericks