CRAN Package Check Results for Package adehabitatMA

Last updated on 2018-02-20 17:47:29 CET.

Flavor Version Tinstall Tcheck Ttotal Status Flags
r-devel-linux-x86_64-debian-clang 0.3.12 6.42 47.72 54.14 OK
r-devel-linux-x86_64-debian-gcc 0.3.12 4.72 36.58 41.30 OK
r-devel-linux-x86_64-fedora-clang 0.3.12 66.29 NOTE
r-devel-linux-x86_64-fedora-gcc 0.3.12 61.55 NOTE
r-devel-windows-ix86+x86_64 0.3.12 12.00 72.00 84.00 OK
r-patched-linux-x86_64 0.3.12 3.99 54.31 58.30 OK
r-patched-solaris-x86 0.3.12 91.30 NOTE
r-release-linux-x86_64 0.3.12 4.04 54.47 58.51 OK
r-release-windows-ix86+x86_64 0.3.12 15.00 109.00 124.00 OK
r-release-osx-x86_64 0.3.12 NOTE
r-oldrel-windows-ix86+x86_64 0.3.12 16.00 94.00 110.00 OK
r-oldrel-osx-x86_64 0.3.12 NOTE

Check Details

Version: 0.3.12
Check: dependencies in R code
Result: NOTE
    Namespace in Imports field not imported from: ‘filehash’
     All declared Imports should be used.
Flavors: r-devel-linux-x86_64-fedora-clang, r-devel-linux-x86_64-fedora-gcc, r-patched-solaris-x86, r-release-osx-x86_64, r-oldrel-osx-x86_64