CRAN Package Check Results for Package adehabitatMA

Last updated on 2016-05-31 17:51:25.

Flavor Version Tinstall Tcheck Ttotal Status Flags
r-devel-linux-x86_64-debian-gcc 0.3.10 2.91 30.98 33.89 OK
r-devel-linux-x86_64-fedora-clang 0.3.10 62.58 OK
r-devel-linux-x86_64-fedora-gcc 0.3.10 57.25 OK
r-devel-osx-x86_64-clang 0.3.10 65.39 OK
r-devel-windows-ix86+x86_64 0.3.10 10.00 70.00 80.00 OK
r-patched-linux-x86_64 0.3.10 3.48 32.31 35.78 OK
r-patched-solaris-sparc 0.3.10 369.70 OK
r-patched-solaris-x86 0.3.10 80.40 OK
r-release-linux-x86_64 0.3.10 2.59 31.25 33.84 OK
r-release-osx-x86_64-mavericks 0.3.10 NOTE
r-release-windows-ix86+x86_64 0.3.10 12.00 73.00 85.00 OK
r-oldrel-windows-ix86+x86_64 0.3.10 8.00 78.00 86.00 OK

Check Details

Version: 0.3.10
Check: dependencies in R code
Result: NOTE
    Invalid MIT-MAGIC-COOKIE-1 keyInvalid MIT-MAGIC-COOKIE-1 key
Flavor: r-release-osx-x86_64-mavericks