CRAN Package Check Results for Package adehabitatMA

Last updated on 2017-11-24 20:50:20 CET.

Flavor Version Tinstall Tcheck Ttotal Status Flags
r-devel-linux-x86_64-debian-clang 0.3.11 3.96 85.78 89.74 NOTE
r-devel-linux-x86_64-debian-gcc 0.3.11 3.40 74.21 77.61 NOTE
r-devel-linux-x86_64-fedora-clang 0.3.11 60.78 NOTE
r-devel-linux-x86_64-fedora-gcc 0.3.11 57.81 NOTE
r-devel-windows-ix86+x86_64 0.3.11 9.00 72.00 81.00 OK
r-patched-linux-x86_64 0.3.11 4.69 87.37 92.06 NOTE
r-patched-solaris-x86 0.3.11 93.00 NOTE
r-release-linux-x86_64 0.3.11 4.22 94.41 98.63 NOTE
r-release-windows-ix86+x86_64 0.3.11 10.00 80.00 90.00 OK
r-release-osx-x86_64 0.3.11 NOTE
r-oldrel-windows-ix86+x86_64 0.3.11 9.00 112.00 121.00 OK
r-oldrel-osx-x86_64 0.3.11 NOTE

Check Details

Version: 0.3.11
Check: compiled code
Result: NOTE
    File ‘adehabitatMA/libs/adehabitatMA.so’:
     Found no calls to: ‘R_registerRoutines’, ‘R_useDynamicSymbols’
    
    It is good practice to register native routines and to disable symbol
    search.
    
    See ‘Writing portable packages’ in the ‘Writing R Extensions’ manual.
Flavors: r-devel-linux-x86_64-debian-clang, r-devel-linux-x86_64-debian-gcc, r-devel-linux-x86_64-fedora-clang, r-devel-linux-x86_64-fedora-gcc, r-patched-linux-x86_64, r-release-linux-x86_64

Version: 0.3.11
Check: dependencies in R code
Result: NOTE
    Namespace in Imports field not imported from: ‘filehash’
     All declared Imports should be used.
Flavors: r-devel-linux-x86_64-fedora-clang, r-devel-linux-x86_64-fedora-gcc, r-patched-solaris-x86, r-release-osx-x86_64, r-oldrel-osx-x86_64