CRAN Package Check Results for Package adehabitatMA

Last updated on 2015-02-01 11:47:05.

Flavor Version Tinstall Tcheck Ttotal Status Flags
r-devel-linux-x86_64-debian-clang 0.3.8 2.13 35.27 37.40 NOTE
r-devel-linux-x86_64-debian-gcc 0.3.8 2.80 35.73 38.53 NOTE
r-devel-linux-x86_64-fedora-clang 0.3.8 81.42 NOTE
r-devel-linux-x86_64-fedora-gcc 0.3.8 79.82 NOTE
r-devel-osx-x86_64-clang 0.3.8 79.69 NOTE
r-devel-windows-ix86+x86_64 0.3.8 13.00 66.00 79.00 NOTE
r-patched-linux-x86_64 0.3.8 2.98 41.23 44.20 NOTE
r-patched-solaris-sparc 0.3.8 525.80 NOTE
r-patched-solaris-x86 0.3.8 115.00 NOTE
r-release-linux-ix86 0.3.8 3.12 52.01 55.14 NOTE
r-release-linux-x86_64 0.3.8 2.90 38.91 41.80 NOTE
r-release-osx-x86_64-mavericks 0.3.8 NOTE
r-release-windows-ix86+x86_64 0.3.8 9.00 75.00 84.00 NOTE
r-oldrel-windows-ix86+x86_64 0.3.8 10.00 74.00 84.00 OK

Check Details

Version: 0.3.8
Check: dependencies in R code
Result: NOTE
    'library' or 'require' call to ‘tkrplot’ in package code.
     Please use :: or requireNamespace() instead.
     See section 'Suggested packages' in the 'Writing R Extensions' manual.
Flavors: r-devel-linux-x86_64-debian-clang, r-devel-linux-x86_64-debian-gcc, r-devel-linux-x86_64-fedora-clang, r-devel-linux-x86_64-fedora-gcc, r-devel-osx-x86_64-clang, r-devel-windows-ix86+x86_64

Version: 0.3.8
Check: R code for possible problems
Result: NOTE
    explore: no visible global function definition for ‘tktoplevel’
    explore: no visible global function definition for ‘tkwm.title’
    explore: no visible global function definition for ‘tkrplot’
    explore: no visible global function definition for ‘tktext’
    explore: no visible global function definition for ‘tkscrollbar’
    explore : <anonymous>: no visible global function definition for
     ‘tkyview’
    explore: no visible global function definition for ‘tkconfigure’
    explore : <anonymous>: no visible global function definition for
     ‘tkset’
    explore: no visible global function definition for ‘tkpack’
    explore: no visible global function definition for ‘tcl’
    explore: no visible global function definition for ‘tkcget’
    explore : showz: no visible global function definition for ‘tkrreplot’
    explore : type: no visible global function definition for ‘tkinsert’
    explore : type: no visible global function definition for ‘tksee’
    explore : kb: no visible global function definition for ‘tkdestroy’
    explore: no visible global function definition for ‘tkbind’
    explore: no visible global function definition for ‘tkwait.window’
Flavors: r-devel-linux-x86_64-debian-clang, r-devel-linux-x86_64-debian-gcc, r-devel-linux-x86_64-fedora-clang, r-devel-linux-x86_64-fedora-gcc, r-devel-osx-x86_64-clang, r-devel-windows-ix86+x86_64, r-patched-linux-x86_64, r-patched-solaris-sparc, r-patched-solaris-x86, r-release-linux-ix86, r-release-linux-x86_64, r-release-osx-x86_64-mavericks, r-release-windows-ix86+x86_64

Version: 0.3.8
Check: compiled code
Result: NOTE
    File ‘adehabitatMA/libs/adehabitatMA.so’:
     Found ‘rand’, possibly from ‘rand’ (C)
     Object: ‘tests.o’
     Found ‘srand’, possibly from ‘srand’ (C)
     Object: ‘tests.o’
    
    Compiled code should not call entry points which might terminate R nor
    write to stdout/stderr instead of to the console, nor the system RNG.
    
    See ‘Writing portable packages’ in the ‘Writing R Extensions’ manual.
Flavors: r-devel-linux-x86_64-debian-clang, r-devel-linux-x86_64-debian-gcc, r-devel-linux-x86_64-fedora-clang, r-devel-linux-x86_64-fedora-gcc, r-patched-linux-x86_64, r-patched-solaris-sparc, r-patched-solaris-x86

Version: 0.3.8
Check: compiled code
Result: NOTE
    File ‘adehabitatMA/libs/adehabitatMA.so’:
     Found ‘_rand’, possibly from ‘rand’ (C)
     Object: ‘tests.o’
     Found ‘_srand’, possibly from ‘srand’ (C)
     Object: ‘tests.o’
    
    Compiled code should not call entry points which might terminate R nor
    write to stdout/stderr instead of to the console, nor the system RNG.
    
    See ‘Writing portable packages’ in the ‘Writing R Extensions’ manual.
Flavors: r-devel-osx-x86_64-clang, r-release-osx-x86_64-mavericks

Version: 0.3.8
Check: compiled code
Result: NOTE
    File 'adehabitatMA/libs/i386/adehabitatMA.dll':
     Found 'rand', possibly from 'rand' (C)
     Object: 'tests.o'
     Found 'srand', possibly from 'srand' (C)
     Object: 'tests.o'
    File 'adehabitatMA/libs/x64/adehabitatMA.dll':
     Found 'rand', possibly from 'rand' (C)
     Object: 'tests.o'
     Found 'srand', possibly from 'srand' (C)
     Object: 'tests.o'
    
    Compiled code should not call entry points which might terminate R nor
    write to stdout/stderr instead of to the console, nor the system RNG.
    
    See 'Writing portable packages' in the 'Writing R Extensions' manual.
Flavor: r-devel-windows-ix86+x86_64

Version: 0.3.8
Check: compiled code
Result: NOTE
    File ‘adehabitatMA/libs/adehabitatMA.so’:
     Found ‘rand’, possibly from ‘rand’ (C)
     Object: ‘tests.o’
     Found ‘srand’, possibly from ‘srand’ (C)
     Object: ‘tests.o’
    
    Compiled code should not call entry points which might terminate R nor
    write to stdout/stderr instead of to the console, nor the C RNG.
    
    See ‘Writing portable packages’ in the ‘Writing R Extensions’ manual.
Flavors: r-release-linux-ix86, r-release-linux-x86_64

Version: 0.3.8
Check: compiled code
Result: NOTE
    File 'adehabitatMA/libs/i386/adehabitatMA.dll':
     Found 'rand', possibly from 'rand' (C)
     Object: 'tests.o'
     Found 'srand', possibly from 'srand' (C)
     Object: 'tests.o'
    File 'adehabitatMA/libs/x64/adehabitatMA.dll':
     Found 'rand', possibly from 'rand' (C)
     Object: 'tests.o'
     Found 'srand', possibly from 'srand' (C)
     Object: 'tests.o'
    
    Compiled code should not call entry points which might terminate R nor
    write to stdout/stderr instead of to the console, nor the C RNG.
    
    See 'Writing portable packages' in the 'Writing R Extensions' manual.
Flavor: r-release-windows-ix86+x86_64