CRAN Package Check Results for Package adehabitatMA

Last updated on 2016-08-24 02:48:16.

Flavor Version Tinstall Tcheck Ttotal Status Flags
r-devel-linux-x86_64-debian-clang 0.3.10 2.93 31.04 33.97 OK
r-devel-linux-x86_64-debian-gcc 0.3.10 2.78 29.68 32.46 OK
r-devel-linux-x86_64-fedora-clang 0.3.10 62.15 OK
r-devel-linux-x86_64-fedora-gcc 0.3.10 56.35 OK
r-devel-osx-x86_64-clang 0.3.10 49.76 OK
r-devel-windows-ix86+x86_64 0.3.10 13.00 97.00 110.00 OK
r-patched-linux-x86_64 0.3.10 2.58 29.71 32.29 OK
r-patched-solaris-sparc 0.3.10 368.40 OK
r-patched-solaris-x86 0.3.10 77.00 OK
r-release-linux-x86_64 0.3.10 2.75 30.02 32.76 OK
r-release-osx-x86_64-mavericks 0.3.10 NOTE
r-release-windows-ix86+x86_64 0.3.10 13.00 99.00 112.00 OK
r-oldrel-windows-ix86+x86_64 0.3.10 15.00 78.00 93.00 OK

Check Details

Version: 0.3.10
Check: dependencies in R code
Result: NOTE
    Invalid MIT-MAGIC-COOKIE-1 keyInvalid MIT-MAGIC-COOKIE-1 key
Flavor: r-release-osx-x86_64-mavericks