CRAN Package Check Results for Package adehabitatMA

Last updated on 2017-05-27 01:46:38.

Flavor Version Tinstall Tcheck Ttotal Status Flags
r-devel-linux-x86_64-debian-clang 0.3.11 3.32 37.47 40.79 NOTE
r-devel-linux-x86_64-debian-gcc 0.3.11 3.26 35.39 38.65 NOTE
r-devel-linux-x86_64-fedora-clang 0.3.11 70.99 NOTE
r-devel-linux-x86_64-fedora-gcc 0.3.11 66.20 NOTE
r-devel-windows-ix86+x86_64 0.3.11 11.00 114.00 125.00 OK
r-patched-linux-x86_64 0.3.11 3.16 37.45 40.62 NOTE
r-patched-solaris-sparc 0.3.11 421.30 NOTE
r-patched-solaris-x86 0.3.11 90.40 NOTE
r-release-linux-x86_64 0.3.11 2.80 34.31 37.11 NOTE
r-release-windows-ix86+x86_64 0.3.11 9.00 82.00 91.00 OK
r-release-osx-x86_64 0.3.11 NOTE
r-oldrel-windows-ix86+x86_64 0.3.11 12.00 72.00 84.00 OK
r-oldrel-osx-x86_64 0.3.11 NOTE

Check Details

Version: 0.3.11
Check: compiled code
Result: NOTE
    File ‘adehabitatMA/libs/adehabitatMA.so’:
     Found no calls to: ‘R_registerRoutines’, ‘R_useDynamicSymbols’
    
    It is good practice to register native routines and to disable symbol
    search.
    
    See ‘Writing portable packages’ in the ‘Writing R Extensions’ manual.
Flavors: r-devel-linux-x86_64-debian-clang, r-devel-linux-x86_64-debian-gcc, r-devel-linux-x86_64-fedora-clang, r-devel-linux-x86_64-fedora-gcc, r-patched-linux-x86_64, r-release-linux-x86_64

Version: 0.3.11
Check: dependencies in R code
Result: NOTE
    Namespace in Imports field not imported from: ‘filehash’
     All declared Imports should be used.
Flavors: r-devel-linux-x86_64-fedora-clang, r-devel-linux-x86_64-fedora-gcc, r-patched-solaris-sparc, r-patched-solaris-x86, r-release-osx-x86_64, r-oldrel-osx-x86_64