CRAN Package Check Results for Package adehabitatMA

Last updated on 2014-12-22 03:48:49.

Flavor Version Tinstall Tcheck Ttotal Status Flags
r-devel-linux-x86_64-debian-clang 0.3.8 2.23 37.74 39.97 NOTE
r-devel-linux-x86_64-debian-gcc 0.3.8 2.77 37.31 40.08 NOTE
r-devel-linux-x86_64-fedora-clang 0.3.8 85.94 NOTE
r-devel-linux-x86_64-fedora-gcc 0.3.8 81.68 NOTE
r-devel-osx-x86_64-clang 0.3.8 75.62 NOTE
r-devel-windows-ix86+x86_64 0.3.8 9.00 69.00 78.00 NOTE
r-patched-linux-x86_64 0.3.8 2.97 38.48 41.45 NOTE
r-patched-solaris-sparc 0.3.8 511.10 NOTE
r-patched-solaris-x86 0.3.8 114.90 NOTE
r-release-linux-ix86 0.3.8 3.07 48.26 51.33 NOTE
r-release-linux-x86_64 0.3.8 2.74 38.77 41.51 NOTE
r-release-osx-x86_64-mavericks 0.3.8 NOTE
r-release-windows-ix86+x86_64 0.3.8 9.00 70.00 79.00 NOTE
r-oldrel-windows-ix86+x86_64 0.3.8 10.00 71.00 81.00 OK

Check Details

Version: 0.3.8
Check: R code for possible problems
Result: NOTE
    explore: no visible global function definition for ‘tktoplevel’
    explore: no visible global function definition for ‘tkwm.title’
    explore: no visible global function definition for ‘tkrplot’
    explore: no visible global function definition for ‘tktext’
    explore: no visible global function definition for ‘tkscrollbar’
    explore : <anonymous>: no visible global function definition for
     ‘tkyview’
    explore: no visible global function definition for ‘tkconfigure’
    explore : <anonymous>: no visible global function definition for
     ‘tkset’
    explore: no visible global function definition for ‘tkpack’
    explore: no visible global function definition for ‘tcl’
    explore: no visible global function definition for ‘tkcget’
    explore : showz: no visible global function definition for ‘tkrreplot’
    explore : type: no visible global function definition for ‘tkinsert’
    explore : type: no visible global function definition for ‘tksee’
    explore : kb: no visible global function definition for ‘tkdestroy’
    explore: no visible global function definition for ‘tkbind’
    explore: no visible global function definition for ‘tkwait.window’
Flavors: r-devel-linux-x86_64-debian-clang, r-devel-linux-x86_64-debian-gcc, r-devel-linux-x86_64-fedora-clang, r-devel-linux-x86_64-fedora-gcc, r-devel-osx-x86_64-clang, r-devel-windows-ix86+x86_64, r-patched-linux-x86_64, r-patched-solaris-sparc, r-patched-solaris-x86, r-release-linux-ix86, r-release-linux-x86_64, r-release-windows-ix86+x86_64

Version: 0.3.8
Check: compiled code
Result: NOTE
    File ‘adehabitatMA/libs/adehabitatMA.so’:
     Found ‘rand’, possibly from ‘rand’ (C)
     Object: ‘tests.o’
     Found ‘srand’, possibly from ‘srand’ (C)
     Object: ‘tests.o’
    
    Compiled code should not call entry points which might terminate R nor
    write to stdout/stderr instead of to the console, nor the system RNG.
    
    See ‘Writing portable packages’ in the ‘Writing R Extensions’ manual.
Flavors: r-devel-linux-x86_64-debian-clang, r-devel-linux-x86_64-debian-gcc, r-devel-linux-x86_64-fedora-clang, r-devel-linux-x86_64-fedora-gcc, r-patched-linux-x86_64, r-patched-solaris-sparc, r-patched-solaris-x86

Version: 0.3.8
Check: compiled code
Result: NOTE
    File ‘adehabitatMA/libs/adehabitatMA.so’:
     Found ‘_rand’, possibly from ‘rand’ (C)
     Object: ‘tests.o’
     Found ‘_srand’, possibly from ‘srand’ (C)
     Object: ‘tests.o’
    
    Compiled code should not call entry points which might terminate R nor
    write to stdout/stderr instead of to the console, nor the system RNG.
    
    See ‘Writing portable packages’ in the ‘Writing R Extensions’ manual.
Flavor: r-devel-osx-x86_64-clang

Version: 0.3.8
Check: compiled code
Result: NOTE
    File 'adehabitatMA/libs/i386/adehabitatMA.dll':
     Found 'rand', possibly from 'rand' (C)
     Object: 'tests.o'
     Found 'srand', possibly from 'srand' (C)
     Object: 'tests.o'
    File 'adehabitatMA/libs/x64/adehabitatMA.dll':
     Found 'rand', possibly from 'rand' (C)
     Object: 'tests.o'
     Found 'srand', possibly from 'srand' (C)
     Object: 'tests.o'
    
    Compiled code should not call entry points which might terminate R nor
    write to stdout/stderr instead of to the console, nor the system RNG.
    
    See 'Writing portable packages' in the 'Writing R Extensions' manual.
Flavor: r-devel-windows-ix86+x86_64

Version: 0.3.8
Check: compiled code
Result: NOTE
    File ‘adehabitatMA/libs/adehabitatMA.so’:
     Found ‘rand’, possibly from ‘rand’ (C)
     Object: ‘tests.o’
     Found ‘srand’, possibly from ‘srand’ (C)
     Object: ‘tests.o’
    
    Compiled code should not call entry points which might terminate R nor
    write to stdout/stderr instead of to the console, nor the C RNG.
    
    See ‘Writing portable packages’ in the ‘Writing R Extensions’ manual.
Flavors: r-release-linux-ix86, r-release-linux-x86_64

Version: 0.3.8
Check: package dependencies
Result: NOTE
    Package suggested but not available for checking: ‘maptools’
Flavor: r-release-osx-x86_64-mavericks

Version: 0.3.8
Check: compiled code
Result: NOTE
    File 'adehabitatMA/libs/i386/adehabitatMA.dll':
     Found 'rand', possibly from 'rand' (C)
     Object: 'tests.o'
     Found 'srand', possibly from 'srand' (C)
     Object: 'tests.o'
    File 'adehabitatMA/libs/x64/adehabitatMA.dll':
     Found 'rand', possibly from 'rand' (C)
     Object: 'tests.o'
     Found 'srand', possibly from 'srand' (C)
     Object: 'tests.o'
    
    Compiled code should not call entry points which might terminate R nor
    write to stdout/stderr instead of to the console, nor the C RNG.
    
    See 'Writing portable packages' in the 'Writing R Extensions' manual.
Flavor: r-release-windows-ix86+x86_64