CRAN Package Check Results for Package adephylo

Last updated on 2017-12-15 04:47:05 CET.

Flavor Version Tinstall Tcheck Ttotal Status Flags
r-devel-linux-x86_64-debian-clang 1.1-10 10.61 85.35 95.96 FAIL
r-devel-linux-x86_64-debian-gcc 1.1-10 9.16 101.69 110.85 NOTE
r-devel-linux-x86_64-fedora-clang 1.1-10 177.50 NOTE
r-devel-linux-x86_64-fedora-gcc 1.1-10 173.68 NOTE
r-devel-windows-ix86+x86_64 1.1-10 27.00 190.00 217.00 OK
r-patched-linux-x86_64 1.1-10 10.66 140.44 151.10 NOTE
r-patched-solaris-x86 1.1-10 263.60 OK
r-release-linux-x86_64 1.1-10 10.91 137.74 148.65 NOTE
r-release-windows-ix86+x86_64 1.1-10 29.00 196.00 225.00 OK
r-release-osx-x86_64 1.1-10 OK
r-oldrel-windows-ix86+x86_64 1.1-10 61.00 263.00 324.00 OK
r-oldrel-osx-x86_64 1.1-10 OK

Check Details

Version: 1.1-10
Check: pragmas in C/C++ headers and code
Result: FAIL
    
Flavor: r-devel-linux-x86_64-debian-clang

Version: 1.1-10
Check: compiled code
Result: NOTE
    File ‘adephylo/libs/adephylo.so’:
     Found no calls to: ‘R_registerRoutines’, ‘R_useDynamicSymbols’
    
    It is good practice to register native routines and to disable symbol
    search.
    
    See ‘Writing portable packages’ in the ‘Writing R Extensions’ manual.
Flavors: r-devel-linux-x86_64-debian-gcc, r-devel-linux-x86_64-fedora-clang, r-devel-linux-x86_64-fedora-gcc, r-patched-linux-x86_64, r-release-linux-x86_64