CRAN Package Check Results for Package adephylo

Last updated on 2014-10-20 23:46:56.

Flavor Version Tinstall Tcheck Ttotal Status Flags
r-devel-linux-x86_64-debian-clang 1.1-6 5.16 60.57 65.74 NOTE
r-devel-linux-x86_64-debian-gcc 1.1-6 5.52 62.13 67.65 NOTE
r-devel-linux-x86_64-fedora-clang 1.1-6 140.23 NOTE
r-devel-linux-x86_64-fedora-gcc 1.1-6 135.20 NOTE
r-devel-osx-x86_64-clang 1.1-6 121.62 NOTE
r-devel-windows-ix86+x86_64 1.1-6 20.00 129.00 149.00 NOTE
r-patched-linux-x86_64 1.1-6 5.64 62.85 68.49 NOTE
r-patched-solaris-sparc 1.1-6 797.30 NOTE
r-patched-solaris-x86 1.1-6 181.00 NOTE
r-release-linux-ix86 1.1-6 6.76 74.99 81.75 OK
r-release-linux-x86_64 1.1-6 5.90 62.66 68.56 OK
r-release-osx-x86_64-mavericks 1.1-6 OK
r-release-osx-x86_64-snowleopard 1.1-6 OK
r-release-windows-ix86+x86_64 1.1-6 21.00 140.00 161.00 OK
r-oldrel-windows-ix86+x86_64 1.1-6 20.00 134.00 154.00 OK

Check Details

Version: 1.1-6
Check: compiled code
Result: NOTE
    File ‘adephylo/libs/adephylo.so’:
     Found ‘rand’, possibly from ‘rand’ (C)
     Object: ‘adesub.o’
     Found ‘srand’, possibly from ‘srand’ (C)
     Object: ‘adesub.o’
    
    Compiled code should not call entry points which might terminate R nor
    write to stdout/stderr instead of to the console, nor the C RNG.
    
    See ‘Writing portable packages’ in the ‘Writing R Extensions’ manual.
Flavors: r-devel-linux-x86_64-debian-clang, r-devel-linux-x86_64-debian-gcc, r-devel-linux-x86_64-fedora-clang, r-devel-linux-x86_64-fedora-gcc, r-patched-linux-x86_64, r-patched-solaris-sparc, r-patched-solaris-x86

Version: 1.1-6
Check: compiled code
Result: NOTE
    File ‘adephylo/libs/adephylo.so’:
     Found ‘_rand’, possibly from ‘rand’ (C)
     Object: ‘adesub.o’
     Found ‘_srand’, possibly from ‘srand’ (C)
     Object: ‘adesub.o’
    
    Compiled code should not call entry points which might terminate R nor
    write to stdout/stderr instead of to the console, nor the C RNG.
    
    See ‘Writing portable packages’ in the ‘Writing R Extensions’ manual.
Flavor: r-devel-osx-x86_64-clang

Version: 1.1-6
Check: compiled code
Result: NOTE
    File 'adephylo/libs/i386/adephylo.dll':
     Found 'rand', possibly from 'rand' (C)
     Object: 'adesub.o'
     Found 'srand', possibly from 'srand' (C)
     Object: 'adesub.o'
    File 'adephylo/libs/x64/adephylo.dll':
     Found 'rand', possibly from 'rand' (C)
     Object: 'adesub.o'
     Found 'srand', possibly from 'srand' (C)
     Object: 'adesub.o'
    
    Compiled code should not call entry points which might terminate R nor
    write to stdout/stderr instead of to the console, nor the C RNG.
    
    See 'Writing portable packages' in the 'Writing R Extensions' manual.
Flavor: r-devel-windows-ix86+x86_64