CRAN Package Check Results for Package adephylo

Last updated on 2014-09-02 20:48:43.

Flavor Version Tinstall Tcheck Ttotal Status Flags
r-devel-linux-x86_64-debian-clang 1.1-6 5.19 59.26 64.45 NOTE
r-devel-linux-x86_64-debian-gcc 1.1-6 5.63 58.36 63.99 NOTE
r-devel-linux-x86_64-fedora-clang 1.1-6 143.47 NOTE
r-devel-linux-x86_64-fedora-gcc 1.1-6 136.12 NOTE
r-devel-osx-x86_64-clang 1.1-6 114.91 NOTE
r-devel-windows-ix86+x86_64 1.1-6 23.00 132.00 155.00 NOTE
r-patched-linux-x86_64 1.1-6 5.82 61.84 67.66 OK
r-patched-solaris-sparc 1.1-6 798.50 OK
r-patched-solaris-x86 1.1-6 187.30 OK
r-release-linux-ix86 1.1-6 6.98 76.38 83.37 OK
r-release-linux-x86_64 1.1-6 6.29 62.78 69.07 OK
r-release-osx-x86_64-mavericks 1.1-6 OK
r-release-osx-x86_64-snowleopard 1.1-6 OK
r-release-windows-ix86+x86_64 1.1-6 21.00 140.00 161.00 OK
r-oldrel-windows-ix86+x86_64 1.1-6 22.00 139.00 161.00 OK

Check Details

Version: 1.1-6
Check: compiled code
Result: NOTE
    File ‘/home/hornik/tmp/R.check/r-devel-clang/Work/build/Packages/adephylo/libs/adephylo.so’:
     Found ‘rand’, possibly from ‘rand’ (C)
     Object: ‘adesub.o’
     Found ‘srand’, possibly from ‘srand’ (C)
     Object: ‘adesub.o’
    
    Compiled code should not call entry points which might terminate R nor
    write to stdout/stderr instead of to the console, nor the C RNG.
    
    See ‘Writing portable packages’ in the ‘Writing R Extensions’ manual.
Flavor: r-devel-linux-x86_64-debian-clang

Version: 1.1-6
Check: compiled code
Result: NOTE
    File ‘/home/hornik/tmp/R.check/r-devel-gcc/Work/build/Packages/adephylo/libs/adephylo.so’:
     Found ‘rand’, possibly from ‘rand’ (C)
     Object: ‘adesub.o’
     Found ‘srand’, possibly from ‘srand’ (C)
     Object: ‘adesub.o’
    
    Compiled code should not call entry points which might terminate R nor
    write to stdout/stderr instead of to the console, nor the C RNG.
    
    See ‘Writing portable packages’ in the ‘Writing R Extensions’ manual.
Flavor: r-devel-linux-x86_64-debian-gcc

Version: 1.1-6
Check: compiled code
Result: NOTE
    File ‘/data/gannet/ripley/R/packages/tests-clang/adephylo.Rcheck/adephylo/libs/adephylo.so’:
     Found ‘rand’, possibly from ‘rand’ (C)
     Object: ‘adesub.o’
     Found ‘srand’, possibly from ‘srand’ (C)
     Object: ‘adesub.o’
    
    Compiled code should not call entry points which might terminate R nor
    write to stdout/stderr instead of to the console, nor the C RNG.
    
    See ‘Writing portable packages’ in the ‘Writing R Extensions’ manual.
Flavor: r-devel-linux-x86_64-fedora-clang

Version: 1.1-6
Check: compiled code
Result: NOTE
    File ‘/data/gannet/ripley/R/packages/tests-devel/adephylo.Rcheck/adephylo/libs/adephylo.so’:
     Found ‘rand’, possibly from ‘rand’ (C)
     Object: ‘adesub.o’
     Found ‘srand’, possibly from ‘srand’ (C)
     Object: ‘adesub.o’
    
    Compiled code should not call entry points which might terminate R nor
    write to stdout/stderr instead of to the console, nor the C RNG.
    
    See ‘Writing portable packages’ in the ‘Writing R Extensions’ manual.
Flavor: r-devel-linux-x86_64-fedora-gcc

Version: 1.1-6
Check: compiled code
Result: NOTE
    File ‘/Users/ripley/R/packages/tests-devel/adephylo.Rcheck/adephylo/libs/adephylo.so’:
     Found ‘_rand’, possibly from ‘rand’ (C)
     Object: ‘adesub.o’
     Found ‘_srand’, possibly from ‘srand’ (C)
     Object: ‘adesub.o’
    
    Compiled code should not call entry points which might terminate R nor
    write to stdout/stderr instead of to the console, nor the C RNG.
    
    See ‘Writing portable packages’ in the ‘Writing R Extensions’ manual.
Flavor: r-devel-osx-x86_64-clang

Version: 1.1-6
Check: compiled code
Result: NOTE
    File 'd:/Rcompile/CRANpkg/lib/3.2/adephylo/libs/i386/adephylo.dll':
     Found 'rand', possibly from 'rand' (C)
     Object: 'adesub.o'
     Found 'srand', possibly from 'srand' (C)
     Object: 'adesub.o'
    File 'd:/Rcompile/CRANpkg/lib/3.2/adephylo/libs/x64/adephylo.dll':
     Found 'rand', possibly from 'rand' (C)
     Object: 'adesub.o'
     Found 'srand', possibly from 'srand' (C)
     Object: 'adesub.o'
    
    Compiled code should not call entry points which might terminate R nor
    write to stdout/stderr instead of to the console, nor the C RNG.
    
    See 'Writing portable packages' in the 'Writing R Extensions' manual.
Flavor: r-devel-windows-ix86+x86_64