CRAN Package Check Results for Package adephylo

Last updated on 2014-12-18 11:50:00.

Flavor Version Tinstall Tcheck Ttotal Status Flags
r-devel-linux-x86_64-debian-clang 1.1-6 5.24 60.62 65.86 NOTE
r-devel-linux-x86_64-debian-gcc 1.1-6 5.52 58.80 64.31 NOTE
r-devel-linux-x86_64-fedora-clang 1.1-6 140.70 NOTE
r-devel-linux-x86_64-fedora-gcc 1.1-6 131.39 NOTE
r-devel-osx-x86_64-clang 1.1-6 121.39 NOTE
r-devel-windows-ix86+x86_64 1.1-6 20.00 122.00 142.00 NOTE
r-patched-linux-x86_64 1.1-6 5.88 63.84 69.72 NOTE
r-patched-solaris-sparc 1.1-6 822.40 NOTE
r-patched-solaris-x86 1.1-6 181.80 NOTE
r-release-linux-ix86 1.1-6 6.38 73.58 79.96 NOTE
r-release-linux-x86_64 1.1-6 5.83 63.88 69.71 NOTE
r-release-osx-x86_64-mavericks 1.1-6 OK
r-release-osx-x86_64-snowleopard 1.1-6 OK
r-release-windows-ix86+x86_64 1.1-6 20.00 138.00 158.00 NOTE
r-oldrel-windows-ix86+x86_64 1.1-6 22.00 144.00 166.00 OK

Check Details

Version: 1.1-6
Check: compiled code
Result: NOTE
    File ‘adephylo/libs/adephylo.so’:
     Found ‘rand’, possibly from ‘rand’ (C)
     Object: ‘adesub.o’
     Found ‘srand’, possibly from ‘srand’ (C)
     Object: ‘adesub.o’
    
    Compiled code should not call entry points which might terminate R nor
    write to stdout/stderr instead of to the console, nor the system RNG.
    
    See ‘Writing portable packages’ in the ‘Writing R Extensions’ manual.
Flavors: r-devel-linux-x86_64-debian-clang, r-devel-linux-x86_64-debian-gcc, r-devel-linux-x86_64-fedora-clang, r-devel-linux-x86_64-fedora-gcc, r-patched-linux-x86_64, r-patched-solaris-sparc, r-patched-solaris-x86

Version: 1.1-6
Check: compiled code
Result: NOTE
    File ‘adephylo/libs/adephylo.so’:
     Found ‘_rand’, possibly from ‘rand’ (C)
     Object: ‘adesub.o’
     Found ‘_srand’, possibly from ‘srand’ (C)
     Object: ‘adesub.o’
    
    Compiled code should not call entry points which might terminate R nor
    write to stdout/stderr instead of to the console, nor the system RNG.
    
    See ‘Writing portable packages’ in the ‘Writing R Extensions’ manual.
Flavor: r-devel-osx-x86_64-clang

Version: 1.1-6
Check: compiled code
Result: NOTE
    File 'adephylo/libs/i386/adephylo.dll':
     Found 'rand', possibly from 'rand' (C)
     Object: 'adesub.o'
     Found 'srand', possibly from 'srand' (C)
     Object: 'adesub.o'
    File 'adephylo/libs/x64/adephylo.dll':
     Found 'rand', possibly from 'rand' (C)
     Object: 'adesub.o'
     Found 'srand', possibly from 'srand' (C)
     Object: 'adesub.o'
    
    Compiled code should not call entry points which might terminate R nor
    write to stdout/stderr instead of to the console, nor the system RNG.
    
    See 'Writing portable packages' in the 'Writing R Extensions' manual.
Flavor: r-devel-windows-ix86+x86_64

Version: 1.1-6
Check: compiled code
Result: NOTE
    File ‘adephylo/libs/adephylo.so’:
     Found ‘rand’, possibly from ‘rand’ (C)
     Object: ‘adesub.o’
     Found ‘srand’, possibly from ‘srand’ (C)
     Object: ‘adesub.o’
    
    Compiled code should not call entry points which might terminate R nor
    write to stdout/stderr instead of to the console, nor the C RNG.
    
    See ‘Writing portable packages’ in the ‘Writing R Extensions’ manual.
Flavors: r-release-linux-ix86, r-release-linux-x86_64

Version: 1.1-6
Check: compiled code
Result: NOTE
    File 'adephylo/libs/i386/adephylo.dll':
     Found 'rand', possibly from 'rand' (C)
     Object: 'adesub.o'
     Found 'srand', possibly from 'srand' (C)
     Object: 'adesub.o'
    File 'adephylo/libs/x64/adephylo.dll':
     Found 'rand', possibly from 'rand' (C)
     Object: 'adesub.o'
     Found 'srand', possibly from 'srand' (C)
     Object: 'adesub.o'
    
    Compiled code should not call entry points which might terminate R nor
    write to stdout/stderr instead of to the console, nor the C RNG.
    
    See 'Writing portable packages' in the 'Writing R Extensions' manual.
Flavor: r-release-windows-ix86+x86_64