CRAN Package Check Results for Package adephylo

Last updated on 2014-04-21 09:47:56.

Flavor Version Tinstall Tcheck Ttotal Status Flags
r-devel-linux-x86_64-debian-clang 1.1-6 5.49 67.95 73.44 OK
r-devel-linux-x86_64-debian-gcc 1.1-6 6.22 66.56 72.77 NOTE
r-devel-linux-x86_64-fedora-clang 1.1-6 134.52 OK
r-devel-linux-x86_64-fedora-gcc 1.1-6 135.42 OK
r-devel-macosx-x86_64-clang 1.1-6 127.42 OK
r-devel-macosx-x86_64-gcc 1.1-6 ERROR
r-devel-windows-ix86+x86_64 1.1-6 19.00 129.00 148.00 OK
r-patched-linux-x86_64 1.1-6 6.26 66.14 72.40 OK
r-patched-solaris-sparc 1.1-6 640.70 OK
r-patched-solaris-x86 1.1-6 183.90 OK
r-release-linux-ix86 OK
r-release-linux-x86_64 1.1-6 6.11 53.53 59.64 OK
r-release-macosx-x86_64 1.1-6 OK
r-release-windows-ix86+x86_64 1.1-6 30.00 141.00 171.00 OK
r-oldrel-windows-ix86+x86_64 1.1-6 25.00 144.00 169.00 OK

Check Details

Version: 1.1-6
Check: re-building of vignette outputs
Result: NOTE
    Warnings in re-building vignettes:
     Warning: file name ‘figs/adephylo-phylo4d’ is not portable
     Warning: file name ‘figs/adephylo-012’ is not portable
     Warning: file name ‘figs/adephylo-016’ is not portable
     Warning: file name ‘figs/adephylo-018’ is not portable
     Warning: file name ‘figs/adephylo-orthobas1’ is not portable
     Warning: file name ‘figs/adephylo-figFourBas’ is not portable
     Warning: file name ‘figs/adephylo-lm1’ is not portable
     Warning: file name ‘figs/adephylo-resid’ is not portable
     Warning: file name ‘figs/adephylo-pca1’ is not portable
     Warning: file name ‘figs/adephylo-pca2’ is not portable
     Warning: file name ‘figs/adephylo-aboutest’ is not portable
     Warning: file name ‘figs/adephylo-loadings’ is not portable
Flavor: r-devel-linux-x86_64-debian-gcc

Version: 1.1-6
Check: package dependencies
Result: ERROR
    Package required but not available: ‘adegenet’
    
    See the information on DESCRIPTION files in the chapter ‘Creating R
    packages’ of the ‘Writing R Extensions’ manual.
Flavor: r-devel-macosx-x86_64-gcc