CRAN Package Check Results for Package adephylo

Last updated on 2017-05-24 22:46:54.

Flavor Version Tinstall Tcheck Ttotal Status Flags
r-devel-linux-x86_64-debian-clang 1.1-10 9.14 84.92 94.06 NOTE
r-devel-linux-x86_64-debian-gcc 1.1-10 7.90 83.67 91.58 NOTE
r-devel-linux-x86_64-fedora-clang 1.1-10 203.26 NOTE --no-stop-on-test-error
r-devel-linux-x86_64-fedora-gcc 1.1-10 195.47 NOTE --no-stop-on-test-error
r-devel-windows-ix86+x86_64 1.1-10 32.00 189.00 221.00 OK
r-patched-linux-x86_64 1.1-10 8.31 85.41 93.72 NOTE
r-patched-solaris-sparc 1.1-10 1134.30 OK
r-patched-solaris-x86 1.1-10 258.60 OK
r-release-linux-x86_64 1.1-10 7.56 86.15 93.72 NOTE
r-release-windows-ix86+x86_64 1.1-10 25.00 280.00 305.00 OK
r-release-osx-x86_64 1.1-10 OK
r-oldrel-windows-ix86+x86_64 1.1-10 46.00 250.00 296.00 OK
r-oldrel-osx-x86_64 1.1-10 OK

Check Details

Version: 1.1-10
Check: compiled code
Result: NOTE
    File ‘adephylo/libs/adephylo.so’:
     Found no calls to: ‘R_registerRoutines’, ‘R_useDynamicSymbols’
    
    It is good practice to register native routines and to disable symbol
    search.
    
    See ‘Writing portable packages’ in the ‘Writing R Extensions’ manual.
Flavors: r-devel-linux-x86_64-debian-clang, r-devel-linux-x86_64-debian-gcc, r-patched-linux-x86_64, r-release-linux-x86_64

Version: 1.1-10
Flags: --no-stop-on-test-error
Check: compiled code
Result: NOTE
    File ‘adephylo/libs/adephylo.so’:
     Found no calls to: ‘R_registerRoutines’, ‘R_useDynamicSymbols’
    
    It is good practice to register native routines and to disable symbol
    search.
    
    See ‘Writing portable packages’ in the ‘Writing R Extensions’ manual.
Flavors: r-devel-linux-x86_64-fedora-clang, r-devel-linux-x86_64-fedora-gcc