CRAN Package Check Results for Package adephylo

Last updated on 2017-08-16 20:47:49.

Flavor Version Tinstall Tcheck Ttotal Status Flags
r-devel-linux-x86_64-debian-clang 1.1-10 8.58 85.50 94.08 NOTE
r-devel-linux-x86_64-debian-gcc 1.1-10 8.06 83.70 91.76 NOTE
r-devel-linux-x86_64-fedora-clang 1.1-10 202.25 NOTE
r-devel-linux-x86_64-fedora-gcc 1.1-10 198.83 NOTE
r-devel-windows-ix86+x86_64 1.1-10 29.00 184.00 213.00 OK
r-patched-linux-x86_64 1.1-10 7.83 85.30 93.13 NOTE
r-patched-solaris-x86 1.1-10 260.60 OK
r-release-linux-x86_64 1.1-10 7.89 85.45 93.34 NOTE
r-release-windows-ix86+x86_64 1.1-10 30.00 340.00 370.00 OK
r-release-osx-x86_64 1.1-10 OK
r-oldrel-windows-ix86+x86_64 1.1-10 28.00 182.00 210.00 OK
r-oldrel-osx-x86_64 1.1-10 OK

Check Details

Version: 1.1-10
Check: compiled code
Result: NOTE
    File ‘adephylo/libs/adephylo.so’:
     Found no calls to: ‘R_registerRoutines’, ‘R_useDynamicSymbols’
    
    It is good practice to register native routines and to disable symbol
    search.
    
    See ‘Writing portable packages’ in the ‘Writing R Extensions’ manual.
Flavors: r-devel-linux-x86_64-debian-clang, r-devel-linux-x86_64-debian-gcc, r-devel-linux-x86_64-fedora-clang, r-devel-linux-x86_64-fedora-gcc, r-patched-linux-x86_64, r-release-linux-x86_64