CRAN Package Check Results for Package adephylo

Last updated on 2017-06-22 19:46:45.

Flavor Version Tinstall Tcheck Ttotal Status Flags
r-devel-linux-x86_64-debian-clang 1.1-10 8.84 85.42 94.26 NOTE
r-devel-linux-x86_64-debian-gcc 1.1-10 7.65 83.94 91.60 NOTE
r-devel-linux-x86_64-fedora-clang 1.1-10 199.97 NOTE
r-devel-linux-x86_64-fedora-gcc 1.1-10 191.52 NOTE
r-devel-windows-ix86+x86_64 1.1-10 44.00 198.00 242.00 OK
r-patched-linux-x86_64 1.1-10 7.71 85.26 92.97 NOTE
r-patched-solaris-sparc 1.1-10 1134.30 OK
r-patched-solaris-x86 1.1-10 256.10 OK
r-release-linux-x86_64 1.1-10 9.14 83.45 92.59 NOTE
r-release-windows-ix86+x86_64 1.1-10 48.00 311.00 359.00 OK
r-release-osx-x86_64 1.1-10 OK
r-oldrel-windows-ix86+x86_64 1.1-10 47.00 180.00 227.00 OK
r-oldrel-osx-x86_64 1.1-10 OK

Check Details

Version: 1.1-10
Check: compiled code
Result: NOTE
    File ‘adephylo/libs/adephylo.so’:
     Found no calls to: ‘R_registerRoutines’, ‘R_useDynamicSymbols’
    
    It is good practice to register native routines and to disable symbol
    search.
    
    See ‘Writing portable packages’ in the ‘Writing R Extensions’ manual.
Flavors: r-devel-linux-x86_64-debian-clang, r-devel-linux-x86_64-debian-gcc, r-devel-linux-x86_64-fedora-clang, r-devel-linux-x86_64-fedora-gcc, r-patched-linux-x86_64, r-release-linux-x86_64