CRAN Package Check Results for Package adephylo

Last updated on 2017-03-29 20:49:11.

Flavor Version Tinstall Tcheck Ttotal Status Flags
r-devel-linux-x86_64-debian-clang 1.1-10 8.87 87.98 96.85 NOTE
r-devel-linux-x86_64-debian-gcc 1.1-10 8.73 84.78 93.51 NOTE
r-devel-linux-x86_64-fedora-clang 1.1-10 201.64 NOTE --no-stop-on-test-error
r-devel-linux-x86_64-fedora-gcc 1.1-10 210.81 NOTE --no-stop-on-test-error
r-devel-macos-x86_64-clang 1.1-10 153.30 NOTE --no-stop-on-test-error
r-devel-windows-ix86+x86_64 1.1-10 24.00 198.00 222.00 OK
r-patched-linux-x86_64 1.1-10 7.96 86.94 94.90 NOTE
r-patched-solaris-sparc 1.1-10 1134.30 OK
r-patched-solaris-x86 1.1-10 261.90 OK
r-release-linux-x86_64 1.1-10 8.05 76.76 84.82 OK
r-release-osx-x86_64-mavericks 1.1-10 OK
r-release-windows-ix86+x86_64 1.1-10 40.00 270.00 310.00 OK
r-oldrel-windows-ix86+x86_64 1.1-10 36.00 456.00 492.00 OK

Check Details

Version: 1.1-10
Check: compiled code
Result: NOTE
    File ‘adephylo/libs/adephylo.so’:
     Found no calls to: ‘R_registerRoutines’, ‘R_useDynamicSymbols’
    
    It is good practice to register native routines and to disable symbol
    search.
    
    See ‘Writing portable packages’ in the ‘Writing R Extensions’ manual.
Flavors: r-devel-linux-x86_64-debian-clang, r-devel-linux-x86_64-debian-gcc, r-patched-linux-x86_64

Version: 1.1-10
Flags: --no-stop-on-test-error
Check: compiled code
Result: NOTE
    File ‘adephylo/libs/adephylo.so’:
     Found no calls to: ‘R_registerRoutines’, ‘R_useDynamicSymbols’
    
    It is good practice to register native routines and to disable symbol
    search.
    
    See ‘Writing portable packages’ in the ‘Writing R Extensions’ manual.
Flavors: r-devel-linux-x86_64-fedora-clang, r-devel-linux-x86_64-fedora-gcc, r-devel-macos-x86_64-clang