CRAN Package Check Results for Package adephylo

Last updated on 2015-05-23 11:51:14.

Flavor Version Tinstall Tcheck Ttotal Status Flags
r-devel-linux-x86_64-debian-clang 1.1-6 4.01 44.62 48.63 NOTE
r-devel-linux-x86_64-debian-gcc 1.1-6 4.02 42.41 46.43 NOTE
r-devel-linux-x86_64-fedora-clang 1.1-6 99.34 NOTE
r-devel-linux-x86_64-fedora-gcc 1.1-6 99.78 NOTE
r-devel-osx-x86_64-clang 1.1-6 88.99 NOTE
r-devel-windows-ix86+x86_64 1.1-6 18.00 85.00 103.00 NOTE
r-patched-linux-x86_64 1.1-6 4.02 43.59 47.61 NOTE
r-patched-solaris-sparc 1.1-6 590.80 NOTE
r-patched-solaris-x86 1.1-6 136.00 NOTE
r-release-linux-x86_64 1.1-6 4.17 44.64 48.80 NOTE
r-release-osx-x86_64-mavericks 1.1-6 NOTE
r-release-osx-x86_64-snowleopard 1.1-6 ERROR
r-release-windows-ix86+x86_64 1.1-6 18.00 93.00 111.00 NOTE
r-oldrel-windows-ix86+x86_64 1.1-6 25.00 148.00 173.00 NOTE

Check Details

Version: 1.1-6
Check: DESCRIPTION meta-information
Result: NOTE
    Malformed Title field: should not end in a period.
Flavors: r-devel-linux-x86_64-debian-clang, r-devel-linux-x86_64-debian-gcc, r-devel-linux-x86_64-fedora-clang, r-devel-linux-x86_64-fedora-gcc, r-devel-osx-x86_64-clang, r-devel-windows-ix86+x86_64, r-patched-linux-x86_64, r-patched-solaris-sparc, r-patched-solaris-x86, r-release-linux-x86_64, r-release-osx-x86_64-mavericks, r-release-windows-ix86+x86_64

Version: 1.1-6
Check: S3 generic/method consistency
Result: NOTE
    Found the following apparent S3 methods exported but not registered:
     dibas.dist dibas.matrix dibas.phylo dibas.vector plot.ppca print.ppca
     scatter.ppca screeplot.ppca summary.ppca
    See section ‘Registering S3 methods’ in the ‘Writing R Extensions’
    manual.
Flavors: r-devel-linux-x86_64-debian-clang, r-devel-linux-x86_64-debian-gcc, r-devel-linux-x86_64-fedora-clang, r-devel-linux-x86_64-fedora-gcc, r-devel-osx-x86_64-clang, r-patched-linux-x86_64, r-patched-solaris-sparc, r-patched-solaris-x86, r-release-linux-x86_64

Version: 1.1-6
Check: compiled code
Result: NOTE
    File ‘adephylo/libs/adephylo.so’:
     Found ‘rand’, possibly from ‘rand’ (C)
     Object: ‘adesub.o’
     Found ‘srand’, possibly from ‘srand’ (C)
     Object: ‘adesub.o’
    
    Compiled code should not call entry points which might terminate R nor
    write to stdout/stderr instead of to the console, nor the system RNG.
    
    See ‘Writing portable packages’ in the ‘Writing R Extensions’ manual.
Flavors: r-devel-linux-x86_64-debian-clang, r-devel-linux-x86_64-debian-gcc, r-devel-linux-x86_64-fedora-clang, r-devel-linux-x86_64-fedora-gcc, r-patched-linux-x86_64, r-patched-solaris-sparc, r-patched-solaris-x86, r-release-linux-x86_64

Version: 1.1-6
Check: compiled code
Result: NOTE
    File ‘adephylo/libs/adephylo.so’:
     Found ‘_rand’, possibly from ‘rand’ (C)
     Object: ‘adesub.o’
     Found ‘_srand’, possibly from ‘srand’ (C)
     Object: ‘adesub.o’
    
    Compiled code should not call entry points which might terminate R nor
    write to stdout/stderr instead of to the console, nor the system RNG.
    
    See ‘Writing portable packages’ in the ‘Writing R Extensions’ manual.
Flavors: r-devel-osx-x86_64-clang, r-release-osx-x86_64-mavericks

Version: 1.1-6
Check: compiled code
Result: NOTE
    File 'adephylo/libs/i386/adephylo.dll':
     Found 'rand', possibly from 'rand' (C)
     Object: 'adesub.o'
     Found 'srand', possibly from 'srand' (C)
     Object: 'adesub.o'
    File 'adephylo/libs/x64/adephylo.dll':
     Found 'rand', possibly from 'rand' (C)
     Object: 'adesub.o'
     Found 'srand', possibly from 'srand' (C)
     Object: 'adesub.o'
    
    Compiled code should not call entry points which might terminate R nor
    write to stdout/stderr instead of to the console, nor the system RNG.
    
    See 'Writing portable packages' in the 'Writing R Extensions' manual.
Flavors: r-devel-windows-ix86+x86_64, r-release-windows-ix86+x86_64, r-oldrel-windows-ix86+x86_64

Version: 1.1-6
Check: package dependencies
Result: ERROR
    Package required but not available: ‘adegenet’
    
    See section ‘The DESCRIPTION file’ in the ‘Writing R Extensions’
    manual.
Flavor: r-release-osx-x86_64-snowleopard