CRAN Package Check Results for Package adephylo

Last updated on 2015-03-31 23:49:25.

Flavor Version Tinstall Tcheck Ttotal Status Flags
r-devel-linux-x86_64-debian-clang 1.1-6 3.64 42.66 46.30 NOTE
r-devel-linux-x86_64-debian-gcc 1.1-6 3.93 43.08 47.01 NOTE
r-devel-linux-x86_64-fedora-clang 1.1-6 99.64 NOTE
r-devel-linux-x86_64-fedora-gcc 1.1-6 93.36 NOTE
r-devel-osx-x86_64-clang 1.1-6 96.15 NOTE
r-prerel-windows-ix86+x86_64 1.1-6 17.00 87.00 104.00 NOTE
r-prerel-linux-x86_64 1.1-6 3.84 41.46 45.30 NOTE
r-prerel-solaris-sparc 1.1-6 637.10 NOTE
r-prerel-solaris-x86 1.1-6 126.10 NOTE
r-release-linux-x86_64 1.1-6 6.34 62.44 68.78 NOTE
r-release-osx-x86_64-mavericks 1.1-6 NOTE
r-release-osx-x86_64-snowleopard 1.1-6 OK
r-release-windows-ix86+x86_64 1.1-6 23.00 140.00 163.00 NOTE
r-oldrel-windows-ix86+x86_64 1.1-6 25.00 147.00 172.00 OK

Check Details

Version: 1.1-6
Check: DESCRIPTION meta-information
Result: NOTE
    Malformed Title field: should not end in a period.
Flavors: r-devel-linux-x86_64-debian-clang, r-devel-linux-x86_64-debian-gcc, r-devel-linux-x86_64-fedora-clang, r-devel-linux-x86_64-fedora-gcc, r-devel-osx-x86_64-clang, r-prerel-windows-ix86+x86_64, r-prerel-linux-x86_64, r-prerel-solaris-sparc, r-prerel-solaris-x86

Version: 1.1-6
Check: S3 generic/method consistency
Result: NOTE
    Found the following apparent S3 methods exported but not registered:
     dibas.dist dibas.matrix dibas.phylo dibas.vector plot.ppca print.ppca
     scatter.ppca screeplot.ppca summary.ppca
    See section ‘Registering S3 methods’ in the ‘Writing R Extensions’
    manual.
Flavors: r-devel-linux-x86_64-debian-clang, r-devel-linux-x86_64-debian-gcc, r-devel-linux-x86_64-fedora-clang, r-devel-linux-x86_64-fedora-gcc, r-devel-osx-x86_64-clang, r-prerel-linux-x86_64

Version: 1.1-6
Check: compiled code
Result: NOTE
    File ‘adephylo/libs/adephylo.so’:
     Found ‘rand’, possibly from ‘rand’ (C)
     Object: ‘adesub.o’
     Found ‘srand’, possibly from ‘srand’ (C)
     Object: ‘adesub.o’
    
    Compiled code should not call entry points which might terminate R nor
    write to stdout/stderr instead of to the console, nor the system RNG.
    
    See ‘Writing portable packages’ in the ‘Writing R Extensions’ manual.
Flavors: r-devel-linux-x86_64-debian-clang, r-devel-linux-x86_64-debian-gcc, r-devel-linux-x86_64-fedora-clang, r-devel-linux-x86_64-fedora-gcc, r-prerel-linux-x86_64, r-prerel-solaris-sparc, r-prerel-solaris-x86, r-release-linux-x86_64

Version: 1.1-6
Check: compiled code
Result: NOTE
    File ‘adephylo/libs/adephylo.so’:
     Found ‘_rand’, possibly from ‘rand’ (C)
     Object: ‘adesub.o’
     Found ‘_srand’, possibly from ‘srand’ (C)
     Object: ‘adesub.o’
    
    Compiled code should not call entry points which might terminate R nor
    write to stdout/stderr instead of to the console, nor the system RNG.
    
    See ‘Writing portable packages’ in the ‘Writing R Extensions’ manual.
Flavors: r-devel-osx-x86_64-clang, r-release-osx-x86_64-mavericks

Version: 1.1-6
Check: compiled code
Result: NOTE
    File 'adephylo/libs/i386/adephylo.dll':
     Found 'rand', possibly from 'rand' (C)
     Object: 'adesub.o'
     Found 'srand', possibly from 'srand' (C)
     Object: 'adesub.o'
    File 'adephylo/libs/x64/adephylo.dll':
     Found 'rand', possibly from 'rand' (C)
     Object: 'adesub.o'
     Found 'srand', possibly from 'srand' (C)
     Object: 'adesub.o'
    
    Compiled code should not call entry points which might terminate R nor
    write to stdout/stderr instead of to the console, nor the system RNG.
    
    See 'Writing portable packages' in the 'Writing R Extensions' manual.
Flavors: r-prerel-windows-ix86+x86_64, r-release-windows-ix86+x86_64