CRAN Package Check Results for Package adephylo

Last updated on 2014-11-27 05:47:34.

Flavor Version Tinstall Tcheck Ttotal Status Flags
r-devel-linux-x86_64-debian-clang 1.1-6 5.22 60.22 65.44 NOTE
r-devel-linux-x86_64-debian-gcc 1.1-6 5.50 59.22 64.71 NOTE
r-devel-linux-x86_64-fedora-clang 1.1-6 140.61 NOTE
r-devel-linux-x86_64-fedora-gcc 1.1-6 151.76 NOTE
r-devel-osx-x86_64-clang 1.1-6 119.93 NOTE
r-devel-windows-ix86+x86_64 1.1-6 22.00 126.00 148.00 NOTE
r-patched-linux-x86_64 1.1-6 5.73 62.25 67.98 NOTE
r-patched-solaris-sparc 1.1-6 797.30 NOTE
r-patched-solaris-x86 1.1-6 181.50 NOTE
r-release-linux-ix86 1.1-6 6.37 73.64 80.01 NOTE
r-release-linux-x86_64 1.1-6 7.08 62.99 70.07 NOTE
r-release-osx-x86_64-mavericks 1.1-6 OK
r-release-osx-x86_64-snowleopard 1.1-6 OK
r-release-windows-ix86+x86_64 1.1-6 21.00 139.00 160.00 NOTE
r-oldrel-windows-ix86+x86_64 1.1-6 21.00 145.00 166.00 OK

Check Details

Version: 1.1-6
Check: compiled code
Result: NOTE
    File ‘adephylo/libs/adephylo.so’:
     Found ‘rand’, possibly from ‘rand’ (C)
     Object: ‘adesub.o’
     Found ‘srand’, possibly from ‘srand’ (C)
     Object: ‘adesub.o’
    
    Compiled code should not call entry points which might terminate R nor
    write to stdout/stderr instead of to the console, nor the C RNG.
    
    See ‘Writing portable packages’ in the ‘Writing R Extensions’ manual.
Flavors: r-devel-linux-x86_64-debian-clang, r-devel-linux-x86_64-debian-gcc, r-devel-linux-x86_64-fedora-clang, r-devel-linux-x86_64-fedora-gcc, r-patched-linux-x86_64, r-patched-solaris-sparc, r-patched-solaris-x86, r-release-linux-ix86, r-release-linux-x86_64

Version: 1.1-6
Check: compiled code
Result: NOTE
    File ‘adephylo/libs/adephylo.so’:
     Found ‘_rand’, possibly from ‘rand’ (C)
     Object: ‘adesub.o’
     Found ‘_srand’, possibly from ‘srand’ (C)
     Object: ‘adesub.o’
    
    Compiled code should not call entry points which might terminate R nor
    write to stdout/stderr instead of to the console, nor the C RNG.
    
    See ‘Writing portable packages’ in the ‘Writing R Extensions’ manual.
Flavor: r-devel-osx-x86_64-clang

Version: 1.1-6
Check: compiled code
Result: NOTE
    File 'adephylo/libs/i386/adephylo.dll':
     Found 'rand', possibly from 'rand' (C)
     Object: 'adesub.o'
     Found 'srand', possibly from 'srand' (C)
     Object: 'adesub.o'
    File 'adephylo/libs/x64/adephylo.dll':
     Found 'rand', possibly from 'rand' (C)
     Object: 'adesub.o'
     Found 'srand', possibly from 'srand' (C)
     Object: 'adesub.o'
    
    Compiled code should not call entry points which might terminate R nor
    write to stdout/stderr instead of to the console, nor the C RNG.
    
    See 'Writing portable packages' in the 'Writing R Extensions' manual.
Flavors: r-devel-windows-ix86+x86_64, r-release-windows-ix86+x86_64