CRAN Package Check Results for Package adephylo

Last updated on 2017-02-22 23:53:39.

Flavor Version Tinstall Tcheck Ttotal Status Flags
r-devel-linux-x86_64-debian-clang 1.1-10 8.87 86.48 95.35 NOTE
r-devel-linux-x86_64-debian-gcc 1.1-10 7.83 85.38 93.20 NOTE
r-devel-linux-x86_64-fedora-clang 1.1-10 203.30 NOTE --no-stop-on-test-error
r-devel-linux-x86_64-fedora-gcc 1.1-10 195.96 NOTE --no-stop-on-test-error
r-devel-macos-x86_64-clang 1.1-10 154.35 NOTE --no-stop-on-test-error
r-devel-windows-ix86+x86_64 1.1-10 43.00 280.00 323.00 OK
r-patched-linux-x86_64 1.1-10 8.05 78.82 86.87 OK
r-patched-solaris-sparc 1.1-10 1070.00 OK
r-patched-solaris-x86 1.1-10 238.30 OK
r-release-linux-x86_64 1.1-10 8.16 77.37 85.53 OK
r-release-osx-x86_64-mavericks 1.1-10 OK
r-release-windows-ix86+x86_64 1.1-10 33.00 240.00 273.00 OK
r-oldrel-windows-ix86+x86_64 1.1-10 28.00 290.00 318.00 OK

Check Details

Version: 1.1-10
Check: compiled code
Result: NOTE
    File ‘adephylo/libs/adephylo.so’:
     Found no calls to: ‘R_registerRoutines’, ‘R_useDynamicSymbols’
    
    It is good practice to register native routines and to disable symbol
    search.
    
    See ‘Writing portable packages’ in the ‘Writing R Extensions’ manual.
Flavors: r-devel-linux-x86_64-debian-clang, r-devel-linux-x86_64-debian-gcc

Version: 1.1-10
Flags: --no-stop-on-test-error
Check: compiled code
Result: NOTE
    File ‘adephylo/libs/adephylo.so’:
     Found no calls to: ‘R_registerRoutines’, ‘R_useDynamicSymbols’
    
    It is good practice to register native routines and to disable symbol
    search.
    
    See ‘Writing portable packages’ in the ‘Writing R Extensions’ manual.
Flavors: r-devel-linux-x86_64-fedora-clang, r-devel-linux-x86_64-fedora-gcc, r-devel-macos-x86_64-clang