CRAN Package Check Results for Package adephylo

Last updated on 2017-10-17 02:48:21.

Flavor Version Tinstall Tcheck Ttotal Status Flags
r-devel-linux-x86_64-debian-clang 1.1-10 8.26 85.84 94.10 NOTE
r-devel-linux-x86_64-debian-gcc 1.1-10 9.58 93.97 103.55 NOTE
r-devel-linux-x86_64-fedora-clang 1.1-10 203.26 NOTE
r-devel-linux-x86_64-fedora-gcc 1.1-10 203.12 NOTE
r-devel-windows-ix86+x86_64 1.1-10 24.00 183.00 207.00 OK
r-patched-linux-x86_64 1.1-10 7.85 87.23 95.08 NOTE
r-patched-solaris-x86 1.1-10 277.20 OK
r-release-linux-x86_64 1.1-10 7.78 87.59 95.37 NOTE
r-release-windows-ix86+x86_64 1.1-10 44.00 294.00 338.00 OK
r-release-osx-x86_64 1.1-10 OK
r-oldrel-windows-ix86+x86_64 1.1-10 47.00 244.00 291.00 OK
r-oldrel-osx-x86_64 1.1-10 OK

Check Details

Version: 1.1-10
Check: compiled code
Result: NOTE
    File ‘adephylo/libs/adephylo.so’:
     Found no calls to: ‘R_registerRoutines’, ‘R_useDynamicSymbols’
    
    It is good practice to register native routines and to disable symbol
    search.
    
    See ‘Writing portable packages’ in the ‘Writing R Extensions’ manual.
Flavors: r-devel-linux-x86_64-debian-clang, r-devel-linux-x86_64-debian-gcc, r-devel-linux-x86_64-fedora-clang, r-devel-linux-x86_64-fedora-gcc, r-patched-linux-x86_64, r-release-linux-x86_64