Last updated on 2025-01-24 08:49:42 CET.
Flavor | Version | Tinstall | Tcheck | Ttotal | Status | Flags |
---|---|---|---|---|---|---|
r-devel-linux-x86_64-debian-clang | 1.1 | 73.42 | 28.46 | 101.88 | OK | |
r-devel-linux-x86_64-debian-gcc | 1.1 | 57.16 | 21.66 | 78.82 | OK | |
r-devel-linux-x86_64-fedora-clang | 1.1 | 163.14 | OK | |||
r-devel-linux-x86_64-fedora-gcc | 1.1 | 157.48 | OK | |||
r-devel-windows-x86_64 | 1.1 | 71.00 | 49.00 | 120.00 | OK | |
r-patched-linux-x86_64 | 1.1 | 67.16 | 27.91 | 95.07 | OK | |
r-release-linux-x86_64 | 1.1 | 71.60 | 28.16 | 99.76 | OK | |
r-release-macos-arm64 | 1.1 | 71.00 | NOTE | |||
r-release-macos-x86_64 | 1.1 | 91.00 | NOTE | |||
r-release-windows-x86_64 | 1.1 | 71.00 | 49.00 | 120.00 | NOTE | |
r-oldrel-macos-arm64 | 1.1 | 81.00 | NOTE | |||
r-oldrel-macos-x86_64 | 1.1 | 106.00 | NOTE | |||
r-oldrel-windows-x86_64 | 1.1 | 71.00 | 53.00 | 124.00 | NOTE |
Version: 1.1
Check: installed package size
Result: NOTE
installed size is 10.4Mb
sub-directories of 1Mb or more:
data 10.2Mb
Flavors: r-release-macos-arm64, r-release-macos-x86_64, r-release-windows-x86_64, r-oldrel-macos-arm64, r-oldrel-macos-x86_64, r-oldrel-windows-x86_64