CRAN Package Check Results for Package adeptdata

Last updated on 2021-10-16 07:48:57 CEST.

Flavor Version Tinstall Tcheck Ttotal Status Flags
r-devel-linux-x86_64-debian-clang 1.1 79.68 39.68 119.36 OK
r-devel-linux-x86_64-debian-gcc 1.1 74.02 32.68 106.70 OK
r-devel-linux-x86_64-fedora-clang 1.1 175.39 NOTE
r-devel-linux-x86_64-fedora-gcc 1.1 174.34 OK
r-devel-windows-x86_64 1.1 103.00 45.00 148.00 NOTE
r-devel-windows-x86_64-gcc10-UCRT 1.1 OK
r-patched-linux-x86_64 1.1 79.76 38.76 118.52 OK
r-patched-solaris-x86 1.1 371.30 NOTE
r-release-linux-x86_64 1.1 76.19 38.83 115.02 OK
r-release-macos-arm64 1.1 NOTE
r-release-macos-x86_64 1.1 NOTE
r-release-windows-ix86+x86_64 1.1 115.00 61.00 176.00 NOTE
r-oldrel-macos-x86_64 1.1 NOTE
r-oldrel-windows-ix86+x86_64 1.1 113.00 62.00 175.00 NOTE

Check Details

Version: 1.1
Check: installed package size
Result: NOTE
     installed size is 9.5Mb
     sub-directories of 1Mb or more:
     data 9.3Mb
Flavors: r-devel-linux-x86_64-fedora-clang, r-devel-windows-x86_64, r-patched-solaris-x86, r-release-macos-arm64, r-release-macos-x86_64, r-release-windows-ix86+x86_64, r-oldrel-macos-x86_64, r-oldrel-windows-ix86+x86_64