Last updated on 2021-03-01 06:46:58 CET.
Flavor | Version | Tinstall | Tcheck | Ttotal | Status | Flags |
---|---|---|---|---|---|---|
r-devel-linux-x86_64-debian-clang | 0.1.4 | OK | ||||
r-devel-linux-x86_64-debian-gcc | 0.1.4 | 5.18 | 31.77 | 36.95 | OK | |
r-devel-linux-x86_64-fedora-clang | 0.1.4 | 66.47 | OK | |||
r-devel-linux-x86_64-fedora-gcc | 0.1.4 | 56.92 | OK | |||
r-devel-windows-ix86+x86_64 | 0.1.4 | 11.00 | 47.00 | 58.00 | OK | |
r-patched-linux-x86_64 | 0.1.4 | 6.63 | 39.40 | 46.03 | OK | |
r-patched-solaris-x86 | 0.1.4 | 80.50 | OK | |||
r-release-linux-x86_64 | 0.1.4 | 7.54 | 39.66 | 47.20 | OK | |
r-release-macos-x86_64 | 0.1.4 | OK | ||||
r-release-windows-ix86+x86_64 | 0.1.4 | 27.00 | 60.00 | 87.00 | OK | |
r-oldrel-macos-x86_64 | 0.1.4 | WARN | ||||
r-oldrel-windows-ix86+x86_64 | 0.1.4 | 8.00 | 58.00 | 66.00 | OK |
Version: 0.1.4
Check: re-building of vignette outputs
Result: WARN
Error(s) in re-building vignettes:
...
--- re-building ‘amigaDiskFiles.Rmd’ using rmarkdown
Warning in engine$weave(file, quiet = quiet, encoding = enc) :
Pandoc (>= 1.12.3) and/or pandoc-citeproc not available. Falling back to R Markdown v1.
Error: processing vignette 'amigaDiskFiles.Rmd' failed with diagnostics:
there is no package called 'stringi'
--- failed re-building ‘amigaDiskFiles.Rmd’
SUMMARY: processing the following file failed:
‘amigaDiskFiles.Rmd’
Error: Vignette re-building failed.
Execution halted
Flavor: r-oldrel-macos-x86_64