CRAN Package Check Results for Package adhoc

Last updated on 2016-08-29 21:48:57.

Flavor Version Tinstall Tcheck Ttotal Status Flags
r-devel-linux-x86_64-debian-clang 1.0 5.22 59.05 64.27 NOTE
r-devel-linux-x86_64-debian-gcc 1.0 5.33 56.23 61.56 NOTE
r-devel-linux-x86_64-fedora-clang 1.0 134.33 NOTE
r-devel-linux-x86_64-fedora-gcc 1.0 123.73 NOTE
r-devel-osx-x86_64-clang 1.0 102.97 NOTE
r-devel-windows-ix86+x86_64 1.0 20.00 102.00 122.00 NOTE
r-patched-linux-x86_64 1.0 4.84 57.56 62.40 NOTE
r-patched-solaris-sparc 1.0 736.60 NOTE
r-patched-solaris-x86 1.0 168.90 NOTE
r-release-linux-x86_64 1.0 4.83 55.57 60.40 NOTE
r-release-osx-x86_64-mavericks 1.0 NOTE
r-release-windows-ix86+x86_64 1.0 10.00 94.00 104.00 NOTE
r-oldrel-windows-ix86+x86_64 1.0 20.00 148.00 168.00 NOTE

Check Details

Version: 1.0
Check: DESCRIPTION meta-information
Result: NOTE
    Malformed Description field: should contain one or more complete sentences.
Flavors: r-devel-linux-x86_64-debian-clang, r-devel-linux-x86_64-debian-gcc, r-devel-linux-x86_64-fedora-clang, r-devel-linux-x86_64-fedora-gcc, r-devel-osx-x86_64-clang, r-devel-windows-ix86+x86_64, r-patched-linux-x86_64, r-patched-solaris-sparc, r-patched-solaris-x86, r-release-linux-x86_64, r-release-osx-x86_64-mavericks, r-release-windows-ix86+x86_64, r-oldrel-windows-ix86+x86_64

Version: 1.0
Check: R code for possible problems
Result: NOTE
    adhocTHR: no visible global function definition for ‘write.csv’
    adhocTHR: no visible global function definition for ‘lm’
    checkDNAbcd: no visible global function definition for ‘haplotype’
    checkDNAbcd: no visible global function definition for ‘write.csv’
    Undefined global functions or variables:
     haplotype lm write.csv
    Consider adding
     importFrom("stats", "lm")
     importFrom("utils", "write.csv")
    to your NAMESPACE file.
Flavors: r-devel-linux-x86_64-debian-clang, r-devel-linux-x86_64-debian-gcc, r-devel-linux-x86_64-fedora-clang, r-devel-linux-x86_64-fedora-gcc, r-devel-osx-x86_64-clang, r-devel-windows-ix86+x86_64, r-patched-linux-x86_64, r-patched-solaris-sparc, r-patched-solaris-x86, r-release-linux-x86_64, r-release-osx-x86_64-mavericks, r-release-windows-ix86+x86_64

Version: 1.0
Check: R code for possible problems
Result: NOTE
    checkDNAbcd: no visible global function definition for 'haplotype'
Flavor: r-oldrel-windows-ix86+x86_64