CRAN Package Check Results for Package adhoc

Last updated on 2015-03-01 19:47:57.

Flavor Version Tinstall Tcheck Ttotal Status Flags
r-devel-linux-x86_64-debian-clang 1.0 2.01 29.34 31.35 NOTE
r-devel-linux-x86_64-debian-gcc 1.0 1.65 27.31 28.96 NOTE
r-devel-linux-x86_64-fedora-clang 1.0 65.49 NOTE
r-devel-linux-x86_64-fedora-gcc 1.0 60.26 NOTE
r-devel-osx-x86_64-clang 1.0 58.64 NOTE
r-devel-windows-ix86+x86_64 1.0 6.00 46.00 52.00 NOTE
r-patched-linux-x86_64 1.0 4.19 45.14 49.33 NOTE
r-patched-solaris-sparc 1.0 523.20 NOTE
r-patched-solaris-x86 1.0 127.50 NOTE
r-release-linux-ix86 1.0 3.60 53.57 57.17 NOTE
r-release-linux-x86_64 1.0 4.78 44.72 49.50 NOTE
r-release-osx-x86_64-mavericks 1.0 NOTE
r-release-osx-x86_64-snowleopard 1.0 OK
r-release-windows-ix86+x86_64 1.0 12.00 83.00 95.00 NOTE
r-oldrel-windows-ix86+x86_64 1.0 14.00 85.00 99.00 OK

Check Details

Version: 1.0
Check: DESCRIPTION meta-information
Result: NOTE
    Malformed Description field: should contain one or more complete sentences.
Flavors: r-devel-linux-x86_64-debian-clang, r-devel-linux-x86_64-debian-gcc, r-devel-linux-x86_64-fedora-clang, r-devel-linux-x86_64-fedora-gcc, r-devel-osx-x86_64-clang, r-devel-windows-ix86+x86_64

Version: 1.0
Check: R code for possible problems
Result: NOTE
    checkDNAbcd: no visible global function definition for ‘haplotype’
Flavors: r-devel-linux-x86_64-debian-clang, r-devel-linux-x86_64-debian-gcc, r-devel-linux-x86_64-fedora-clang, r-devel-linux-x86_64-fedora-gcc, r-devel-osx-x86_64-clang, r-devel-windows-ix86+x86_64, r-patched-linux-x86_64, r-patched-solaris-sparc, r-patched-solaris-x86, r-release-linux-ix86, r-release-linux-x86_64, r-release-osx-x86_64-mavericks, r-release-windows-ix86+x86_64