CRAN Package Check Results for Package adhoc

Last updated on 2016-02-06 22:46:51.

Flavor Version Tinstall Tcheck Ttotal Status Flags
r-devel-linux-x86_64-debian-gcc 1.0 4.33 54.51 58.84 NOTE
r-devel-linux-x86_64-fedora-clang 1.0 122.94 NOTE
r-devel-linux-x86_64-fedora-gcc 1.0 118.56 NOTE
r-devel-osx-x86_64-clang 1.0 123.92 NOTE
r-devel-windows-ix86+x86_64 1.0 18.00 105.00 123.00 NOTE
r-patched-linux-x86_64 1.0 4.67 60.46 65.12 NOTE
r-patched-solaris-sparc 1.0 777.50 NOTE
r-patched-solaris-x86 1.0 171.50 NOTE
r-release-linux-x86_64 1.0 4.97 58.70 63.67 NOTE
r-release-osx-x86_64-mavericks 1.0 NOTE
r-release-windows-ix86+x86_64 1.0 15.00 107.00 122.00 NOTE
r-oldrel-windows-ix86+x86_64 1.0 37.00 182.00 219.00 NOTE

Check Details

Version: 1.0
Check: DESCRIPTION meta-information
Result: NOTE
    Malformed Description field: should contain one or more complete sentences.
Flavors: r-devel-linux-x86_64-debian-gcc, r-devel-linux-x86_64-fedora-clang, r-devel-linux-x86_64-fedora-gcc, r-devel-osx-x86_64-clang, r-devel-windows-ix86+x86_64, r-patched-linux-x86_64, r-patched-solaris-sparc, r-patched-solaris-x86, r-release-linux-x86_64, r-release-osx-x86_64-mavericks, r-release-windows-ix86+x86_64

Version: 1.0
Check: R code for possible problems
Result: NOTE
    adhocTHR: no visible global function definition for ‘write.csv’
    adhocTHR: no visible global function definition for ‘lm’
    checkDNAbcd: no visible global function definition for ‘haplotype’
    checkDNAbcd: no visible global function definition for ‘write.csv’
    Undefined global functions or variables:
     haplotype lm write.csv
    Consider adding
     importFrom("stats", "lm")
     importFrom("utils", "write.csv")
    to your NAMESPACE file.
Flavors: r-devel-linux-x86_64-debian-gcc, r-devel-linux-x86_64-fedora-clang, r-devel-linux-x86_64-fedora-gcc, r-devel-osx-x86_64-clang

Version: 1.0
Check: R code for possible problems
Result: NOTE
    adhocTHR: no visible global function definition for 'write.csv'
    adhocTHR: no visible global function definition for 'lm'
    checkDNAbcd: no visible global function definition for 'haplotype'
    checkDNAbcd: no visible global function definition for 'write.csv'
    Undefined global functions or variables:
     haplotype lm write.csv
    Consider adding
     importFrom("stats", "lm")
     importFrom("utils", "write.csv")
    to your NAMESPACE.
Flavor: r-devel-windows-ix86+x86_64

Version: 1.0
Check: R code for possible problems
Result: NOTE
    checkDNAbcd: no visible global function definition for ‘haplotype’
Flavors: r-patched-linux-x86_64, r-patched-solaris-sparc, r-patched-solaris-x86, r-release-linux-x86_64, r-release-osx-x86_64-mavericks, r-release-windows-ix86+x86_64, r-oldrel-windows-ix86+x86_64