CRAN Package Check Results for Package adhoc

Last updated on 2016-09-28 21:48:00.

Flavor Version Tinstall Tcheck Ttotal Status Flags
r-devel-linux-x86_64-debian-clang 1.0 4.57 56.13 60.70 NOTE
r-devel-linux-x86_64-debian-gcc 1.0 4.86 54.46 59.32 NOTE
r-devel-linux-x86_64-fedora-clang 1.0 126.04 NOTE
r-devel-linux-x86_64-fedora-gcc 1.0 119.81 NOTE
r-devel-macos-x86_64-clang 1.0 93.81 NOTE
r-devel-windows-ix86+x86_64 1.0 20.00 130.00 150.00 NOTE
r-patched-linux-x86_64 1.0 5.22 56.23 61.45 NOTE
r-patched-solaris-sparc 1.0 736.60 NOTE
r-patched-solaris-x86 1.0 166.80 NOTE
r-release-linux-x86_64 1.0 5.26 56.56 61.82 NOTE
r-release-osx-x86_64-mavericks 1.0 NOTE
r-release-windows-ix86+x86_64 1.0 20.00 89.00 109.00 NOTE
r-oldrel-windows-ix86+x86_64 1.0 21.00 144.00 165.00 NOTE

Check Details

Version: 1.0
Check: DESCRIPTION meta-information
Result: NOTE
    Malformed Description field: should contain one or more complete sentences.
Flavors: r-devel-linux-x86_64-debian-clang, r-devel-linux-x86_64-debian-gcc, r-devel-linux-x86_64-fedora-clang, r-devel-linux-x86_64-fedora-gcc, r-devel-macos-x86_64-clang, r-devel-windows-ix86+x86_64, r-patched-linux-x86_64, r-patched-solaris-sparc, r-patched-solaris-x86, r-release-linux-x86_64, r-release-osx-x86_64-mavericks, r-release-windows-ix86+x86_64, r-oldrel-windows-ix86+x86_64

Version: 1.0
Check: R code for possible problems
Result: NOTE
    adhocTHR: no visible global function definition for ‘write.csv’
    adhocTHR: no visible global function definition for ‘lm’
    checkDNAbcd: no visible global function definition for ‘haplotype’
    checkDNAbcd: no visible global function definition for ‘write.csv’
    Undefined global functions or variables:
     haplotype lm write.csv
    Consider adding
     importFrom("stats", "lm")
     importFrom("utils", "write.csv")
    to your NAMESPACE file.
Flavors: r-devel-linux-x86_64-debian-clang, r-devel-linux-x86_64-debian-gcc, r-devel-linux-x86_64-fedora-clang, r-devel-linux-x86_64-fedora-gcc, r-devel-macos-x86_64-clang, r-devel-windows-ix86+x86_64, r-patched-linux-x86_64, r-patched-solaris-sparc, r-patched-solaris-x86, r-release-linux-x86_64, r-release-osx-x86_64-mavericks, r-release-windows-ix86+x86_64

Version: 1.0
Check: R code for possible problems
Result: NOTE
    checkDNAbcd: no visible global function definition for 'haplotype'
Flavor: r-oldrel-windows-ix86+x86_64