CRAN Package Check Results for Package adhoc

Last updated on 2015-08-29 06:47:29.

Flavor Version Tinstall Tcheck Ttotal Status Flags
r-devel-linux-x86_64-debian-clang 1.0 5.43 54.36 59.79 NOTE
r-devel-linux-x86_64-debian-gcc 1.0 4.23 53.97 58.20 NOTE
r-devel-linux-x86_64-fedora-clang 1.0 130.23 NOTE
r-devel-linux-x86_64-fedora-gcc 1.0 122.04 NOTE
r-devel-osx-x86_64-clang 1.0 104.42 NOTE
r-devel-windows-ix86+x86_64 1.0 21.00 96.00 117.00 NOTE
r-patched-linux-x86_64 1.0 5.36 57.75 63.11 NOTE
r-patched-solaris-sparc 1.0 800.60 NOTE
r-patched-solaris-x86 1.0 192.50 NOTE
r-release-linux-x86_64 1.0 4.51 59.28 63.80 NOTE
r-release-osx-x86_64-mavericks 1.0 NOTE
r-release-windows-ix86+x86_64 1.0 18.00 106.00 124.00 NOTE
r-oldrel-windows-ix86+x86_64 1.0 38.00 207.00 245.00 NOTE

Check Details

Version: 1.0
Check: DESCRIPTION meta-information
Result: NOTE
    Malformed Description field: should contain one or more complete sentences.
Flavors: r-devel-linux-x86_64-debian-clang, r-devel-linux-x86_64-debian-gcc, r-devel-linux-x86_64-fedora-clang, r-devel-linux-x86_64-fedora-gcc, r-devel-osx-x86_64-clang, r-devel-windows-ix86+x86_64, r-patched-linux-x86_64, r-patched-solaris-sparc, r-patched-solaris-x86, r-release-linux-x86_64, r-release-osx-x86_64-mavericks, r-release-windows-ix86+x86_64

Version: 1.0
Check: R code for possible problems
Result: NOTE
    adhocTHR: no visible global function definition for ‘write.csv’
    adhocTHR: no visible global function definition for ‘lm’
    checkDNAbcd: no visible global function definition for ‘haplotype’
    checkDNAbcd: no visible global function definition for ‘write.csv’
    Undefined global functions or variables:
     haplotype lm write.csv
    Consider adding
     importFrom("stats", "lm")
     importFrom("utils", "write.csv")
    to your NAMESPACE.
Flavors: r-devel-linux-x86_64-debian-clang, r-devel-linux-x86_64-debian-gcc, r-devel-linux-x86_64-fedora-clang, r-devel-linux-x86_64-fedora-gcc, r-devel-windows-ix86+x86_64

Version: 1.0
Check: R code for possible problems
Result: NOTE
    checkDNAbcd: no visible global function definition for ‘haplotype’
    Undefined global functions or variables:
     haplotype
Flavor: r-devel-osx-x86_64-clang

Version: 1.0
Check: R code for possible problems
Result: NOTE
    checkDNAbcd: no visible global function definition for ‘haplotype’
Flavors: r-patched-linux-x86_64, r-patched-solaris-sparc, r-patched-solaris-x86, r-release-linux-x86_64, r-release-osx-x86_64-mavericks, r-release-windows-ix86+x86_64, r-oldrel-windows-ix86+x86_64