CRAN Package Check Results for Package adhoc

Last updated on 2014-12-23 05:48:43.

Flavor Version Tinstall Tcheck Ttotal Status Flags
r-devel-linux-x86_64-debian-clang 1.0 2.50 41.93 44.42 NOTE
r-devel-linux-x86_64-debian-gcc 1.0 2.25 41.36 43.61 NOTE
r-devel-linux-x86_64-fedora-clang 1.0 98.47 NOTE
r-devel-linux-x86_64-fedora-gcc 1.0 94.49 NOTE
r-devel-osx-x86_64-clang 1.0 86.64 NOTE
r-devel-windows-ix86+x86_64 1.0 11.00 71.00 82.00 NOTE
r-patched-linux-x86_64 1.0 2.48 43.17 45.65 NOTE
r-patched-solaris-sparc 1.0 522.50 NOTE
r-patched-solaris-x86 1.0 128.40 NOTE
r-release-linux-ix86 1.0 2.82 51.74 54.56 NOTE
r-release-linux-x86_64 1.0 2.43 43.56 45.99 NOTE
r-release-osx-x86_64-mavericks 1.0 OK
r-release-osx-x86_64-snowleopard 1.0 OK
r-release-windows-ix86+x86_64 1.0 14.00 81.00 95.00 NOTE
r-oldrel-windows-ix86+x86_64 1.0 14.00 88.00 102.00 OK

Check Details

Version: 1.0
Check: R code for possible problems
Result: NOTE
    checkDNAbcd: no visible global function definition for ‘haplotype’
Flavors: r-devel-linux-x86_64-debian-clang, r-devel-linux-x86_64-debian-gcc, r-devel-linux-x86_64-fedora-clang, r-devel-linux-x86_64-fedora-gcc, r-devel-osx-x86_64-clang, r-devel-windows-ix86+x86_64, r-patched-linux-x86_64, r-patched-solaris-sparc, r-patched-solaris-x86, r-release-linux-ix86, r-release-linux-x86_64, r-release-windows-ix86+x86_64