CRAN Package Check Results for Package adhoc

Last updated on 2017-02-26 23:48:01.

Flavor Version Tinstall Tcheck Ttotal Status Flags
r-devel-linux-x86_64-debian-clang 1.0 4.91 57.14 62.04 NOTE
r-devel-linux-x86_64-debian-gcc 1.0 4.68 58.59 63.26 NOTE
r-devel-linux-x86_64-fedora-clang 1.0 139.90 NOTE --no-stop-on-test-error
r-devel-linux-x86_64-fedora-gcc 1.0 133.30 NOTE --no-stop-on-test-error
r-devel-macos-x86_64-clang 1.0 105.50 NOTE --no-stop-on-test-error
r-devel-windows-ix86+x86_64 1.0 28.00 140.00 168.00 NOTE
r-patched-linux-x86_64 1.0 4.94 56.28 61.22 NOTE
r-patched-solaris-sparc 1.0 771.10 NOTE
r-patched-solaris-x86 1.0 156.30 NOTE
r-release-linux-x86_64 1.0 4.66 56.52 61.19 NOTE
r-release-osx-x86_64-mavericks 1.0 NOTE
r-release-windows-ix86+x86_64 1.0 20.00 168.00 188.00 NOTE
r-oldrel-windows-ix86+x86_64 1.0 22.00 240.00 262.00 NOTE

Check Details

Version: 1.0
Check: DESCRIPTION meta-information
Result: NOTE
    Malformed Description field: should contain one or more complete sentences.
Flavors: r-devel-linux-x86_64-debian-clang, r-devel-linux-x86_64-debian-gcc, r-devel-windows-ix86+x86_64, r-patched-linux-x86_64, r-patched-solaris-sparc, r-patched-solaris-x86, r-release-linux-x86_64, r-release-osx-x86_64-mavericks, r-release-windows-ix86+x86_64, r-oldrel-windows-ix86+x86_64

Version: 1.0
Check: R code for possible problems
Result: NOTE
    adhocTHR: no visible global function definition for ‘write.csv’
    adhocTHR: no visible global function definition for ‘lm’
    checkDNAbcd: no visible global function definition for ‘haplotype’
    checkDNAbcd: no visible global function definition for ‘write.csv’
    Undefined global functions or variables:
     haplotype lm write.csv
    Consider adding
     importFrom("stats", "lm")
     importFrom("utils", "write.csv")
    to your NAMESPACE file.
Flavors: r-devel-linux-x86_64-debian-clang, r-devel-linux-x86_64-debian-gcc, r-devel-windows-ix86+x86_64, r-patched-linux-x86_64, r-patched-solaris-sparc, r-patched-solaris-x86, r-release-linux-x86_64, r-release-osx-x86_64-mavericks, r-release-windows-ix86+x86_64

Version: 1.0
Flags: --no-stop-on-test-error
Check: DESCRIPTION meta-information
Result: NOTE
    Malformed Description field: should contain one or more complete sentences.
Flavors: r-devel-linux-x86_64-fedora-clang, r-devel-linux-x86_64-fedora-gcc, r-devel-macos-x86_64-clang

Version: 1.0
Flags: --no-stop-on-test-error
Check: R code for possible problems
Result: NOTE
    adhocTHR: no visible global function definition for ‘write.csv’
    adhocTHR: no visible global function definition for ‘lm’
    checkDNAbcd: no visible global function definition for ‘haplotype’
    checkDNAbcd: no visible global function definition for ‘write.csv’
    Undefined global functions or variables:
     haplotype lm write.csv
    Consider adding
     importFrom("stats", "lm")
     importFrom("utils", "write.csv")
    to your NAMESPACE file.
Flavors: r-devel-linux-x86_64-fedora-clang, r-devel-linux-x86_64-fedora-gcc, r-devel-macos-x86_64-clang

Version: 1.0
Check: R code for possible problems
Result: NOTE
    checkDNAbcd: no visible global function definition for 'haplotype'
Flavor: r-oldrel-windows-ix86+x86_64