CRAN Package Check Results for Package adhoc

Last updated on 2015-05-27 02:47:02.

Flavor Version Tinstall Tcheck Ttotal Status Flags
r-devel-linux-x86_64-debian-clang 1.0 1.74 28.98 30.71 NOTE
r-devel-linux-x86_64-debian-gcc 1.0 1.74 28.56 30.30 NOTE
r-devel-linux-x86_64-fedora-clang 1.0 64.29 NOTE
r-devel-linux-x86_64-fedora-gcc 1.0 65.46 NOTE
r-devel-osx-x86_64-clang 1.0 59.22 NOTE
r-devel-windows-ix86+x86_64 1.0 7.00 46.00 53.00 NOTE
r-patched-linux-x86_64 1.0 1.72 29.14 30.86 NOTE
r-patched-solaris-sparc 1.0 398.50 NOTE
r-patched-solaris-x86 1.0 95.20 NOTE
r-release-linux-x86_64 1.0 1.73 28.89 30.62 NOTE
r-release-osx-x86_64-mavericks 1.0 NOTE
r-release-osx-x86_64-snowleopard 1.0 ERROR
r-release-windows-ix86+x86_64 1.0 6.00 48.00 54.00 NOTE
r-oldrel-windows-ix86+x86_64 1.0 15.00 86.00 101.00 NOTE

Check Details

Version: 1.0
Check: DESCRIPTION meta-information
Result: NOTE
    Malformed Description field: should contain one or more complete sentences.
Flavors: r-devel-linux-x86_64-debian-clang, r-devel-linux-x86_64-debian-gcc, r-devel-linux-x86_64-fedora-clang, r-devel-linux-x86_64-fedora-gcc, r-devel-osx-x86_64-clang, r-devel-windows-ix86+x86_64, r-patched-linux-x86_64, r-patched-solaris-sparc, r-patched-solaris-x86, r-release-linux-x86_64, r-release-osx-x86_64-mavericks, r-release-windows-ix86+x86_64

Version: 1.0
Check: R code for possible problems
Result: NOTE
    checkDNAbcd: no visible global function definition for ‘haplotype’
Flavors: r-devel-linux-x86_64-debian-clang, r-devel-linux-x86_64-debian-gcc, r-devel-linux-x86_64-fedora-clang, r-devel-linux-x86_64-fedora-gcc, r-devel-osx-x86_64-clang, r-devel-windows-ix86+x86_64, r-patched-linux-x86_64, r-patched-solaris-sparc, r-patched-solaris-x86, r-release-linux-x86_64, r-release-osx-x86_64-mavericks, r-release-windows-ix86+x86_64, r-oldrel-windows-ix86+x86_64

Version: 1.0
Check: package dependencies
Result: ERROR
    Package required but not available: ‘spider’
    
    See section ‘The DESCRIPTION file’ in the ‘Writing R Extensions’
    manual.
Flavor: r-release-osx-x86_64-snowleopard