CRAN Package Check Results for Package adhoc

Last updated on 2015-07-02 17:47:02.

Flavor Version Tinstall Tcheck Ttotal Status Flags
r-devel-linux-x86_64-debian-clang 1.0 1.70 29.05 30.76 NOTE
r-devel-linux-x86_64-debian-gcc 1.0 2.28 28.94 31.22 NOTE
r-devel-linux-x86_64-fedora-clang 1.0 64.24 NOTE
r-devel-linux-x86_64-fedora-gcc 1.0 62.93 NOTE
r-devel-osx-x86_64-clang 1.0 56.93 NOTE
r-devel-windows-ix86+x86_64 1.0 7.00 49.00 56.00 NOTE
r-patched-linux-x86_64 1.0 1.75 28.92 30.66 NOTE
r-patched-solaris-sparc 1.0 398.50 NOTE
r-patched-solaris-x86 1.0 93.60 NOTE
r-release-linux-x86_64 1.0 1.70 29.12 30.82 NOTE
r-release-osx-x86_64-mavericks 1.0 NOTE
r-release-windows-ix86+x86_64 1.0 7.00 46.00 53.00 NOTE
r-oldrel-windows-ix86+x86_64 1.0 17.00 82.00 99.00 NOTE

Check Details

Version: 1.0
Check: DESCRIPTION meta-information
Result: NOTE
    Malformed Description field: should contain one or more complete sentences.
Flavors: r-devel-linux-x86_64-debian-clang, r-devel-linux-x86_64-debian-gcc, r-devel-linux-x86_64-fedora-clang, r-devel-linux-x86_64-fedora-gcc, r-devel-osx-x86_64-clang, r-devel-windows-ix86+x86_64, r-patched-linux-x86_64, r-patched-solaris-sparc, r-patched-solaris-x86, r-release-linux-x86_64, r-release-osx-x86_64-mavericks, r-release-windows-ix86+x86_64

Version: 1.0
Check: R code for possible problems
Result: NOTE
    adhocTHR: no visible global function definition for ‘write.csv’
    adhocTHR: no visible global function definition for ‘lm’
    checkDNAbcd: no visible global function definition for ‘haplotype’
    checkDNAbcd: no visible global function definition for ‘write.csv’
Flavors: r-devel-linux-x86_64-debian-clang, r-devel-linux-x86_64-debian-gcc, r-devel-windows-ix86+x86_64

Version: 1.0
Check: R code for possible problems
Result: NOTE
    adhocTHR: no visible global function definition for ‘write.csv’
    adhocTHR: no visible global function definition for ‘lm’
    checkDNAbcd: no visible global function definition for ‘haplotype’
    checkDNAbcd: no visible global function definition for ‘write.csv’
    Undefined global functions or variables:
     haplotype lm write.csv
Flavors: r-devel-linux-x86_64-fedora-clang, r-devel-linux-x86_64-fedora-gcc

Version: 1.0
Check: R code for possible problems
Result: NOTE
    checkDNAbcd: no visible global function definition for ‘haplotype’
    Undefined global functions or variables:
     haplotype
Flavor: r-devel-osx-x86_64-clang

Version: 1.0
Check: R code for possible problems
Result: NOTE
    checkDNAbcd: no visible global function definition for ‘haplotype’
Flavors: r-patched-linux-x86_64, r-patched-solaris-sparc, r-patched-solaris-x86, r-release-linux-x86_64, r-release-osx-x86_64-mavericks, r-release-windows-ix86+x86_64, r-oldrel-windows-ix86+x86_64