CRAN Package Check Results for Package adhoc

Last updated on 2014-10-23 11:49:24.

Flavor Version Tinstall Tcheck Ttotal Status Flags
r-devel-linux-x86_64-debian-clang 1.0 2.31 41.07 43.38 NOTE
r-devel-linux-x86_64-debian-gcc 1.0 2.49 41.82 44.31 NOTE
r-devel-linux-x86_64-fedora-clang 1.0 98.43 NOTE
r-devel-linux-x86_64-fedora-gcc 1.0 94.10 NOTE
r-devel-osx-x86_64-clang 1.0 86.45 NOTE
r-devel-windows-ix86+x86_64 1.0 11.00 71.00 82.00 NOTE
r-patched-linux-x86_64 1.0 2.42 42.50 44.92 NOTE
r-patched-solaris-sparc 1.0 508.60 NOTE
r-patched-solaris-x86 1.0 127.30 NOTE
r-release-linux-ix86 1.0 3.04 52.95 56.00 OK
r-release-linux-x86_64 1.0 2.53 43.32 45.86 OK
r-release-osx-x86_64-mavericks 1.0 OK
r-release-osx-x86_64-snowleopard 1.0 OK
r-release-windows-ix86+x86_64 1.0 11.00 77.00 88.00 OK
r-oldrel-windows-ix86+x86_64 1.0 12.00 77.00 89.00 OK

Check Details

Version: 1.0
Check: R code for possible problems
Result: NOTE
    checkDNAbcd: no visible global function definition for ‘haplotype’
Flavors: r-devel-linux-x86_64-debian-clang, r-devel-linux-x86_64-debian-gcc, r-devel-linux-x86_64-fedora-clang, r-devel-linux-x86_64-fedora-gcc, r-devel-osx-x86_64-clang, r-devel-windows-ix86+x86_64, r-patched-linux-x86_64, r-patched-solaris-sparc, r-patched-solaris-x86