CRAN Package Check Results for Package adhoc

Last updated on 2015-04-26 03:47:27.

Flavor Version Tinstall Tcheck Ttotal Status Flags
r-devel-linux-x86_64-debian-clang 1.0 1.77 30.00 31.77 NOTE
r-devel-linux-x86_64-debian-gcc 1.0 1.72 29.36 31.08 NOTE
r-devel-linux-x86_64-fedora-clang 1.0 66.78 NOTE
r-devel-linux-x86_64-fedora-gcc 1.0 64.61 NOTE
r-devel-osx-x86_64-clang 1.0 59.09 NOTE
r-devel-windows-ix86+x86_64 1.0 6.00 46.00 52.00 NOTE
r-patched-linux-x86_64 1.0 1.74 28.88 30.62 NOTE
r-patched-solaris-sparc 1.0 417.00 NOTE
r-patched-solaris-x86 1.0 91.10 NOTE
r-release-linux-x86_64 1.0 1.88 28.29 30.17 NOTE
r-release-osx-x86_64-mavericks 1.0 NOTE
r-release-osx-x86_64-snowleopard 1.0 ERROR
r-release-windows-ix86+x86_64 1.0 6.00 51.00 57.00 NOTE
r-oldrel-windows-ix86+x86_64 1.0 14.00 84.00 98.00 NOTE

Check Details

Version: 1.0
Check: DESCRIPTION meta-information
Result: NOTE
    Malformed Description field: should contain one or more complete sentences.
Flavors: r-devel-windows-ix86+x86_64, r-release-windows-ix86+x86_64

Version: 1.0
Check: R code for possible problems
Result: NOTE
    checkDNAbcd: no visible global function definition for 'haplotype'
Flavors: r-devel-windows-ix86+x86_64, r-release-windows-ix86+x86_64, r-oldrel-windows-ix86+x86_64