CRAN Package Check Results for Package adhoc

Last updated on 2014-08-29 09:47:51.

Flavor Version Tinstall Tcheck Ttotal Status Flags
r-devel-linux-x86_64-debian-clang 1.0 2.81 41.53 44.34 NOTE
r-devel-linux-x86_64-debian-gcc 1.0 2.32 40.85 43.16 NOTE
r-devel-linux-x86_64-fedora-clang 1.0 100.27 NOTE
r-devel-linux-x86_64-fedora-gcc 1.0 94.36 NOTE
r-devel-osx-x86_64-clang 1.0 81.87 NOTE
r-devel-windows-ix86+x86_64 1.0 10.00 67.00 77.00 NOTE
r-patched-linux-x86_64 1.0 2.48 43.14 45.62 OK
r-patched-solaris-sparc 1.0 543.40 OK
r-patched-solaris-x86 1.0 131.70 OK
r-release-linux-ix86 1.0 3.15 54.25 57.40 OK
r-release-linux-x86_64 1.0 2.55 43.47 46.02 OK
r-release-osx-x86_64-mavericks 1.0 OK
r-release-osx-x86_64-snowleopard 1.0 OK
r-release-windows-ix86+x86_64 1.0 11.00 76.00 87.00 OK
r-oldrel-windows-ix86+x86_64 1.0 11.00 79.00 90.00 OK

Check Details

Version: 1.0
Check: R code for possible problems
Result: NOTE
    checkDNAbcd: no visible global function definition for ‘haplotype’
Flavors: r-devel-linux-x86_64-debian-clang, r-devel-linux-x86_64-debian-gcc, r-devel-linux-x86_64-fedora-clang, r-devel-linux-x86_64-fedora-gcc, r-devel-osx-x86_64-clang, r-devel-windows-ix86+x86_64