CRAN Package Check Results for Package adhoc

Last updated on 2014-09-02 22:47:32.

Flavor Version Tinstall Tcheck Ttotal Status Flags
r-devel-linux-x86_64-debian-clang 1.0 2.40 41.84 44.24 NOTE
r-devel-linux-x86_64-debian-gcc 1.0 2.40 40.84 43.24 NOTE
r-devel-linux-x86_64-fedora-clang 1.0 100.40 NOTE
r-devel-linux-x86_64-fedora-gcc 1.0 93.68 NOTE
r-devel-osx-x86_64-clang 1.0 81.70 NOTE
r-devel-windows-ix86+x86_64 1.0 11.00 71.00 82.00 NOTE
r-patched-linux-x86_64 1.0 2.51 43.76 46.26 OK
r-patched-solaris-sparc 1.0 543.40 OK
r-patched-solaris-x86 1.0 128.20 OK
r-release-linux-ix86 1.0 3.06 54.23 57.30 OK
r-release-linux-x86_64 1.0 2.72 44.42 47.15 OK
r-release-osx-x86_64-mavericks 1.0 OK
r-release-osx-x86_64-snowleopard 1.0 OK
r-release-windows-ix86+x86_64 1.0 12.00 78.00 90.00 OK
r-oldrel-windows-ix86+x86_64 1.0 13.00 79.00 92.00 OK

Check Details

Version: 1.0
Check: R code for possible problems
Result: NOTE
    checkDNAbcd: no visible global function definition for ‘haplotype’
Flavors: r-devel-linux-x86_64-debian-clang, r-devel-linux-x86_64-debian-gcc, r-devel-linux-x86_64-fedora-clang, r-devel-linux-x86_64-fedora-gcc, r-devel-osx-x86_64-clang, r-devel-windows-ix86+x86_64