CRAN Package Check Results for Package adhoc

Last updated on 2020-09-19 16:47:40 CEST.

Flavor Version Tinstall Tcheck Ttotal Status Flags
r-devel-linux-x86_64-debian-clang 1.1 18.63 163.34 181.97 NOTE
r-devel-linux-x86_64-debian-gcc 1.1 16.86 124.38 141.24 NOTE
r-devel-linux-x86_64-fedora-clang 1.1 250.43 NOTE
r-devel-linux-x86_64-fedora-gcc 1.1 238.13 NOTE
r-devel-windows-ix86+x86_64 1.1 51.00 150.00 201.00 OK
r-patched-linux-x86_64 1.1 18.21 157.53 175.74 NOTE
r-patched-solaris-x86 1.1 333.10 NOTE
r-release-linux-x86_64 1.1 13.81 157.59 171.40 NOTE
r-release-macos-x86_64 1.1 OK
r-release-windows-ix86+x86_64 1.1 46.00 155.00 201.00 OK
r-oldrel-macos-x86_64 1.1 OK
r-oldrel-windows-ix86+x86_64 1.1 29.00 184.00 213.00 OK

Check Details

Version: 1.1
Check: for non-standard things in the check directory
Result: NOTE
    Found the following files/directories:
     'Bestmatches.csv' 'ID.csv' 'listsp.csv' 'mylabels.csv'
Flavors: r-devel-linux-x86_64-debian-clang, r-devel-linux-x86_64-debian-gcc, r-devel-linux-x86_64-fedora-clang, r-devel-linux-x86_64-fedora-gcc, r-patched-linux-x86_64, r-patched-solaris-x86, r-release-linux-x86_64