Last updated on 2021-03-01 03:53:09 CET.
Flavor | Version | Tinstall | Tcheck | Ttotal | Status | Flags |
---|---|---|---|---|---|---|
r-devel-linux-x86_64-debian-clang | 1.1 | NOTE | ||||
r-devel-linux-x86_64-debian-gcc | 1.1 | 16.90 | 130.26 | 147.16 | NOTE | |
r-devel-linux-x86_64-fedora-clang | 1.1 | 242.08 | NOTE | |||
r-devel-linux-x86_64-fedora-gcc | 1.1 | 224.61 | NOTE | |||
r-devel-windows-ix86+x86_64 | 1.1 | 32.00 | 146.00 | 178.00 | OK | |
r-patched-linux-x86_64 | 1.1 | 13.50 | 160.03 | 173.53 | NOTE | |
r-patched-solaris-x86 | 1.1 | 351.90 | NOTE | |||
r-release-linux-x86_64 | 1.1 | 14.04 | 159.41 | 173.45 | NOTE | |
r-release-macos-x86_64 | 1.1 | OK | ||||
r-release-windows-ix86+x86_64 | 1.1 | 48.00 | 210.00 | 258.00 | OK | |
r-oldrel-macos-x86_64 | 1.1 | OK | ||||
r-oldrel-windows-ix86+x86_64 | 1.1 | 24.00 | 185.00 | 209.00 | OK |
Version: 1.1
Check: for non-standard things in the check directory
Result: NOTE
Found the following files/directories:
'Bestmatches.csv' 'ID.csv' 'listsp.csv' 'mylabels.csv'
Flavors: r-devel-linux-x86_64-debian-clang, r-devel-linux-x86_64-debian-gcc, r-devel-linux-x86_64-fedora-clang, r-devel-linux-x86_64-fedora-gcc, r-patched-linux-x86_64, r-patched-solaris-x86, r-release-linux-x86_64