CRAN Package Check Results for Package adhoc

Last updated on 2016-05-29 06:46:34.

Flavor Version Tinstall Tcheck Ttotal Status Flags
r-devel-linux-x86_64-debian-gcc 1.0 4.31 57.58 61.89 NOTE
r-devel-linux-x86_64-fedora-clang 1.0 130.48 NOTE
r-devel-linux-x86_64-fedora-gcc 1.0 120.02 NOTE
r-devel-osx-x86_64-clang 1.0 131.49 NOTE
r-devel-windows-ix86+x86_64 1.0 13.00 135.00 148.00 NOTE
r-patched-linux-x86_64 1.0 4.57 56.82 61.39 NOTE
r-patched-solaris-sparc 1.0 726.50 NOTE
r-patched-solaris-x86 1.0 164.70 NOTE
r-release-linux-x86_64 1.0 4.41 56.07 60.48 NOTE
r-release-osx-x86_64-mavericks 1.0 NOTE
r-release-windows-ix86+x86_64 1.0 20.00 103.00 123.00 NOTE
r-oldrel-windows-ix86+x86_64 1.0 15.00 150.00 165.00 NOTE

Check Details

Version: 1.0
Check: DESCRIPTION meta-information
Result: NOTE
    Malformed Description field: should contain one or more complete sentences.
Flavors: r-devel-linux-x86_64-debian-gcc, r-devel-linux-x86_64-fedora-clang, r-devel-linux-x86_64-fedora-gcc, r-devel-osx-x86_64-clang, r-devel-windows-ix86+x86_64, r-patched-linux-x86_64, r-patched-solaris-sparc, r-patched-solaris-x86, r-release-linux-x86_64, r-release-osx-x86_64-mavericks, r-release-windows-ix86+x86_64, r-oldrel-windows-ix86+x86_64

Version: 1.0
Check: R code for possible problems
Result: NOTE
    adhocTHR: no visible global function definition for ‘write.csv’
    adhocTHR: no visible global function definition for ‘lm’
    checkDNAbcd: no visible global function definition for ‘haplotype’
    checkDNAbcd: no visible global function definition for ‘write.csv’
    Undefined global functions or variables:
     haplotype lm write.csv
    Consider adding
     importFrom("stats", "lm")
     importFrom("utils", "write.csv")
    to your NAMESPACE file.
Flavors: r-devel-linux-x86_64-debian-gcc, r-devel-linux-x86_64-fedora-clang, r-devel-linux-x86_64-fedora-gcc, r-devel-osx-x86_64-clang, r-devel-windows-ix86+x86_64, r-patched-linux-x86_64, r-patched-solaris-sparc, r-patched-solaris-x86, r-release-linux-x86_64, r-release-osx-x86_64-mavericks, r-release-windows-ix86+x86_64

Version: 1.0
Check: R code for possible problems
Result: NOTE
    checkDNAbcd: no visible global function definition for 'haplotype'
Flavor: r-oldrel-windows-ix86+x86_64