CRAN Package Check Results for Package adjSURVCI

Last updated on 2022-12-08 04:06:23 CET.

Flavor Version Tinstall Tcheck Ttotal Status Flags
r-devel-linux-x86_64-debian-clang 1.0 83.21 86.23 169.44 OK
r-devel-linux-x86_64-debian-gcc 1.0 52.75 65.83 118.58 OK
r-devel-linux-x86_64-fedora-clang 1.0 219.25 OK
r-devel-linux-x86_64-fedora-gcc 1.0 202.51 OK
r-devel-windows-x86_64 1.0 53.00 123.00 176.00 OK
r-patched-linux-x86_64 1.0 58.52 82.15 140.67 OK
r-release-linux-x86_64 1.0 56.52 82.13 138.65 OK
r-release-macos-arm64 1.0 61.00 NOTE
r-release-macos-x86_64 1.0 68.00 NOTE
r-release-windows-x86_64 1.0 64.00 126.00 190.00 OK
r-oldrel-macos-arm64 1.0 43.00 NOTE
r-oldrel-macos-x86_64 1.0 70.00 NOTE
r-oldrel-windows-ix86+x86_64 1.0 140.00 146.00 286.00 OK

Check Details

Version: 1.0
Check: installed package size
Result: NOTE
     installed size is 6.4Mb
     sub-directories of 1Mb or more:
     libs 6.2Mb
Flavors: r-release-macos-arm64, r-release-macos-x86_64, r-oldrel-macos-arm64, r-oldrel-macos-x86_64