CRAN Package Check Results for Package adobeanalyticsr

Last updated on 2021-12-07 08:51:45 CET.

Flavor Version Tinstall Tcheck Ttotal Status Flags
r-devel-linux-x86_64-debian-clang 0.1.5 9.77 78.93 88.70 NOTE
r-devel-linux-x86_64-debian-gcc 0.1.5 8.34 60.30 68.64 NOTE
r-devel-linux-x86_64-fedora-clang 0.1.5 108.59 NOTE
r-devel-linux-x86_64-fedora-gcc 0.1.5 97.83 NOTE
r-devel-windows-x86_64-new-UL 0.1.5 21.00 110.00 131.00 NOTE
r-devel-windows-x86_64-new-TK 0.1.5 NOTE
r-devel-windows-x86_64-old 0.1.5 15.00 92.00 107.00 NOTE
r-patched-linux-x86_64 0.1.5 9.71 74.16 83.87 NOTE
r-release-linux-x86_64 0.1.5 10.04 74.16 84.20 NOTE
r-release-macos-arm64 0.1.5 NOTE
r-release-macos-x86_64 0.1.5 NOTE
r-release-windows-ix86+x86_64 0.1.5 14.00 78.00 92.00 NOTE
r-oldrel-macos-x86_64 0.1.5 NOTE
r-oldrel-windows-ix86+x86_64 0.1.5 21.00 93.00 114.00 OK

Check Details

Version: 0.1.5
Check: LazyData
Result: NOTE
     'LazyData' is specified without a 'data' directory
Flavors: r-devel-linux-x86_64-debian-clang, r-devel-linux-x86_64-debian-gcc, r-devel-linux-x86_64-fedora-clang, r-devel-linux-x86_64-fedora-gcc, r-devel-windows-x86_64-new-UL, r-devel-windows-x86_64-new-TK, r-devel-windows-x86_64-old, r-patched-linux-x86_64, r-release-linux-x86_64, r-release-macos-arm64, r-release-macos-x86_64, r-release-windows-ix86+x86_64

Version: 0.1.5
Check: dependencies in R code
Result: NOTE
    Namespaces in Imports field not imported from:
     ‘knitr’ ‘lifecycle’
     All declared Imports should be used.
Flavors: r-devel-linux-x86_64-fedora-clang, r-devel-linux-x86_64-fedora-gcc, r-devel-windows-x86_64-new-TK, r-release-macos-arm64, r-release-macos-x86_64, r-oldrel-macos-x86_64