CRAN Package Check Results for Package afex

Last updated on 2016-05-03 15:49:07.

Flavor Version Tinstall Tcheck Ttotal Status Flags
r-devel-linux-x86_64-debian-gcc 0.16-1 4.74 101.39 106.12 OK
r-devel-linux-x86_64-fedora-clang 0.16-1 212.25 OK
r-devel-linux-x86_64-fedora-gcc 0.16-1 208.09 OK
r-devel-osx-x86_64-clang 0.16-1 210.48 OK
r-devel-windows-ix86+x86_64 0.16-1 17.00 189.00 206.00 OK
r-patched-linux-x86_64 0.16-1 4.67 103.12 107.79 OK
r-patched-solaris-sparc 0.16-1 1302.10 OK
r-patched-solaris-x86 0.16-1 269.40 OK
r-release-linux-x86_64 0.16-1 4.85 107.60 112.44 OK
r-release-osx-x86_64-mavericks 0.16-1 OK
r-release-windows-ix86+x86_64 0.16-1 14.00 194.00 208.00 OK
r-oldrel-windows-ix86+x86_64 0.16-1 20.00 165.00 185.00 ERROR

Check Details

Version: 0.16-1
Check: examples
Result: ERROR
    Running examples in 'afex-Ex.R' failed
    The error most likely occurred in:
    
    > ### Name: md_15.1
    > ### Title: Data 15.1 / 11.5 from Maxwell & Delaney
    > ### Aliases: md_15.1
    > ### Keywords: dataset
    >
    > ### ** Examples
    >
    > ### replicate results from Table 15.2 to 15.6 (Maxwell & Delaney, 2004, pp. 774)
    > data(md_15.1)
    >
    > ### ANOVA results (Table 15.2)
    > aov_4(iq ~ timecat + (timecat|id),data=md_15.1, anova_table=list(correction = "none"))
    Anova Table (Type 3 tests)
    
    Response: iq
     Effect df MSE F ges p.value
    1 timecat 3, 33 60.79 3.03 * .06 .04
    >
    > ### Table 15.3 (random intercept only)
    > # we need to set the base level on the last level:
    > contrasts(md_15.1$timecat) <- contr.treatment(4, base = 4)
    > # "Type 3 Tests of Fixed Effects"
    > (t15.3 <- mixed(iq ~ timecat + (1|id),data=md_15.1, check.contrasts=FALSE))
    Fitting 2 (g)lmer() models:
    [..]
    Obtaining 1 p-values:
    [Error in cbind(do.call(cbind, SigmaG$G), X) :
     number of rows of matrices must match (see arg 2)
    Calls: mixed ... vcovAdj -> vcovAdj.lmerMod -> vcovAdj16_internal -> cbind
    Execution halted
Flavor: r-oldrel-windows-ix86+x86_64