CRAN Package Check Results for Package afex

Last updated on 2016-02-09 18:49:03.

Flavor Version Tinstall Tcheck Ttotal Status Flags
r-devel-linux-x86_64-debian-gcc 0.15-2 4.69 100.07 104.76 OK
r-devel-linux-x86_64-fedora-clang 0.15-2 215.18 OK
r-devel-linux-x86_64-fedora-gcc 0.15-2 207.68 OK
r-devel-osx-x86_64-clang 0.15-2 208.12 OK
r-devel-windows-ix86+x86_64 0.15-2 21.00 171.00 192.00 OK
r-patched-linux-x86_64 0.15-2 4.86 105.35 110.22 OK
r-patched-solaris-sparc 0.15-2 1418.10 OK
r-patched-solaris-x86 0.15-2 281.40 OK
r-release-linux-x86_64 0.15-2 4.85 107.71 112.56 OK
r-release-osx-x86_64-mavericks 0.15-2 OK
r-release-windows-ix86+x86_64 0.15-2 21.00 164.00 185.00 OK
r-oldrel-windows-ix86+x86_64 0.15-2 34.00 153.00 187.00 ERROR

Check Details

Version: 0.15-2
Check: examples
Result: ERROR
    Running examples in 'afex-Ex.R' failed
    The error most likely occurred in:
    
    > ### Name: md_15.1
    > ### Title: Data 15.1 / 11.5 from Maxwell & Delaney
    > ### Aliases: md_15.1
    > ### Keywords: dataset
    >
    > ### ** Examples
    >
    > ### replicate results from Table 15.2 to 15.6 (Maxwell & Delaney, 2004, pp. 774)
    > data(md_15.1)
    >
    > ### ANOVA results (Table 15.2)
    > aov_4(iq ~ timecat + (timecat|id),data=md_15.1, anova_table=list(correction = "none"))
     Effect df MSE F ges p.value
    1 timecat 3, 33 60.79 3.03 * .06 .04
    >
    > ### Table 15.3 (random intercept only)
    > # we need to set the base level on the last level:
    > contrasts(md_15.1$timecat) <- contr.treatment(4, base = 4)
    > # "Type 3 Tests of Fixed Effects"
    > (t15.3 <- mixed(iq ~ timecat + (1|id),data=md_15.1, check.contrasts=FALSE))
    Fitting 2 (g)lmer() models:
    [..]
    Obtaining 1 p-values:
    [Error in cbind(do.call(cbind, SigmaG$G), X) :
     number of rows of matrices must match (see arg 2)
    Calls: mixed ... vcovAdj -> vcovAdj.lmerMod -> vcovAdj16_internal -> cbind
    Execution halted
Flavor: r-oldrel-windows-ix86+x86_64