CRAN Package Check Results for Package afex

Last updated on 2015-08-01 14:50:44.

Flavor Version Tinstall Tcheck Ttotal Status Flags
r-devel-linux-x86_64-debian-clang 0.13-145 4.29 56.17 60.46 NOTE
r-devel-linux-x86_64-debian-gcc 0.13-145 4.39 52.61 57.00 NOTE
r-devel-linux-x86_64-fedora-clang 0.13-145 119.43 NOTE
r-devel-linux-x86_64-fedora-gcc 0.13-145 115.43 NOTE
r-devel-osx-x86_64-clang 0.13-145 96.68 OK
r-devel-windows-ix86+x86_64 0.13-145 19.00 90.00 109.00 NOTE
r-patched-linux-x86_64 0.13-145 4.32 53.23 57.55 OK
r-patched-solaris-sparc 0.13-145 736.00 OK
r-patched-solaris-x86 0.13-145 163.70 OK
r-release-linux-x86_64 0.13-145 4.53 53.23 57.76 OK
r-release-osx-x86_64-mavericks 0.13-145 NOTE
r-release-windows-ix86+x86_64 0.13-145 18.00 92.00 110.00 OK
r-oldrel-windows-ix86+x86_64 0.13-145 29.00 131.00 160.00 OK

Check Details

Version: 0.13-145
Check: R code for possible problems
Result: NOTE
    allFit: no visible global function definition for ‘setNames’
    allFit: no visible global function definition for ‘update’
    aov.car: no visible global function definition for ‘terms’
    aov.car: no visible global function definition for ‘xtabs’
    aov.car: no visible global function definition for ‘as.formula’
    aov.car : <anonymous>: no visible global function definition for
     ‘aggregate’
    aov.car : <anonymous>: no visible global function definition for
     ‘as.formula’
    aov.car: no visible global function definition for ‘contrasts<-’
    aov.car: no visible global function definition for ‘aov’
    aov.car: no visible global function definition for ‘coef’
    aov4: no visible global function definition for ‘as.formula’
    compare.2.vectors: no visible global function definition for ‘t.test’
    compare.2.vectors: no visible global function definition for
     ‘wilcox.test’
    compare.2.vectors: no visible global function definition for
     ‘as.formula’
    ez.glm: no visible global function definition for ‘as.formula’
    mixed: no visible global function definition for ‘contrasts<-’
    mixed: no visible global function definition for ‘as.formula’
    mixed: no visible global function definition for ‘terms’
    mixed: no visible global function definition for ‘model.matrix’
    mixed: no visible global function definition for ‘model.frame’
    mixed : check_likelihood: no visible global function definition for
     ‘logLik’
    mixed : check_likelihood: no visible binding for global variable
     ‘logLik’
    mixed: no visible global function definition for ‘anova’
    mixed : getFvalue: no visible global function definition for ‘vcov’
    univ : mauchly: no visible global function definition for ‘pchisq’
    univ: no visible global function definition for ‘pf’
    univ: no visible global function definition for ‘na.omit’
    Undefined global functions or variables:
     aggregate anova aov as.formula coef contrasts<- logLik model.frame
     model.matrix na.omit pchisq pf setNames t.test terms update vcov
     wilcox.test xtabs
    Consider adding
     importFrom("stats", "aggregate", "anova", "aov", "as.formula", "coef",
     "contrasts<-", "logLik", "model.frame", "model.matrix",
     "na.omit", "pchisq", "pf", "setNames", "t.test", "terms",
     "update", "vcov", "wilcox.test", "xtabs")
    to your NAMESPACE.
Flavors: r-devel-linux-x86_64-debian-clang, r-devel-linux-x86_64-debian-gcc, r-devel-linux-x86_64-fedora-clang, r-devel-linux-x86_64-fedora-gcc, r-devel-windows-ix86+x86_64

Version: 0.13-145
Check: Rd cross-references
Result: NOTE
    Package unavailable to check Rd xrefs: ‘ez’
Flavor: r-release-osx-x86_64-mavericks