CRAN Package Check Results for Package afex

Last updated on 2014-09-23 15:48:44.

Flavor Version Tinstall Tcheck Ttotal Status Flags
r-devel-linux-x86_64-debian-clang 0.10-113 5.56 66.03 71.59 NOTE
r-devel-linux-x86_64-debian-gcc 0.10-113 5.23 65.70 70.92 NOTE
r-devel-linux-x86_64-fedora-clang 0.10-113 173.22 NOTE
r-devel-linux-x86_64-fedora-gcc 0.10-113 156.49 NOTE
r-devel-osx-x86_64-clang 0.10-113 135.59 NOTE
r-devel-windows-ix86+x86_64 0.10-113 18.00 101.00 119.00 NOTE
r-patched-linux-x86_64 0.10-113 5.56 72.59 78.15 OK
r-patched-solaris-sparc 0.10-113 869.40 OK
r-patched-solaris-x86 0.10-113 226.20 OK
r-release-linux-ix86 0.10-113 6.75 85.79 92.54 OK
r-release-linux-x86_64 0.10-113 5.63 71.77 77.40 OK
r-release-osx-x86_64-mavericks 0.10-113 OK
r-release-osx-x86_64-snowleopard 0.10-113 OK
r-release-windows-ix86+x86_64 0.10-113 17.00 101.00 118.00 OK
r-oldrel-windows-ix86+x86_64 0.10-113 14.00 99.00 113.00 OK

Check Details

Version: 0.10-113
Check: R code for possible problems
Result: NOTE
    .model2restrictionMatrix: no visible global function definition for
     ‘rankMatrix’
    .model2restrictionMatrix: no visible global function definition for
     ‘getME’
    .restrictionMatrixBA: no visible global function definition for
     ‘rankMatrix’
    mixed: no visible global function definition for ‘clusterCall’
    mixed: no visible global function definition for ‘clusterExport’
    mixed: no visible global function definition for ‘clusterEvalQ’
    mixed: no visible global function definition for ‘clusterApplyLB’
    mixed : getFvalue: no visible global function definition for ‘fixef’
    mixed : getFvalue: no visible global function definition for
     ‘rankMatrix’
Flavors: r-devel-linux-x86_64-debian-clang, r-devel-linux-x86_64-debian-gcc, r-devel-linux-x86_64-fedora-clang, r-devel-linux-x86_64-fedora-gcc, r-devel-osx-x86_64-clang, r-devel-windows-ix86+x86_64