CRAN Package Check Results for Package afex

Last updated on 2021-01-24 18:47:20 CET.

Flavor Version Tinstall Tcheck Ttotal Status Flags
r-devel-linux-x86_64-debian-clang 0.28-1 16.26 380.71 396.97 OK
r-devel-linux-x86_64-debian-gcc 0.28-1 14.09 271.47 285.56 OK
r-devel-linux-x86_64-fedora-clang 0.28-1 458.66 NOTE
r-devel-linux-x86_64-fedora-gcc 0.28-1 450.71 OK
r-devel-windows-ix86+x86_64 0.28-1 39.00 459.00 498.00 OK
r-patched-linux-x86_64 0.28-1 14.80 348.94 363.74 OK
r-patched-solaris-x86 0.28-1 636.60 NOTE
r-release-linux-x86_64 0.28-1 16.48 352.33 368.81 OK
r-release-macos-x86_64 0.28-1 OK
r-release-windows-ix86+x86_64 0.28-1 30.00 353.00 383.00 OK
r-oldrel-macos-x86_64 0.28-1 OK
r-oldrel-windows-ix86+x86_64 0.28-1 27.00 414.00 441.00 OK

Check Details

Version: 0.28-1
Check: Rd cross-references
Result: NOTE
    Undeclared package ‘ez’ in Rd xrefs
Flavor: r-devel-linux-x86_64-fedora-clang

Version: 0.28-1
Check: installed package size
Result: NOTE
     installed size is 5.5Mb
     sub-directories of 1Mb or more:
     doc 3.6Mb
Flavor: r-patched-solaris-x86