CRAN Package Check Results for Package afex

Last updated on 2014-04-16 18:47:43.

Flavor Version Tinstall Tcheck Ttotal Status Flags
r-devel-linux-x86_64-debian-clang 0.8-94 6.13 70.24 76.36 OK
r-devel-linux-x86_64-debian-gcc 0.8-94 5.97 70.53 76.50 OK
r-devel-linux-x86_64-fedora-clang 0.8-94 175.69 OK
r-devel-linux-x86_64-fedora-gcc 0.8-94 164.04 OK
r-devel-macosx-x86_64-clang 0.8-94 142.24 OK
r-devel-macosx-x86_64-gcc 0.8-94 ERROR
r-devel-windows-ix86+x86_64 0.8-94 14.00 97.00 111.00 OK
r-patched-linux-x86_64 0.8-94 5.70 70.22 75.92 OK
r-patched-solaris-sparc 0.8-94 899.20 OK
r-patched-solaris-x86 0.8-94 207.20 OK
r-release-linux-ix86 0.8-94 13.00 109.00 122.00 OK
r-release-linux-x86_64 0.8-94 5.82 58.74 64.56 OK
r-release-macosx-x86_64 0.8-94 OK
r-release-windows-ix86+x86_64 0.8-94 14.00 100.00 114.00 OK
r-oldrel-windows-ix86+x86_64 0.8-94 15.00 92.00 107.00 OK

Check Details

Version: 0.8-94
Check: package dependencies
Result: ERROR
    Package required but not available: ‘car’
    
    See the information on DESCRIPTION files in the chapter ‘Creating R
    packages’ of the ‘Writing R Extensions’ manual.
Flavor: r-devel-macosx-x86_64-gcc