CRAN Package Check Results for Package afex

Last updated on 2014-08-21 15:47:37.

Flavor Version Tinstall Tcheck Ttotal Status Flags
r-devel-linux-x86_64-debian-clang 0.10-113 6.24 69.66 75.90 OK
r-devel-linux-x86_64-debian-gcc 0.10-113 5.46 68.55 74.01 OK
r-devel-linux-x86_64-fedora-clang 0.10-113 185.29 NOTE
r-devel-linux-x86_64-fedora-gcc 0.10-113 165.04 NOTE
r-devel-osx-x86_64-clang 0.10-113 140.06 NOTE
r-devel-windows-ix86+x86_64 0.10-113 18.00 101.00 119.00 OK
r-patched-linux-x86_64 0.10-113 7.71 69.75 77.46 OK
r-patched-solaris-sparc 0.10-113 869.40 OK
r-patched-solaris-x86 0.10-113 221.90 OK
r-release-linux-ix86 0.10-113 7.24 85.43 92.67 OK
r-release-linux-x86_64 0.10-113 6.80 70.54 77.34 OK
r-release-osx-x86_64-mavericks 0.10-113 OK
r-release-osx-x86_64-snowleopard 0.10-113 OK
r-release-windows-ix86+x86_64 0.10-113 15.00 101.00 116.00 OK
r-oldrel-windows-ix86+x86_64 0.10-113 17.00 108.00 125.00 OK

Check Details

Version: 0.10-113
Check: R code for possible problems
Result: NOTE
    .model2restrictionMatrix: no visible global function definition for
     ‘rankMatrix’
    .model2restrictionMatrix: no visible global function definition for
     ‘getME’
    .restrictionMatrixBA: no visible global function definition for
     ‘rankMatrix’
    mixed: no visible global function definition for ‘clusterCall’
    mixed: no visible global function definition for ‘clusterExport’
    mixed: no visible global function definition for ‘clusterEvalQ’
    mixed: no visible global function definition for ‘clusterApplyLB’
    mixed : getFvalue: no visible global function definition for ‘fixef’
    mixed : getFvalue: no visible global function definition for
     ‘rankMatrix’
Flavors: r-devel-linux-x86_64-fedora-clang, r-devel-linux-x86_64-fedora-gcc, r-devel-osx-x86_64-clang