CRAN Package Check Results for Package afex

Last updated on 2015-05-28 17:47:40.

Flavor Version Tinstall Tcheck Ttotal Status Flags
r-devel-linux-x86_64-debian-clang 0.13-145 4.15 54.19 58.34 OK
r-devel-linux-x86_64-debian-gcc 0.13-145 4.22 52.98 57.19 OK
r-devel-linux-x86_64-fedora-clang 0.13-145 130.53 OK
r-devel-linux-x86_64-fedora-gcc 0.13-145 116.84 OK
r-devel-osx-x86_64-clang 0.13-145 98.97 OK
r-devel-windows-ix86+x86_64 0.13-145 13.00 84.00 97.00 OK
r-patched-linux-x86_64 0.13-145 4.16 51.84 56.00 OK
r-patched-solaris-sparc 0.13-145 711.60 OK
r-patched-solaris-x86 0.13-145 163.00 OK
r-release-linux-x86_64 0.13-145 4.44 53.13 57.56 OK
r-release-osx-x86_64-mavericks 0.13-145 NOTE
r-release-osx-x86_64-snowleopard 0.13-145 ERROR
r-release-windows-ix86+x86_64 0.13-145 12.00 77.00 89.00 OK
r-oldrel-windows-ix86+x86_64 0.13-145 22.00 117.00 139.00 OK

Check Details

Version: 0.13-145
Check: Rd cross-references
Result: NOTE
    Package unavailable to check Rd xrefs: ‘ez’
Flavor: r-release-osx-x86_64-mavericks

Version: 0.13-145
Check: package dependencies
Result: ERROR
    Package required but not available: ‘car’
    
    See section ‘The DESCRIPTION file’ in the ‘Writing R Extensions’
    manual.
Flavor: r-release-osx-x86_64-snowleopard