CRAN Package Check Results for Package afex

Last updated on 2015-04-19 19:51:41.

Flavor Version Tinstall Tcheck Ttotal Status Flags
r-devel-linux-x86_64-debian-clang 0.13-145 4.37 54.86 59.23 OK
r-devel-linux-x86_64-debian-gcc 0.13-145 4.31 51.75 56.06 OK
r-devel-linux-x86_64-fedora-clang 0.13-145 123.81 OK
r-devel-linux-x86_64-fedora-gcc 0.13-145 116.23 OK
r-devel-osx-x86_64-clang 0.13-145 105.65 OK
r-devel-windows-ix86+x86_64 0.13-145 16.00 111.00 127.00 OK
r-patched-linux-x86_64 0.13-145 4.65 52.59 57.24 OK
r-patched-solaris-sparc 0.13-145 709.50 OK
r-patched-solaris-x86 0.13-145 152.60 OK
r-release-linux-x86_64 0.13-145 4.07 52.37 56.44 OK
r-release-osx-x86_64-mavericks 0.13-145 NOTE
r-release-osx-x86_64-snowleopard 0.13-145 ERROR
r-release-windows-ix86+x86_64 0.13-145 9.00 74.00 83.00 OK
r-oldrel-windows-ix86+x86_64 0.13-145 18.00 110.00 128.00 OK

Check Details

Version: 0.13-145
Check: Rd cross-references
Result: NOTE
    Package unavailable to check Rd xrefs: ‘ez’
Flavor: r-release-osx-x86_64-mavericks

Version: 0.13-145
Check: package dependencies
Result: ERROR
    Package required but not available: ‘car’
    
    See section ‘The DESCRIPTION file’ in the ‘Writing R Extensions’
    manual.
Flavor: r-release-osx-x86_64-snowleopard