CRAN Package Check Results for Package aftgee

Last updated on 2014-11-20 19:48:13.

Flavor Version Tinstall Tcheck Ttotal Status Flags
r-devel-linux-x86_64-debian-clang 1.0-0 1.43 19.54 20.97 OK
r-devel-linux-x86_64-debian-gcc 1.0-0 1.76 20.04 21.79 OK
r-devel-linux-x86_64-fedora-clang 1.0-0 43.89 OK
r-devel-linux-x86_64-fedora-gcc 1.0-0 41.15 OK
r-devel-osx-x86_64-clang 1.0-0 42.68 OK
r-devel-windows-ix86+x86_64 1.0-0 8.00 41.00 49.00 OK
r-patched-linux-x86_64 1.0-0 1.81 20.28 22.09 OK
r-patched-solaris-sparc 1.0-0 268.80 OK
r-patched-solaris-x86 1.0-0 60.90 OK
r-release-linux-ix86 1.0-0 2.24 26.38 28.62 OK
r-release-linux-x86_64 1.0-0 1.76 19.90 21.66 OK
r-release-osx-x86_64-mavericks 1.0-0 ERROR
r-release-osx-x86_64-snowleopard 1.0-0 OK
r-release-windows-ix86+x86_64 1.0-0 11.00 45.00 56.00 OK
r-oldrel-windows-ix86+x86_64 1.0-0 7.00 45.00 52.00 OK

Check Details

Version: 1.0-0
Check: package dependencies
Result: NOTE
    Package suggested but not available for checking: ‘copula’
Flavor: r-release-osx-x86_64-mavericks

Version: 1.0-0
Check: examples
Result: ERROR
    Running examples in ‘aftgee-Ex.R’ failed
    The error most likely occurred in:
    
    > ### Name: aftgee
    > ### Title: Accelerated Failure Time with Generalize Estimating Equation
    > ### Aliases: aftgee summary.aftgee
    > ### Keywords: aftgee
    >
    > ### ** Examples
    >
    > library(survival)
    Loading required package: splines
    > library(copula)
    Error in library(copula) : there is no package called ‘copula’
    Execution halted
Flavor: r-release-osx-x86_64-mavericks