CRAN Package Check Results for Package aftgee

Last updated on 2016-08-27 17:53:15.

Flavor Version Tinstall Tcheck Ttotal Status Flags
r-devel-linux-x86_64-debian-clang 1.0-0 3.86 35.94 39.79 NOTE
r-devel-linux-x86_64-debian-gcc 1.0-0 4.98 47.53 52.51 NOTE
r-devel-linux-x86_64-fedora-clang 1.0-0 77.85 NOTE
r-devel-linux-x86_64-fedora-gcc 1.0-0 72.76 NOTE
r-devel-osx-x86_64-clang 1.0-0 62.34 NOTE
r-devel-windows-ix86+x86_64 1.0-0 13.00 83.00 96.00 NOTE
r-patched-linux-x86_64 1.0-0 3.43 35.18 38.60 NOTE
r-patched-solaris-sparc 1.0-0 449.50 NOTE
r-patched-solaris-x86 1.0-0 99.40 NOTE
r-release-linux-x86_64 1.0-0 3.76 35.98 39.73 NOTE
r-release-osx-x86_64-mavericks 1.0-0 NOTE
r-release-windows-ix86+x86_64 1.0-0 14.00 83.00 97.00 NOTE
r-oldrel-windows-ix86+x86_64 1.0-0 11.00 90.00 101.00 OK

Check Details

Version: 1.0-0
Check: R code for possible problems
Result: NOTE
    aftgee: no visible global function definition for ‘model.extract’
    aftgee: no visible global function definition for ‘model.matrix’
    aftgee: no visible global function definition for ‘lm’
    aftgee: no visible global function definition for ‘vcov’
    aftgee.fit: no visible global function definition for ‘lm’
    aftgee.fit: no visible global function definition for ‘rexp’
    aftgee.fit: no visible global function definition for ‘var’
    aftsrr: no visible global function definition for ‘model.extract’
    aftsrr: no visible global function definition for ‘model.matrix’
    aftsrr.fit: no visible global function definition for ‘lm’
    aftsrr.fit: no visible global function definition for ‘rexp’
    aftsrr.fit: no visible global function definition for ‘var’
    getSmoothSuv: no visible global function definition for ‘pnorm’
    print.summary.aftgee: no visible global function definition for
     ‘printCoefmat’
    print.summary.aftsrr: no visible global function definition for
     ‘printCoefmat’
    solveGehan: no visible global function definition for ‘nlm’
    summary.aftgee: no visible global function definition for ‘pnorm’
    summary.aftsrr: no visible global function definition for ‘pnorm’
    viEmp: no visible global function definition for ‘rexp’
    viEmp: no visible global function definition for ‘rnorm’
    viEmp: no visible global function definition for ‘var’
    zlFun: no visible global function definition for ‘lm’
    Undefined global functions or variables:
     lm model.extract model.matrix nlm pnorm printCoefmat rexp rnorm var
     vcov
    Consider adding
     importFrom("stats", "lm", "model.extract", "model.matrix", "nlm",
     "pnorm", "printCoefmat", "rexp", "rnorm", "var", "vcov")
    to your NAMESPACE file.
Flavors: r-devel-linux-x86_64-debian-clang, r-devel-linux-x86_64-debian-gcc, r-devel-linux-x86_64-fedora-clang, r-devel-linux-x86_64-fedora-gcc, r-devel-osx-x86_64-clang, r-devel-windows-ix86+x86_64, r-patched-linux-x86_64, r-patched-solaris-sparc, r-patched-solaris-x86, r-release-linux-x86_64, r-release-osx-x86_64-mavericks, r-release-windows-ix86+x86_64