CRAN Package Check Results for Package aftgee

Last updated on 2014-07-22 23:48:15.

Flavor Version Tinstall Tcheck Ttotal Status Flags
r-devel-linux-x86_64-debian-clang 0.4-3 1.26 20.26 21.52 OK
r-devel-linux-x86_64-debian-gcc 0.4-3 1.70 20.06 21.76 OK
r-devel-linux-x86_64-fedora-clang 0.4-3 48.11 OK
r-devel-linux-x86_64-fedora-gcc 0.4-3 46.04 OK
r-devel-osx-x86_64-clang 0.4-3 43.95 OK
r-devel-windows-ix86+x86_64 0.4-3 7.00 46.00 53.00 OK
r-patched-linux-x86_64 0.4-3 1.65 20.52 22.18 OK
r-patched-solaris-sparc 0.4-3 248.60 OK
r-patched-solaris-x86 0.4-3 66.20 OK
r-release-linux-ix86 0.4-3 2.38 28.24 30.62 OK
r-release-linux-x86_64 0.4-3 1.76 20.66 22.42 OK
r-release-osx-x86_64-mavericks 0.4-3 ERROR
r-release-osx-x86_64-snowleopard 0.4-3 OK
r-release-windows-ix86+x86_64 0.4-3 7.00 44.00 51.00 OK
r-oldrel-windows-ix86+x86_64 0.4-3 7.00 49.00 56.00 OK

Check Details

Version: 0.4-3
Check: package dependencies
Result: NOTE
    Package suggested but not available for checking: ‘copula’
Flavor: r-release-osx-x86_64-mavericks

Version: 0.4-3
Check: examples
Result: ERROR
    Running examples in ‘aftgee-Ex.R’ failed
    The error most likely occurred in:
    
    > ### Name: aftgee
    > ### Title: Accelerated Failure Time with Generalize Estimating Equation
    > ### Aliases: aftgee summary.aftgee
    > ### Keywords: aftgee
    >
    > ### ** Examples
    >
    > library(survival)
    Loading required package: splines
    > library(copula)
    Error in library(copula) : there is no package called ‘copula’
    Execution halted
Flavor: r-release-osx-x86_64-mavericks