CRAN Package Check Results for Package aftgee

Last updated on 2014-08-02 01:49:56.

Flavor Version Tinstall Tcheck Ttotal Status Flags
r-devel-linux-x86_64-debian-clang 0.4-3 1.30 20.58 21.89 OK
r-devel-linux-x86_64-debian-gcc 0.4-3 1.71 20.67 22.38 OK
r-devel-linux-x86_64-fedora-clang 0.4-3 46.83 OK
r-devel-linux-x86_64-fedora-gcc 0.4-3 43.87 OK
r-devel-osx-x86_64-clang 0.4-3 43.74 OK
r-devel-windows-ix86+x86_64 0.4-3 7.00 44.00 51.00 OK
r-patched-linux-x86_64 0.4-3 1.74 20.71 22.45 OK
r-patched-solaris-sparc 0.4-3 274.00 OK
r-patched-solaris-x86 0.4-3 66.00 OK
r-release-linux-ix86 0.4-3 2.39 27.85 30.24 OK
r-release-linux-x86_64 0.4-3 1.76 20.51 22.26 OK
r-release-osx-x86_64-mavericks 0.4-3 ERROR
r-release-osx-x86_64-snowleopard 0.4-3 OK
r-release-windows-ix86+x86_64 0.4-3 14.00 61.00 75.00 OK
r-oldrel-windows-ix86+x86_64 0.4-3 15.00 62.00 77.00 OK

Check Details

Version: 0.4-3
Check: package dependencies
Result: NOTE
    Package suggested but not available for checking: copula
Flavor: r-release-osx-x86_64-mavericks

Version: 0.4-3
Check: examples
Result: ERROR
    Running examples in aftgee-Ex.R failed
    The error most likely occurred in:
    
    > ### Name: aftgee
    > ### Title: Accelerated Failure Time with Generalize Estimating Equation
    > ### Aliases: aftgee summary.aftgee
    > ### Keywords: aftgee
    >
    > ### ** Examples
    >
    > library(survival)
    Loading required package: splines
    > library(copula)
    Error in library(copula) : there is no package called copula
    Execution halted
Flavor: r-release-osx-x86_64-mavericks