CRAN Package Check Results for Package aftgee

Last updated on 2014-12-22 21:47:10.

Flavor Version Tinstall Tcheck Ttotal Status Flags
r-devel-linux-x86_64-debian-clang 1.0-0 1.44 19.51 20.96 OK
r-devel-linux-x86_64-debian-gcc 1.0-0 1.76 19.14 20.91 OK
r-devel-linux-x86_64-fedora-clang 1.0-0 43.65 OK
r-devel-linux-x86_64-fedora-gcc 1.0-0 41.03 OK
r-devel-osx-x86_64-clang 1.0-0 41.84 OK
r-devel-windows-ix86+x86_64 1.0-0 9.00 46.00 55.00 OK
r-patched-linux-x86_64 1.0-0 1.82 19.87 21.70 OK
r-patched-solaris-sparc 1.0-0 251.40 OK
r-patched-solaris-x86 1.0-0 61.90 OK
r-release-linux-ix86 1.0-0 2.28 26.43 28.72 OK
r-release-linux-x86_64 1.0-0 1.78 20.25 22.03 OK
r-release-osx-x86_64-mavericks 1.0-0 ERROR
r-release-osx-x86_64-snowleopard 1.0-0 OK
r-release-windows-ix86+x86_64 1.0-0 8.00 45.00 53.00 OK
r-oldrel-windows-ix86+x86_64 1.0-0 8.00 45.00 53.00 OK

Check Details

Version: 1.0-0
Check: package dependencies
Result: NOTE
    Package suggested but not available for checking: ‘copula’
Flavor: r-release-osx-x86_64-mavericks

Version: 1.0-0
Check: examples
Result: ERROR
    Running examples in ‘aftgee-Ex.R’ failed
    The error most likely occurred in:
    
    > ### Name: aftgee
    > ### Title: Accelerated Failure Time with Generalize Estimating Equation
    > ### Aliases: aftgee summary.aftgee
    > ### Keywords: aftgee
    >
    > ### ** Examples
    >
    > library(survival)
    Loading required package: splines
    > library(copula)
    Error in library(copula) : there is no package called ‘copula’
    Execution halted
Flavor: r-release-osx-x86_64-mavericks