CRAN Package Check Results for Package aftgee

Last updated on 2016-07-24 15:46:31.

Flavor Version Tinstall Tcheck Ttotal Status Flags
r-devel-linux-x86_64-debian-clang 1.0-0 5.44 39.02 44.46 NOTE
r-devel-linux-x86_64-debian-gcc 1.0-0 4.21 38.51 42.71 NOTE
r-devel-linux-x86_64-fedora-clang 1.0-0 76.37 NOTE
r-devel-linux-x86_64-fedora-gcc 1.0-0 72.40 NOTE
r-devel-osx-x86_64-clang 1.0-0 62.25 NOTE
r-devel-windows-ix86+x86_64 1.0-0 11.00 87.00 98.00 NOTE
r-patched-linux-x86_64 1.0-0 4.02 38.37 42.38 NOTE
r-patched-solaris-sparc 1.0-0 449.50 NOTE
r-patched-solaris-x86 1.0-0 98.80 NOTE
r-release-linux-x86_64 1.0-0 4.66 40.76 45.42 NOTE
r-release-osx-x86_64-mavericks 1.0-0 NOTE
r-release-windows-ix86+x86_64 1.0-0 11.00 83.00 94.00 NOTE
r-oldrel-windows-ix86+x86_64 1.0-0 16.00 86.00 102.00 OK

Check Details

Version: 1.0-0
Check: R code for possible problems
Result: NOTE
    aftgee: no visible global function definition for ‘model.extract’
    aftgee: no visible global function definition for ‘model.matrix’
    aftgee: no visible global function definition for ‘lm’
    aftgee: no visible global function definition for ‘vcov’
    aftgee.fit: no visible global function definition for ‘lm’
    aftgee.fit: no visible global function definition for ‘rexp’
    aftgee.fit: no visible global function definition for ‘var’
    aftsrr: no visible global function definition for ‘model.extract’
    aftsrr: no visible global function definition for ‘model.matrix’
    aftsrr.fit: no visible global function definition for ‘lm’
    aftsrr.fit: no visible global function definition for ‘rexp’
    aftsrr.fit: no visible global function definition for ‘var’
    getSmoothSuv: no visible global function definition for ‘pnorm’
    print.summary.aftgee: no visible global function definition for
     ‘printCoefmat’
    print.summary.aftsrr: no visible global function definition for
     ‘printCoefmat’
    solveGehan: no visible global function definition for ‘nlm’
    summary.aftgee: no visible global function definition for ‘pnorm’
    summary.aftsrr: no visible global function definition for ‘pnorm’
    viEmp: no visible global function definition for ‘rexp’
    viEmp: no visible global function definition for ‘rnorm’
    viEmp: no visible global function definition for ‘var’
    zlFun: no visible global function definition for ‘lm’
    Undefined global functions or variables:
     lm model.extract model.matrix nlm pnorm printCoefmat rexp rnorm var
     vcov
    Consider adding
     importFrom("stats", "lm", "model.extract", "model.matrix", "nlm",
     "pnorm", "printCoefmat", "rexp", "rnorm", "var", "vcov")
    to your NAMESPACE file.
Flavors: r-devel-linux-x86_64-debian-clang, r-devel-linux-x86_64-debian-gcc, r-devel-linux-x86_64-fedora-clang, r-devel-linux-x86_64-fedora-gcc, r-devel-osx-x86_64-clang, r-devel-windows-ix86+x86_64, r-patched-linux-x86_64, r-patched-solaris-sparc, r-patched-solaris-x86, r-release-linux-x86_64, r-release-osx-x86_64-mavericks, r-release-windows-ix86+x86_64