CRAN Package Check Results for Package aftgee

Last updated on 2016-09-29 20:47:05.

Flavor Version Tinstall Tcheck Ttotal Status Flags
r-devel-linux-x86_64-debian-clang 1.0-0 3.42 32.81 36.23 NOTE
r-devel-linux-x86_64-debian-gcc 1.0-0 3.96 33.17 37.12 NOTE
r-devel-linux-x86_64-fedora-clang 1.0-0 86.16 NOTE
r-devel-linux-x86_64-fedora-gcc 1.0-0 70.52 NOTE
r-devel-macos-x86_64-clang 1.0-0 57.76 NOTE
r-devel-windows-ix86+x86_64 1.0-0 17.00 108.00 125.00 NOTE
r-patched-linux-x86_64 1.0-0 3.14 31.67 34.80 NOTE
r-patched-solaris-sparc 1.0-0 449.50 NOTE
r-patched-solaris-x86 1.0-0 98.50 NOTE
r-release-linux-x86_64 1.0-0 3.40 32.28 35.68 NOTE
r-release-osx-x86_64-mavericks 1.0-0 NOTE
r-release-windows-ix86+x86_64 1.0-0 10.00 67.00 77.00 NOTE
r-oldrel-windows-ix86+x86_64 1.0-0 18.00 104.00 122.00 OK

Check Details

Version: 1.0-0
Check: R code for possible problems
Result: NOTE
    aftgee: no visible global function definition for ‘model.extract’
    aftgee: no visible global function definition for ‘model.matrix’
    aftgee: no visible global function definition for ‘lm’
    aftgee: no visible global function definition for ‘vcov’
    aftgee.fit: no visible global function definition for ‘lm’
    aftgee.fit: no visible global function definition for ‘rexp’
    aftgee.fit: no visible global function definition for ‘var’
    aftsrr: no visible global function definition for ‘model.extract’
    aftsrr: no visible global function definition for ‘model.matrix’
    aftsrr.fit: no visible global function definition for ‘lm’
    aftsrr.fit: no visible global function definition for ‘rexp’
    aftsrr.fit: no visible global function definition for ‘var’
    getSmoothSuv: no visible global function definition for ‘pnorm’
    print.summary.aftgee: no visible global function definition for
     ‘printCoefmat’
    print.summary.aftsrr: no visible global function definition for
     ‘printCoefmat’
    solveGehan: no visible global function definition for ‘nlm’
    summary.aftgee: no visible global function definition for ‘pnorm’
    summary.aftsrr: no visible global function definition for ‘pnorm’
    viEmp: no visible global function definition for ‘rexp’
    viEmp: no visible global function definition for ‘rnorm’
    viEmp: no visible global function definition for ‘var’
    zlFun: no visible global function definition for ‘lm’
    Undefined global functions or variables:
     lm model.extract model.matrix nlm pnorm printCoefmat rexp rnorm var
     vcov
    Consider adding
     importFrom("stats", "lm", "model.extract", "model.matrix", "nlm",
     "pnorm", "printCoefmat", "rexp", "rnorm", "var", "vcov")
    to your NAMESPACE file.
Flavors: r-devel-linux-x86_64-debian-clang, r-devel-linux-x86_64-debian-gcc, r-devel-linux-x86_64-fedora-clang, r-devel-linux-x86_64-fedora-gcc, r-devel-macos-x86_64-clang, r-devel-windows-ix86+x86_64, r-patched-linux-x86_64, r-patched-solaris-sparc, r-patched-solaris-x86, r-release-linux-x86_64, r-release-osx-x86_64-mavericks, r-release-windows-ix86+x86_64