CRAN Package Check Results for Package aftgee

Last updated on 2015-08-28 17:49:11.

Flavor Version Tinstall Tcheck Ttotal Status Flags
r-devel-linux-x86_64-debian-clang 1.0-0 1.19 19.22 20.41 NOTE
r-devel-linux-x86_64-debian-gcc 1.0-0 1.60 16.86 18.46 NOTE
r-devel-linux-x86_64-fedora-clang 1.0-0 37.10 NOTE
r-devel-linux-x86_64-fedora-gcc 1.0-0 34.23 NOTE
r-devel-osx-x86_64-clang 1.0-0 32.70 OK
r-devel-windows-ix86+x86_64 1.0-0 9.00 42.00 51.00 NOTE
r-patched-linux-x86_64 1.0-0 1.56 18.35 19.90 OK
r-patched-solaris-sparc 1.0-0 241.90 OK
r-patched-solaris-x86 1.0-0 55.70 OK
r-release-linux-x86_64 1.0-0 1.58 17.53 19.12 OK
r-release-osx-x86_64-mavericks 1.0-0 OK
r-release-windows-ix86+x86_64 1.0-0 11.00 43.00 54.00 OK
r-oldrel-windows-ix86+x86_64 1.0-0 11.00 54.00 65.00 OK

Check Details

Version: 1.0-0
Check: R code for possible problems
Result: NOTE
    aftgee: no visible global function definition for ‘model.extract’
    aftgee: no visible global function definition for ‘model.matrix’
    aftgee: no visible global function definition for ‘lm’
    aftgee: no visible global function definition for ‘vcov’
    aftgee.fit: no visible global function definition for ‘lm’
    aftgee.fit: no visible global function definition for ‘rexp’
    aftgee.fit: no visible global function definition for ‘var’
    aftsrr: no visible global function definition for ‘model.extract’
    aftsrr: no visible global function definition for ‘model.matrix’
    aftsrr.fit: no visible global function definition for ‘lm’
    aftsrr.fit: no visible global function definition for ‘rexp’
    aftsrr.fit: no visible global function definition for ‘var’
    getSmoothSuv: no visible global function definition for ‘pnorm’
    print.summary.aftgee: no visible global function definition for
     ‘printCoefmat’
    print.summary.aftsrr: no visible global function definition for
     ‘printCoefmat’
    solveGehan: no visible global function definition for ‘nlm’
    summary.aftgee: no visible global function definition for ‘pnorm’
    summary.aftsrr: no visible global function definition for ‘pnorm’
    viEmp: no visible global function definition for ‘rexp’
    viEmp: no visible global function definition for ‘rnorm’
    viEmp: no visible global function definition for ‘var’
    zlFun: no visible global function definition for ‘lm’
    Undefined global functions or variables:
     lm model.extract model.matrix nlm pnorm printCoefmat rexp rnorm var
     vcov
    Consider adding
     importFrom("stats", "lm", "model.extract", "model.matrix", "nlm",
     "pnorm", "printCoefmat", "rexp", "rnorm", "var", "vcov")
    to your NAMESPACE.
Flavors: r-devel-linux-x86_64-debian-clang, r-devel-linux-x86_64-debian-gcc, r-devel-linux-x86_64-fedora-clang, r-devel-linux-x86_64-fedora-gcc, r-devel-windows-ix86+x86_64