CRAN Package Check Results for Package aftgee

Last updated on 2014-09-01 14:46:23.

Flavor Version Tinstall Tcheck Ttotal Status Flags
r-devel-linux-x86_64-debian-clang 0.4-3 1.54 18.14 19.68 OK
r-devel-linux-x86_64-debian-gcc 0.4-3 1.62 18.88 20.50 OK
r-devel-linux-x86_64-fedora-clang 0.4-3 41.02 OK
r-devel-linux-x86_64-fedora-gcc 0.4-3 38.14 OK
r-devel-osx-x86_64-clang 0.4-3 38.56 OK
r-devel-windows-ix86+x86_64 0.4-3 6.00 39.00 45.00 OK
r-patched-linux-x86_64 0.4-3 2.03 20.06 22.09 OK
r-patched-solaris-sparc 0.4-3 274.00 OK
r-patched-solaris-x86 0.4-3 64.90 OK
r-release-linux-ix86 0.4-3 2.34 27.92 30.26 OK
r-release-linux-x86_64 0.4-3 1.72 20.62 22.34 OK
r-release-osx-x86_64-mavericks 0.4-3 ERROR
r-release-osx-x86_64-snowleopard 0.4-3 OK
r-release-windows-ix86+x86_64 0.4-3 7.00 44.00 51.00 OK
r-oldrel-windows-ix86+x86_64 0.4-3 11.00 46.00 57.00 OK

Check Details

Version: 0.4-3
Check: package dependencies
Result: NOTE
    Package suggested but not available for checking: ‘copula’
Flavor: r-release-osx-x86_64-mavericks

Version: 0.4-3
Check: examples
Result: ERROR
    Running examples in ‘aftgee-Ex.R’ failed
    The error most likely occurred in:
    
    > ### Name: aftgee
    > ### Title: Accelerated Failure Time with Generalize Estimating Equation
    > ### Aliases: aftgee summary.aftgee
    > ### Keywords: aftgee
    >
    > ### ** Examples
    >
    > library(survival)
    Loading required package: splines
    > library(copula)
    Error in library(copula) : there is no package called ‘copula’
    Execution halted
Flavor: r-release-osx-x86_64-mavericks