CRAN Package Check Results for Package aftgee

Last updated on 2017-03-27 05:47:37.

Flavor Version Tinstall Tcheck Ttotal Status Flags
r-devel-linux-x86_64-debian-clang 1.0-0 3.84 36.19 40.04 NOTE
r-devel-linux-x86_64-debian-gcc 1.0-0 3.64 36.10 39.74 NOTE
r-devel-linux-x86_64-fedora-clang 1.0-0 89.26 NOTE --no-stop-on-test-error
r-devel-linux-x86_64-fedora-gcc 1.0-0 93.99 NOTE --no-stop-on-test-error
r-devel-macos-x86_64-clang 1.0-0 67.72 NOTE --no-stop-on-test-error
r-patched-linux-x86_64 1.0-0 3.45 35.79 39.23 NOTE
r-patched-solaris-sparc 1.0-0 509.70 NOTE
r-patched-solaris-x86 1.0-0 116.60 NOTE
r-release-linux-x86_64 1.0-0 3.05 32.82 35.87 NOTE
r-release-osx-x86_64-mavericks 1.0-0 NOTE
r-release-windows-ix86+x86_64 1.0-0 16.00 80.00 96.00 NOTE
r-oldrel-windows-ix86+x86_64 1.0-0 10.00 77.00 87.00 OK

Check Details

Version: 1.0-0
Check: R code for possible problems
Result: NOTE
    aftgee: no visible global function definition for ‘model.extract’
    aftgee: no visible global function definition for ‘model.matrix’
    aftgee: no visible global function definition for ‘lm’
    aftgee: no visible global function definition for ‘vcov’
    aftgee.fit: no visible global function definition for ‘lm’
    aftgee.fit: no visible global function definition for ‘rexp’
    aftgee.fit: no visible global function definition for ‘var’
    aftsrr: no visible global function definition for ‘model.extract’
    aftsrr: no visible global function definition for ‘model.matrix’
    aftsrr.fit: no visible global function definition for ‘lm’
    aftsrr.fit: no visible global function definition for ‘rexp’
    aftsrr.fit: no visible global function definition for ‘var’
    getSmoothSuv: no visible global function definition for ‘pnorm’
    print.summary.aftgee: no visible global function definition for
     ‘printCoefmat’
    print.summary.aftsrr: no visible global function definition for
     ‘printCoefmat’
    solveGehan: no visible global function definition for ‘nlm’
    summary.aftgee: no visible global function definition for ‘pnorm’
    summary.aftsrr: no visible global function definition for ‘pnorm’
    viEmp: no visible global function definition for ‘rexp’
    viEmp: no visible global function definition for ‘rnorm’
    viEmp: no visible global function definition for ‘var’
    zlFun: no visible global function definition for ‘lm’
    Undefined global functions or variables:
     lm model.extract model.matrix nlm pnorm printCoefmat rexp rnorm var
     vcov
    Consider adding
     importFrom("stats", "lm", "model.extract", "model.matrix", "nlm",
     "pnorm", "printCoefmat", "rexp", "rnorm", "var", "vcov")
    to your NAMESPACE file.
Flavors: r-devel-linux-x86_64-debian-clang, r-devel-linux-x86_64-debian-gcc, r-patched-linux-x86_64, r-patched-solaris-sparc, r-patched-solaris-x86, r-release-linux-x86_64, r-release-osx-x86_64-mavericks, r-release-windows-ix86+x86_64

Version: 1.0-0
Check: compiled code
Result: NOTE
    File ‘aftgee/libs/aftgee.so’:
     Found no calls to: ‘R_registerRoutines’, ‘R_useDynamicSymbols’
    
    It is good practice to register native routines and to disable symbol
    search.
    
    See ‘Writing portable packages’ in the ‘Writing R Extensions’ manual.
Flavors: r-devel-linux-x86_64-debian-clang, r-devel-linux-x86_64-debian-gcc, r-patched-linux-x86_64

Version: 1.0-0
Flags: --no-stop-on-test-error
Check: R code for possible problems
Result: NOTE
    aftgee: no visible global function definition for ‘model.extract’
    aftgee: no visible global function definition for ‘model.matrix’
    aftgee: no visible global function definition for ‘lm’
    aftgee: no visible global function definition for ‘vcov’
    aftgee.fit: no visible global function definition for ‘lm’
    aftgee.fit: no visible global function definition for ‘rexp’
    aftgee.fit: no visible global function definition for ‘var’
    aftsrr: no visible global function definition for ‘model.extract’
    aftsrr: no visible global function definition for ‘model.matrix’
    aftsrr.fit: no visible global function definition for ‘lm’
    aftsrr.fit: no visible global function definition for ‘rexp’
    aftsrr.fit: no visible global function definition for ‘var’
    getSmoothSuv: no visible global function definition for ‘pnorm’
    print.summary.aftgee: no visible global function definition for
     ‘printCoefmat’
    print.summary.aftsrr: no visible global function definition for
     ‘printCoefmat’
    solveGehan: no visible global function definition for ‘nlm’
    summary.aftgee: no visible global function definition for ‘pnorm’
    summary.aftsrr: no visible global function definition for ‘pnorm’
    viEmp: no visible global function definition for ‘rexp’
    viEmp: no visible global function definition for ‘rnorm’
    viEmp: no visible global function definition for ‘var’
    zlFun: no visible global function definition for ‘lm’
    Undefined global functions or variables:
     lm model.extract model.matrix nlm pnorm printCoefmat rexp rnorm var
     vcov
    Consider adding
     importFrom("stats", "lm", "model.extract", "model.matrix", "nlm",
     "pnorm", "printCoefmat", "rexp", "rnorm", "var", "vcov")
    to your NAMESPACE file.
Flavors: r-devel-linux-x86_64-fedora-clang, r-devel-linux-x86_64-fedora-gcc, r-devel-macos-x86_64-clang

Version: 1.0-0
Flags: --no-stop-on-test-error
Check: compiled code
Result: NOTE
    File ‘aftgee/libs/aftgee.so’:
     Found no calls to: ‘R_registerRoutines’, ‘R_useDynamicSymbols’
    
    It is good practice to register native routines and to disable symbol
    search.
    
    See ‘Writing portable packages’ in the ‘Writing R Extensions’ manual.
Flavors: r-devel-linux-x86_64-fedora-clang, r-devel-linux-x86_64-fedora-gcc, r-devel-macos-x86_64-clang