Last updated on 2025-01-18 05:49:15 CET.
Flavor | Version | Tinstall | Tcheck | Ttotal | Status | Flags |
---|---|---|---|---|---|---|
r-devel-linux-x86_64-debian-clang | 4.3.2.3 | 102.35 | 102.08 | 204.43 | OK | |
r-devel-linux-x86_64-debian-gcc | 4.3.2.3 | 43.55 | 73.07 | 116.62 | OK | |
r-devel-linux-x86_64-fedora-clang | 4.3.2.3 | 260.32 | OK | |||
r-devel-linux-x86_64-fedora-gcc | 4.3.2.3 | 276.95 | OK | |||
r-devel-windows-x86_64 | 4.3.2.3 | 52.00 | 132.00 | 184.00 | OK | |
r-patched-linux-x86_64 | 4.3.2.3 | 57.71 | 95.28 | 152.99 | OK | |
r-release-linux-x86_64 | 4.3.2.3 | 62.44 | 95.46 | 157.90 | OK | |
r-release-macos-arm64 | 4.3.2.3 | 74.00 | NOTE | |||
r-release-macos-x86_64 | 4.3.2.3 | 111.00 | NOTE | |||
r-release-windows-x86_64 | 4.3.2.3 | 52.00 | 132.00 | 184.00 | OK | |
r-oldrel-macos-arm64 | 4.3.2.3 | 88.00 | NOTE | |||
r-oldrel-macos-x86_64 | 4.3.2.3 | 180.00 | NOTE | |||
r-oldrel-windows-x86_64 | 4.3.2.3 | 75.00 | 163.00 | 238.00 | OK |
Version: 4.3.2.3
Check: installed package size
Result: NOTE
installed size is 6.9Mb
sub-directories of 1Mb or more:
libs 6.8Mb
Flavors: r-release-macos-arm64, r-release-macos-x86_64, r-oldrel-macos-arm64, r-oldrel-macos-x86_64