CRAN Package Check Results for Package agRee

Last updated on 2014-10-31 21:47:48.

Flavor Version Tinstall Tcheck Ttotal Status Flags
r-devel-linux-x86_64-debian-clang 0.3-1 5.14 56.92 62.06 NOTE
r-devel-linux-x86_64-debian-gcc 0.3-1 4.90 55.46 60.36 NOTE
r-devel-linux-x86_64-fedora-clang 0.3-1 147.26 NOTE
r-devel-linux-x86_64-fedora-gcc 0.3-1 137.63 NOTE
r-devel-osx-x86_64-clang 0.3-1 121.66 NOTE
r-devel-windows-ix86+x86_64 0.3-1 17.00 83.00 100.00 NOTE
r-patched-linux-x86_64 0.3-1 5.25 59.28 64.53 NOTE
r-patched-solaris-sparc 0.3-1 785.30 NOTE
r-patched-solaris-x86 0.3-1 198.60 NOTE
r-release-linux-ix86 0.3-1 6.63 70.76 77.39 OK
r-release-linux-x86_64 0.3-1 5.25 59.14 64.39 OK
r-release-osx-x86_64-mavericks 0.3-1 OK
r-release-osx-x86_64-snowleopard 0.3-1 OK
r-release-windows-ix86+x86_64 0.3-1 17.00 90.00 107.00 OK
r-oldrel-windows-ix86+x86_64 0.3-1 15.00 87.00 102.00 OK

Check Details

Version: 0.3-1
Check: R code for possible problems
Result: NOTE
    ccc.mvn.mcmc: no visible global function definition for ‘mcmc’
    ccc.mvn.mcmc: no visible global function definition for ‘HPDinterval’
    ccc.mvt.mcmc: no visible global function definition for ‘mcmc’
    ccc.mvt.mcmc: no visible global function definition for ‘HPDinterval’
Flavors: r-devel-linux-x86_64-debian-clang, r-devel-linux-x86_64-debian-gcc, r-devel-linux-x86_64-fedora-clang, r-devel-linux-x86_64-fedora-gcc, r-devel-osx-x86_64-clang, r-devel-windows-ix86+x86_64, r-patched-linux-x86_64, r-patched-solaris-sparc, r-patched-solaris-x86