CRAN Package Check Results for Package agRee

Last updated on 2017-07-21 23:49:22.

Flavor Version Tinstall Tcheck Ttotal Status Flags
r-devel-linux-x86_64-debian-clang 0.5-0 3.78 50.59 54.37 OK
r-devel-linux-x86_64-debian-gcc 0.5-0 3.95 50.68 54.62 OK
r-devel-linux-x86_64-fedora-clang 0.5-0 107.31 OK
r-devel-linux-x86_64-fedora-gcc 0.5-0 107.57 OK
r-devel-windows-ix86+x86_64 0.5-0 16.00 103.00 119.00 OK
r-patched-linux-x86_64 0.5-0 4.00 51.08 55.08 OK
r-release-linux-x86_64 0.5-0 3.86 50.47 54.33 OK
r-release-windows-ix86+x86_64 0.5-0 19.00 114.00 133.00 OK
r-release-osx-x86_64 0.5-0 ERROR
r-oldrel-windows-ix86+x86_64 0.5-0 15.00 99.00 114.00 OK
r-oldrel-osx-x86_64 0.5-0 ERROR

Check Details

Version: 0.5-0
Check: package dependencies
Result: ERROR
    Package required but not available: ‘miscF’
    
    See section ‘The DESCRIPTION file’ in the ‘Writing R Extensions’
    manual.
Flavor: r-release-osx-x86_64

Version: 0.5-0
Check: package dependencies
Result: ERROR
    Package required and available but unsuitable version: ‘miscF’
    
    See section ‘The DESCRIPTION file’ in the ‘Writing R Extensions’
    manual.
Flavor: r-oldrel-osx-x86_64