CRAN Package Check Results for Package agRee

Last updated on 2016-08-28 20:48:23.

Flavor Version Tinstall Tcheck Ttotal Status Flags
r-devel-linux-x86_64-debian-clang 0.5-0 4.06 45.41 49.46 OK
r-devel-linux-x86_64-debian-gcc 0.5-0 4.19 45.05 49.24 OK
r-devel-linux-x86_64-fedora-clang 0.5-0 95.03 OK
r-devel-linux-x86_64-fedora-gcc 0.5-0 90.29 OK
r-devel-osx-x86_64-clang 0.5-0 1.52 ERROR
r-devel-windows-ix86+x86_64 0.5-0 12.00 107.00 119.00 OK
r-patched-linux-x86_64 0.5-0 4.11 43.37 47.48 OK
r-patched-solaris-sparc 0.5-0 12.20 ERROR
r-patched-solaris-x86 0.5-0 2.50 ERROR
r-release-linux-x86_64 0.5-0 4.23 44.81 49.04 OK
r-release-osx-x86_64-mavericks 0.5-0 ERROR
r-release-windows-ix86+x86_64 0.5-0 14.00 77.00 91.00 OK
r-oldrel-windows-ix86+x86_64 0.5-0 17.00 105.00 122.00 OK

Check Details

Version: 0.5-0
Check: package dependencies
Result: ERROR
    Package required but not available: ‘miscF’
    
    See section ‘The DESCRIPTION file’ in the ‘Writing R Extensions’
    manual.
Flavors: r-devel-osx-x86_64-clang, r-patched-solaris-sparc, r-patched-solaris-x86

Version: 0.5-0
Check: package dependencies
Result: ERROR
    Package required and available but unsuitable version: ‘miscF’
    
    See section ‘The DESCRIPTION file’ in the ‘Writing R Extensions’
    manual.
Flavor: r-release-osx-x86_64-mavericks