CRAN Package Check Results for Package agRee

Last updated on 2015-04-18 03:50:08.

Flavor Version Tinstall Tcheck Ttotal Status Flags
r-devel-linux-x86_64-debian-clang 0.3-1 3.48 41.25 44.73 NOTE
r-devel-linux-x86_64-debian-gcc 0.3-1 3.42 40.70 44.12 NOTE
r-devel-linux-x86_64-fedora-clang 0.3-1 94.20 NOTE
r-devel-linux-x86_64-fedora-gcc 0.3-1 90.15 NOTE
r-devel-osx-x86_64-clang 0.3-1 77.94 NOTE
r-prerel-windows-ix86+x86_64 0.3-1 9.00 63.00 72.00 NOTE
r-prerel-linux-x86_64 0.3-1 3.27 41.32 44.60 NOTE
r-prerel-solaris-sparc 0.3-1 565.30 NOTE
r-prerel-solaris-x86 0.3-1 129.00 NOTE
r-release-linux-x86_64 0.3-1 5.71 59.84 65.54 NOTE
r-release-osx-x86_64-mavericks 0.3-1 NOTE
r-release-osx-x86_64-snowleopard 0.3-1 OK
r-release-windows-ix86+x86_64 0.3-1 23.00 120.00 143.00 NOTE
r-oldrel-windows-ix86+x86_64 0.3-1 22.00 116.00 138.00 OK

Check Details

Version: 0.3-1
Check: DESCRIPTION meta-information
Result: NOTE
    Malformed Title field: should not end in a period.
Flavors: r-devel-linux-x86_64-debian-clang, r-devel-linux-x86_64-debian-gcc, r-devel-linux-x86_64-fedora-clang, r-devel-linux-x86_64-fedora-gcc, r-devel-osx-x86_64-clang, r-prerel-windows-ix86+x86_64, r-prerel-linux-x86_64, r-prerel-solaris-sparc, r-prerel-solaris-x86

Version: 0.3-1
Check: R code for possible problems
Result: NOTE
    ccc.mvn.mcmc: no visible global function definition for ‘mcmc’
    ccc.mvn.mcmc: no visible global function definition for ‘HPDinterval’
    ccc.mvt.mcmc: no visible global function definition for ‘mcmc’
    ccc.mvt.mcmc: no visible global function definition for ‘HPDinterval’
Flavors: r-devel-linux-x86_64-debian-clang, r-devel-linux-x86_64-debian-gcc, r-devel-linux-x86_64-fedora-clang, r-devel-linux-x86_64-fedora-gcc, r-devel-osx-x86_64-clang, r-prerel-windows-ix86+x86_64, r-prerel-linux-x86_64, r-prerel-solaris-sparc, r-prerel-solaris-x86, r-release-linux-x86_64, r-release-osx-x86_64-mavericks, r-release-windows-ix86+x86_64