CRAN Package Check Results for Package agRee

Last updated on 2014-09-01 11:48:49.

Flavor Version Tinstall Tcheck Ttotal Status Flags
r-devel-linux-x86_64-debian-clang 0.3-1 5.20 56.35 61.55 NOTE
r-devel-linux-x86_64-debian-gcc 0.3-1 5.01 56.00 61.01 NOTE
r-devel-linux-x86_64-fedora-clang 0.3-1 152.54 NOTE
r-devel-linux-x86_64-fedora-gcc 0.3-1 135.71 NOTE
r-devel-osx-x86_64-clang 0.3-1 118.18 NOTE
r-devel-windows-ix86+x86_64 0.3-1 17.00 82.00 99.00 NOTE
r-patched-linux-x86_64 0.3-1 5.14 58.54 63.68 OK
r-patched-solaris-sparc 0.3-1 803.80 OK
r-patched-solaris-x86 0.3-1 192.30 OK
r-release-linux-ix86 0.3-1 6.53 70.15 76.68 OK
r-release-linux-x86_64 0.3-1 5.32 59.25 64.58 OK
r-release-osx-x86_64-mavericks 0.3-1 ERROR
r-release-osx-x86_64-snowleopard 0.3-1 OK
r-release-windows-ix86+x86_64 0.3-1 16.00 85.00 101.00 OK
r-oldrel-windows-ix86+x86_64 0.3-1 14.00 89.00 103.00 OK

Check Details

Version: 0.3-1
Check: R code for possible problems
Result: NOTE
    ccc.mvn.mcmc: no visible global function definition for ‘mcmc’
    ccc.mvn.mcmc: no visible global function definition for ‘HPDinterval’
    ccc.mvt.mcmc: no visible global function definition for ‘mcmc’
    ccc.mvt.mcmc: no visible global function definition for ‘HPDinterval’
Flavors: r-devel-linux-x86_64-debian-clang, r-devel-linux-x86_64-debian-gcc, r-devel-linux-x86_64-fedora-clang, r-devel-linux-x86_64-fedora-gcc, r-devel-osx-x86_64-clang, r-devel-windows-ix86+x86_64

Version: 0.3-1
Check: package dependencies
Result: ERROR
    Package required but not available: ‘R2jags’
    
    See the information on DESCRIPTION files in the chapter ‘Creating R
    packages’ of the ‘Writing R Extensions’ manual.
Flavor: r-release-osx-x86_64-mavericks