CRAN Package Check Results for Package agRee

Last updated on 2017-09-19 23:47:38.

Flavor Version Tinstall Tcheck Ttotal Status Flags
r-devel-linux-x86_64-debian-clang 0.5-0 4.40 45.41 49.80 OK
r-devel-linux-x86_64-debian-gcc 0.5-0 3.69 44.90 48.59 OK
r-devel-linux-x86_64-fedora-clang 0.5-0 109.04 OK
r-devel-linux-x86_64-fedora-gcc 0.5-0 107.15 OK
r-devel-windows-ix86+x86_64 0.5-0 10.00 127.00 137.00 OK
r-patched-linux-x86_64 0.5-0 3.83 45.84 49.67 OK
r-release-linux-x86_64 0.5-0 3.86 45.59 49.46 OK
r-release-windows-ix86+x86_64 0.5-0 10.00 75.00 85.00 OK
r-release-osx-x86_64 0.5-0 ERROR
r-oldrel-windows-ix86+x86_64 0.5-0 9.00 67.00 76.00 OK
r-oldrel-osx-x86_64 0.5-0 ERROR

Check Details

Version: 0.5-0
Check: package dependencies
Result: ERROR
    Package required but not available: ‘miscF’
    
    See section ‘The DESCRIPTION file’ in the ‘Writing R Extensions’
    manual.
Flavor: r-release-osx-x86_64

Version: 0.5-0
Check: package dependencies
Result: ERROR
    Package required and available but unsuitable version: ‘miscF’
    
    See section ‘The DESCRIPTION file’ in the ‘Writing R Extensions’
    manual.
Flavor: r-oldrel-osx-x86_64