CRAN Package Check Results for Package agRee

Last updated on 2018-02-20 17:47:29 CET.

Flavor Version Tinstall Tcheck Ttotal Status Flags
r-devel-linux-x86_64-debian-clang 0.5-1 5.93 66.86 72.79 OK
r-devel-linux-x86_64-debian-gcc 0.5-1 5.99 56.72 62.71 OK
r-devel-linux-x86_64-fedora-clang 0.5-1 48.26 OK
r-devel-linux-x86_64-fedora-gcc 0.5-1 47.23 OK
r-devel-windows-ix86+x86_64 0.5-1 10.00 83.00 93.00 OK
r-patched-linux-x86_64 0.5-1 5.34 68.81 74.15 OK
r-patched-solaris-x86 0.5-1 127.10 OK
r-release-linux-x86_64 0.5-1 5.53 68.36 73.89 OK
r-release-windows-ix86+x86_64 0.5-1 14.00 86.00 100.00 OK
r-release-osx-x86_64 0.5-1 OK
r-oldrel-windows-ix86+x86_64 0.5-1 12.00 82.00 94.00 OK
r-oldrel-osx-x86_64 0.5-0 ERROR

Check Details

Version: 0.5-0
Check: package dependencies
Result: ERROR
    Package required and available but unsuitable version: ‘miscF’
    
    See section ‘The DESCRIPTION file’ in the ‘Writing R Extensions’
    manual.
Flavor: r-oldrel-osx-x86_64