CRAN Package Check Results for Package agRee

Last updated on 2015-01-31 13:48:16.

Flavor Version Tinstall Tcheck Ttotal Status Flags
r-devel-linux-x86_64-debian-clang 0.3-1 3.48 39.42 42.90 NOTE
r-devel-linux-x86_64-debian-gcc 0.3-1 3.91 38.60 42.51 NOTE
r-devel-linux-x86_64-fedora-clang 0.3-1 132.00 NOTE
r-devel-linux-x86_64-fedora-gcc 0.3-1 125.69 NOTE
r-devel-osx-x86_64-clang 0.3-1 121.02 NOTE
r-devel-windows-ix86+x86_64 0.3-1 15.00 59.00 74.00 NOTE
r-patched-linux-x86_64 0.3-1 5.48 59.79 65.27 NOTE
r-patched-solaris-sparc 0.3-1 805.30 NOTE
r-patched-solaris-x86 0.3-1 198.20 NOTE
r-release-linux-ix86 0.3-1 5.90 70.88 76.78 NOTE
r-release-linux-x86_64 0.3-1 5.18 60.07 65.25 NOTE
r-release-osx-x86_64-mavericks 0.3-1 NOTE
r-release-osx-x86_64-snowleopard 0.3-1 OK
r-release-windows-ix86+x86_64 0.3-1 15.00 93.00 108.00 NOTE
r-oldrel-windows-ix86+x86_64 0.3-1 17.00 87.00 104.00 OK

Check Details

Version: 0.3-1
Check: R code for possible problems
Result: NOTE
    ccc.mvn.mcmc: no visible global function definition for ‘mcmc’
    ccc.mvn.mcmc: no visible global function definition for ‘HPDinterval’
    ccc.mvt.mcmc: no visible global function definition for ‘mcmc’
    ccc.mvt.mcmc: no visible global function definition for ‘HPDinterval’
Flavors: r-devel-linux-x86_64-debian-clang, r-devel-linux-x86_64-debian-gcc, r-devel-linux-x86_64-fedora-clang, r-devel-linux-x86_64-fedora-gcc, r-devel-osx-x86_64-clang, r-devel-windows-ix86+x86_64, r-patched-linux-x86_64, r-patched-solaris-sparc, r-patched-solaris-x86, r-release-linux-ix86, r-release-linux-x86_64, r-release-osx-x86_64-mavericks, r-release-windows-ix86+x86_64