CRAN Package Check Results for Package agRee

Last updated on 2016-12-03 23:47:29.

Flavor Version Tinstall Tcheck Ttotal Status Flags
r-devel-linux-x86_64-debian-clang 0.5-0 3.66 43.29 46.95 OK
r-devel-linux-x86_64-debian-gcc 0.5-0 3.64 43.08 46.72 OK
r-devel-linux-x86_64-fedora-clang 0.5-0 105.99 OK
r-devel-linux-x86_64-fedora-gcc 0.5-0 104.86 OK
r-devel-windows-ix86+x86_64 0.5-0 10.00 69.00 79.00 OK
r-patched-linux-x86_64 0.5-0 3.73 40.85 44.59 OK
r-release-linux-x86_64 0.5-0 3.62 39.86 43.48 OK
r-release-osx-x86_64-mavericks 0.5-0 ERROR
r-release-windows-ix86+x86_64 0.5-0 16.00 101.00 117.00 OK
r-oldrel-windows-ix86+x86_64 0.5-0 19.00 102.00 121.00 OK

Check Details

Version: 0.5-0
Check: package dependencies
Result: ERROR
    Package required and available but unsuitable version: ‘miscF’
    
    See section ‘The DESCRIPTION file’ in the ‘Writing R Extensions’
    manual.
Flavor: r-release-osx-x86_64-mavericks