CRAN Package Check Results for Package agRee

Last updated on 2017-05-29 16:48:12.

Flavor Version Tinstall Tcheck Ttotal Status Flags
r-devel-linux-x86_64-debian-clang 0.5-0 3.98 46.58 50.56 OK
r-devel-linux-x86_64-debian-gcc 0.5-0 3.74 44.66 48.40 OK
r-devel-linux-x86_64-fedora-clang 0.5-0 110.47 OK
r-devel-linux-x86_64-fedora-gcc 0.5-0 106.80 OK
r-devel-windows-ix86+x86_64 0.5-0 11.00 114.00 125.00 OK
r-patched-linux-x86_64 0.5-0 4.14 45.01 49.15 OK
r-release-linux-x86_64 0.5-0 3.89 45.39 49.28 OK
r-release-windows-ix86+x86_64 0.5-0 16.00 104.00 120.00 OK
r-release-osx-x86_64 0.5-0 ERROR
r-oldrel-windows-ix86+x86_64 0.5-0 11.00 63.00 74.00 OK
r-oldrel-osx-x86_64 0.5-0 ERROR

Check Details

Version: 0.5-0
Check: package dependencies
Result: ERROR
    Package required but not available: ‘miscF’
    
    See section ‘The DESCRIPTION file’ in the ‘Writing R Extensions’
    manual.
Flavor: r-release-osx-x86_64

Version: 0.5-0
Check: package dependencies
Result: ERROR
    Package required and available but unsuitable version: ‘miscF’
    
    See section ‘The DESCRIPTION file’ in the ‘Writing R Extensions’
    manual.
Flavor: r-oldrel-osx-x86_64