CRAN Package Check Results for Package agRee

Last updated on 2016-09-28 19:48:05.

Flavor Version Tinstall Tcheck Ttotal Status Flags
r-devel-linux-x86_64-debian-clang 0.5-0 3.86 40.24 44.11 OK
r-devel-linux-x86_64-debian-gcc 0.5-0 3.68 39.76 43.44 OK
r-devel-linux-x86_64-fedora-clang 0.5-0 90.22 OK
r-devel-linux-x86_64-fedora-gcc 0.5-0 88.11 OK
r-devel-macos-x86_64-clang 0.5-0 1.50 ERROR
r-devel-windows-ix86+x86_64 0.5-0 17.00 96.00 113.00 OK
r-patched-linux-x86_64 0.5-0 3.70 40.63 44.33 OK
r-patched-solaris-sparc 0.5-0 12.20 ERROR
r-patched-solaris-x86 0.5-0 2.60 ERROR
r-release-linux-x86_64 0.5-0 3.64 41.51 45.15 OK
r-release-osx-x86_64-mavericks 0.5-0 ERROR
r-release-windows-ix86+x86_64 0.5-0 14.00 69.00 83.00 OK
r-oldrel-windows-ix86+x86_64 0.5-0 18.00 106.00 124.00 OK

Check Details

Version: 0.5-0
Check: package dependencies
Result: ERROR
    Package required but not available: ‘miscF’
    
    See section ‘The DESCRIPTION file’ in the ‘Writing R Extensions’
    manual.
Flavors: r-devel-macos-x86_64-clang, r-patched-solaris-sparc, r-patched-solaris-x86

Version: 0.5-0
Check: package dependencies
Result: ERROR
    Package required and available but unsuitable version: ‘miscF’
    
    See section ‘The DESCRIPTION file’ in the ‘Writing R Extensions’
    manual.
Flavor: r-release-osx-x86_64-mavericks