CRAN Package Check Results for Package agRee

Last updated on 2017-03-28 11:51:05.

Flavor Version Tinstall Tcheck Ttotal Status Flags
r-devel-linux-x86_64-debian-clang 0.5-0 4.24 45.87 50.10 OK
r-devel-linux-x86_64-debian-gcc 0.5-0 4.18 44.86 49.04 OK
r-devel-linux-x86_64-fedora-clang 0.5-0 107.02 OK --no-stop-on-test-error
r-devel-linux-x86_64-fedora-gcc 0.5-0 113.58 OK --no-stop-on-test-error
r-devel-windows-ix86+x86_64 0.5-0 12.00 78.00 90.00 OK
r-patched-linux-x86_64 0.5-0 4.27 44.26 48.53 OK
r-release-linux-x86_64 0.5-0 3.99 40.77 44.75 OK
r-release-osx-x86_64-mavericks 0.5-0 ERROR
r-release-windows-ix86+x86_64 0.5-0 16.00 68.00 84.00 OK
r-oldrel-windows-ix86+x86_64 0.5-0 1.00 2.00 3.00 ERROR

Check Details

Version: 0.5-0
Check: package dependencies
Result: ERROR
    Package required and available but unsuitable version: ‘miscF’
    
    See section ‘The DESCRIPTION file’ in the ‘Writing R Extensions’
    manual.
Flavor: r-release-osx-x86_64-mavericks

Version: 0.5-0
Check: whether package can be installed
Result: ERROR
    Installation failed.
Flavor: r-oldrel-windows-ix86+x86_64