CRAN Package Check Results for Package agRee

Last updated on 2014-11-23 03:47:53.

Flavor Version Tinstall Tcheck Ttotal Status Flags
r-devel-linux-x86_64-debian-clang 0.3-1 5.36 56.15 61.52 NOTE
r-devel-linux-x86_64-debian-gcc 0.3-1 5.22 54.40 59.62 NOTE
r-devel-linux-x86_64-fedora-clang 0.3-1 146.77 NOTE
r-devel-linux-x86_64-fedora-gcc 0.3-1 139.92 NOTE
r-devel-osx-x86_64-clang 0.3-1 123.57 NOTE
r-devel-windows-ix86+x86_64 0.3-1 16.00 78.00 94.00 NOTE
r-patched-linux-x86_64 0.3-1 6.88 56.59 63.46 NOTE
r-patched-solaris-sparc 0.3-1 785.30 NOTE
r-patched-solaris-x86 0.3-1 199.70 NOTE
r-release-linux-ix86 0.3-1 6.12 67.85 73.97 NOTE
r-release-linux-x86_64 0.3-1 5.32 57.82 63.14 NOTE
r-release-osx-x86_64-mavericks 0.3-1 OK
r-release-osx-x86_64-snowleopard 0.3-1 OK
r-release-windows-ix86+x86_64 0.3-1 22.00 92.00 114.00 NOTE
r-oldrel-windows-ix86+x86_64 0.3-1 16.00 86.00 102.00 OK

Check Details

Version: 0.3-1
Check: R code for possible problems
Result: NOTE
    ccc.mvn.mcmc: no visible global function definition for ‘mcmc’
    ccc.mvn.mcmc: no visible global function definition for ‘HPDinterval’
    ccc.mvt.mcmc: no visible global function definition for ‘mcmc’
    ccc.mvt.mcmc: no visible global function definition for ‘HPDinterval’
Flavors: r-devel-linux-x86_64-debian-clang, r-devel-linux-x86_64-debian-gcc, r-devel-linux-x86_64-fedora-clang, r-devel-linux-x86_64-fedora-gcc, r-devel-osx-x86_64-clang, r-devel-windows-ix86+x86_64, r-patched-linux-x86_64, r-patched-solaris-sparc, r-patched-solaris-x86, r-release-linux-ix86, r-release-linux-x86_64, r-release-windows-ix86+x86_64