CRAN Package Check Results for Package agRee

Last updated on 2016-07-28 00:47:46.

Flavor Version Tinstall Tcheck Ttotal Status Flags
r-devel-linux-x86_64-debian-clang 0.5-0 5.18 51.04 56.22 OK
r-devel-linux-x86_64-debian-gcc 0.5-0 5.28 51.06 56.33 OK
r-devel-linux-x86_64-fedora-clang 0.5-0 96.12 OK
r-devel-linux-x86_64-fedora-gcc 0.5-0 89.78 OK
r-devel-osx-x86_64-clang 0.5-0 1.48 ERROR
r-devel-windows-ix86+x86_64 0.5-0 18.00 82.00 100.00 OK
r-patched-linux-x86_64 0.5-0 5.45 49.64 55.09 OK
r-patched-solaris-sparc 0.5-0 12.20 ERROR
r-patched-solaris-x86 0.5-0 2.40 ERROR
r-release-linux-x86_64 0.5-0 4.54 50.34 54.88 OK
r-release-osx-x86_64-mavericks 0.5-0 ERROR
r-release-windows-ix86+x86_64 0.5-0 16.00 76.00 92.00 OK
r-oldrel-windows-ix86+x86_64 0.5-0 17.00 129.00 146.00 OK

Check Details

Version: 0.5-0
Check: package dependencies
Result: ERROR
    Package required but not available: ‘miscF’
    
    See section ‘The DESCRIPTION file’ in the ‘Writing R Extensions’
    manual.
Flavors: r-devel-osx-x86_64-clang, r-patched-solaris-sparc, r-patched-solaris-x86

Version: 0.5-0
Check: package dependencies
Result: ERROR
    Package required and available but unsuitable version: ‘miscF’
    
    See section ‘The DESCRIPTION file’ in the ‘Writing R Extensions’
    manual.
Flavor: r-release-osx-x86_64-mavericks