CRAN Package Check Results for Package agRee

Last updated on 2014-12-18 07:49:17.

Flavor Version Tinstall Tcheck Ttotal Status Flags
r-devel-linux-x86_64-debian-clang 0.3-1 5.22 56.13 61.35 NOTE
r-devel-linux-x86_64-debian-gcc 0.3-1 4.92 54.78 59.69 NOTE
r-devel-linux-x86_64-fedora-clang 0.3-1 149.01 NOTE
r-devel-linux-x86_64-fedora-gcc 0.3-1 138.98 NOTE
r-devel-osx-x86_64-clang 0.3-1 122.94 NOTE
r-devel-windows-ix86+x86_64 0.3-1 15.00 86.00 101.00 NOTE
r-patched-linux-x86_64 0.3-1 5.13 57.55 62.68 NOTE
r-patched-solaris-sparc 0.3-1 785.30 NOTE
r-patched-solaris-x86 0.3-1 195.90 NOTE
r-release-linux-ix86 0.3-1 5.95 67.90 73.84 NOTE
r-release-linux-x86_64 0.3-1 5.21 57.35 62.56 NOTE
r-release-osx-x86_64-mavericks 0.3-1 OK
r-release-osx-x86_64-snowleopard 0.3-1 OK
r-release-windows-ix86+x86_64 0.3-1 17.00 86.00 103.00 NOTE
r-oldrel-windows-ix86+x86_64 0.3-1 16.00 86.00 102.00 OK

Check Details

Version: 0.3-1
Check: R code for possible problems
Result: NOTE
    ccc.mvn.mcmc: no visible global function definition for ‘mcmc’
    ccc.mvn.mcmc: no visible global function definition for ‘HPDinterval’
    ccc.mvt.mcmc: no visible global function definition for ‘mcmc’
    ccc.mvt.mcmc: no visible global function definition for ‘HPDinterval’
Flavors: r-devel-linux-x86_64-debian-clang, r-devel-linux-x86_64-debian-gcc, r-devel-linux-x86_64-fedora-clang, r-devel-linux-x86_64-fedora-gcc, r-devel-osx-x86_64-clang, r-devel-windows-ix86+x86_64, r-patched-linux-x86_64, r-patched-solaris-sparc, r-patched-solaris-x86, r-release-linux-ix86, r-release-linux-x86_64, r-release-windows-ix86+x86_64