CRAN Package Check Results for Package agRee

Last updated on 2015-07-07 17:47:24.

Flavor Version Tinstall Tcheck Ttotal Status Flags
r-devel-linux-x86_64-debian-clang 0.3-1 3.67 40.82 44.49 NOTE
r-devel-linux-x86_64-debian-gcc 0.3-1 3.18 40.76 43.94 NOTE
r-devel-linux-x86_64-fedora-clang 0.3-1 92.03 NOTE
r-devel-linux-x86_64-fedora-gcc 0.3-1 87.95 NOTE
r-devel-osx-x86_64-clang 0.3-1 75.49 NOTE
r-devel-windows-ix86+x86_64 0.3-1 11.00 63.00 74.00 NOTE
r-patched-linux-x86_64 0.3-1 3.28 40.70 43.98 NOTE
r-patched-solaris-sparc 0.3-1 569.40 NOTE
r-patched-solaris-x86 0.3-1 136.10 NOTE
r-release-linux-x86_64 0.3-1 3.30 40.50 43.80 NOTE
r-release-osx-x86_64-mavericks 0.3-1 NOTE
r-release-windows-ix86+x86_64 0.3-1 12.00 60.00 72.00 NOTE
r-oldrel-windows-ix86+x86_64 0.3-1 17.00 99.00 116.00 NOTE

Check Details

Version: 0.3-1
Check: DESCRIPTION meta-information
Result: NOTE
    Malformed Title field: should not end in a period.
Flavors: r-devel-linux-x86_64-debian-clang, r-devel-linux-x86_64-debian-gcc, r-devel-linux-x86_64-fedora-clang, r-devel-linux-x86_64-fedora-gcc, r-devel-osx-x86_64-clang, r-devel-windows-ix86+x86_64, r-patched-linux-x86_64, r-patched-solaris-sparc, r-patched-solaris-x86, r-release-linux-x86_64, r-release-osx-x86_64-mavericks, r-release-windows-ix86+x86_64

Version: 0.3-1
Check: R code for possible problems
Result: NOTE
    agree.ccc: no visible global function definition for ‘na.fail’
    agree.ccc: no visible global function definition for ‘na.omit’
    agree.plot: no visible global function definition for ‘na.fail’
    agree.plot: no visible global function definition for ‘na.omit’
    agree.plot: no visible global function definition for ‘pairs’
    agree.wscv: no visible global function definition for ‘na.fail’
    agree.wscv: no visible global function definition for ‘na.omit’
    ccc.lognormalNormal.mcmc: no visible global function definition for
     ‘median’
    ccc.lognormalNormal.mcmc: no visible global function definition for
     ‘quantile’
    ccc.mvn.mcmc: no visible global function definition for ‘mcmc’
    ccc.mvn.mcmc: no visible global function definition for ‘HPDinterval’
    ccc.mvn.mcmc: no visible global function definition for ‘median’
    ccc.mvt.mcmc: no visible global function definition for ‘mcmc’
    ccc.mvt.mcmc: no visible global function definition for ‘HPDinterval’
    ccc.mvt.mcmc: no visible global function definition for ‘median’
    ccc.nonpara.bootstrap: no visible global function definition for
     ‘quantile’
    ccc.nonpara.jackknife: no visible global function definition for ‘qt’
    lognormalNormal.mcmc: no visible global function definition for
     ‘residuals’
    lognormalNormal.mcmc: no visible global function definition for ‘var’
    panel.blandaltman: no visible global function definition for ‘sd’
    panel.blandaltman: no visible global function definition for ‘par’
    panel.blandaltman: no visible global function definition for ‘lines’
    panel.blandaltman: no visible global function definition for ‘abline’
    panel.identity: no visible global function definition for ‘par’
    panel.identity: no visible global function definition for ‘points’
    panel.identity: no visible global function definition for ‘abline’
    wscv.delta: no visible global function definition for ‘qnorm’
    wscv.vst: no visible global function definition for ‘qnorm’
    Undefined global functions or variables:
     HPDinterval abline lines mcmc median na.fail na.omit pairs par points
     qnorm qt quantile residuals sd var
Flavors: r-devel-linux-x86_64-debian-clang, r-devel-linux-x86_64-debian-gcc, r-devel-linux-x86_64-fedora-clang, r-devel-linux-x86_64-fedora-gcc, r-devel-windows-ix86+x86_64

Version: 0.3-1
Check: R code for possible problems
Result: NOTE
    ccc.mvn.mcmc: no visible global function definition for ‘mcmc’
    ccc.mvn.mcmc: no visible global function definition for ‘HPDinterval’
    ccc.mvt.mcmc: no visible global function definition for ‘mcmc’
    ccc.mvt.mcmc: no visible global function definition for ‘HPDinterval’
    Undefined global functions or variables:
     HPDinterval mcmc
Flavor: r-devel-osx-x86_64-clang

Version: 0.3-1
Check: R code for possible problems
Result: NOTE
    ccc.mvn.mcmc: no visible global function definition for ‘mcmc’
    ccc.mvn.mcmc: no visible global function definition for ‘HPDinterval’
    ccc.mvt.mcmc: no visible global function definition for ‘mcmc’
    ccc.mvt.mcmc: no visible global function definition for ‘HPDinterval’
Flavors: r-patched-linux-x86_64, r-patched-solaris-sparc, r-patched-solaris-x86, r-release-linux-x86_64, r-release-osx-x86_64-mavericks, r-release-windows-ix86+x86_64, r-oldrel-windows-ix86+x86_64