CRAN Package Check Results for Package agRee

Last updated on 2015-03-06 23:48:11.

Flavor Version Tinstall Tcheck Ttotal Status Flags
r-devel-linux-x86_64-debian-clang 0.3-1 3.41 40.77 44.18 NOTE
r-devel-linux-x86_64-debian-gcc 0.3-1 3.28 39.98 43.26 NOTE
r-devel-linux-x86_64-fedora-clang 0.3-1 93.51 NOTE
r-devel-linux-x86_64-fedora-gcc 0.3-1 88.83 NOTE
r-devel-osx-x86_64-clang 0.3-1 80.69 NOTE
r-devel-windows-ix86+x86_64 0.3-1 12.00 65.00 77.00 NOTE
r-patched-linux-x86_64 0.3-1 5.88 59.33 65.21 NOTE
r-patched-solaris-sparc 0.3-1 832.10 NOTE
r-patched-solaris-x86 0.3-1 203.20 NOTE
r-release-linux-ix86 0.3-1 6.40 68.93 75.33 NOTE
r-release-linux-x86_64 0.3-1 6.00 58.51 64.51 NOTE
r-release-osx-x86_64-mavericks 0.3-1 NOTE
r-release-osx-x86_64-snowleopard 0.3-1 OK
r-release-windows-ix86+x86_64 0.3-1 19.00 95.00 114.00 NOTE
r-oldrel-windows-ix86+x86_64 0.3-1 19.00 95.00 114.00 OK

Check Details

Version: 0.3-1
Check: DESCRIPTION meta-information
Result: NOTE
    Malformed Title field: should not end in a period.
Flavors: r-devel-linux-x86_64-debian-clang, r-devel-linux-x86_64-debian-gcc, r-devel-linux-x86_64-fedora-clang, r-devel-linux-x86_64-fedora-gcc, r-devel-osx-x86_64-clang, r-devel-windows-ix86+x86_64

Version: 0.3-1
Check: R code for possible problems
Result: NOTE
    ccc.mvn.mcmc: no visible global function definition for ‘mcmc’
    ccc.mvn.mcmc: no visible global function definition for ‘HPDinterval’
    ccc.mvt.mcmc: no visible global function definition for ‘mcmc’
    ccc.mvt.mcmc: no visible global function definition for ‘HPDinterval’
Flavors: r-devel-linux-x86_64-debian-clang, r-devel-linux-x86_64-debian-gcc, r-devel-linux-x86_64-fedora-clang, r-devel-linux-x86_64-fedora-gcc, r-devel-osx-x86_64-clang, r-devel-windows-ix86+x86_64, r-patched-linux-x86_64, r-patched-solaris-sparc, r-patched-solaris-x86, r-release-linux-ix86, r-release-linux-x86_64, r-release-osx-x86_64-mavericks, r-release-windows-ix86+x86_64