CRAN Package Check Results for Package agRee

Last updated on 2014-08-30 08:49:58.

Flavor Version Tinstall Tcheck Ttotal Status Flags
r-devel-linux-x86_64-debian-clang 0.3-1 5.13 57.72 62.85 NOTE
r-devel-linux-x86_64-debian-gcc 0.3-1 4.80 55.96 60.76 NOTE
r-devel-linux-x86_64-fedora-clang 0.3-1 152.54 NOTE
r-devel-linux-x86_64-fedora-gcc 0.3-1 141.08 NOTE
r-devel-osx-x86_64-clang 0.3-1 117.53 NOTE
r-devel-windows-ix86+x86_64 0.3-1 21.00 89.00 110.00 NOTE
r-patched-linux-x86_64 0.3-1 5.21 57.60 62.81 OK
r-patched-solaris-sparc 0.3-1 803.80 OK
r-patched-solaris-x86 0.3-1 192.30 OK
r-release-linux-ix86 0.3-1 6.53 70.15 76.68 OK
r-release-linux-x86_64 0.3-1 5.36 58.34 63.70 OK
r-release-osx-x86_64-mavericks 0.3-1 ERROR
r-release-osx-x86_64-snowleopard 0.3-1 OK
r-release-windows-ix86+x86_64 0.3-1 15.00 87.00 102.00 OK
r-oldrel-windows-ix86+x86_64 0.3-1 15.00 88.00 103.00 OK

Check Details

Version: 0.3-1
Check: R code for possible problems
Result: NOTE
    ccc.mvn.mcmc: no visible global function definition for ‘mcmc’
    ccc.mvn.mcmc: no visible global function definition for ‘HPDinterval’
    ccc.mvt.mcmc: no visible global function definition for ‘mcmc’
    ccc.mvt.mcmc: no visible global function definition for ‘HPDinterval’
Flavors: r-devel-linux-x86_64-debian-clang, r-devel-linux-x86_64-debian-gcc, r-devel-linux-x86_64-fedora-clang, r-devel-linux-x86_64-fedora-gcc, r-devel-osx-x86_64-clang, r-devel-windows-ix86+x86_64

Version: 0.3-1
Check: package dependencies
Result: ERROR
    Package required but not available: ‘R2jags’
    
    See the information on DESCRIPTION files in the chapter ‘Creating R
    packages’ of the ‘Writing R Extensions’ manual.
Flavor: r-release-osx-x86_64-mavericks