CRAN Package Check Results for Package agRee

Last updated on 2015-05-24 14:46:49.

Flavor Version Tinstall Tcheck Ttotal Status Flags
r-devel-linux-x86_64-debian-clang 0.3-1 3.96 41.94 45.90 NOTE
r-devel-linux-x86_64-debian-gcc 0.3-1 3.33 40.23 43.56 NOTE
r-devel-linux-x86_64-fedora-clang 0.3-1 92.24 NOTE
r-devel-linux-x86_64-fedora-gcc 0.3-1 90.49 NOTE
r-devel-osx-x86_64-clang 0.3-1 78.20 NOTE
r-devel-windows-ix86+x86_64 0.3-1 10.00 62.00 72.00 NOTE
r-patched-linux-x86_64 0.3-1 3.45 40.80 44.24 NOTE
r-patched-solaris-sparc 0.3-1 569.40 NOTE
r-patched-solaris-x86 0.3-1 136.40 NOTE
r-release-linux-x86_64 0.3-1 4.65 40.30 44.95 NOTE
r-release-osx-x86_64-mavericks 0.3-1 NOTE
r-release-osx-x86_64-snowleopard 0.3-1 NOTE
r-release-windows-ix86+x86_64 0.3-1 10.00 65.00 75.00 NOTE
r-oldrel-windows-ix86+x86_64 0.3-1 21.00 90.00 111.00 NOTE

Check Details

Version: 0.3-1
Check: DESCRIPTION meta-information
Result: NOTE
    Malformed Title field: should not end in a period.
Flavors: r-devel-linux-x86_64-debian-clang, r-devel-linux-x86_64-debian-gcc, r-devel-linux-x86_64-fedora-clang, r-devel-linux-x86_64-fedora-gcc, r-devel-osx-x86_64-clang, r-devel-windows-ix86+x86_64, r-patched-linux-x86_64, r-patched-solaris-sparc, r-patched-solaris-x86, r-release-linux-x86_64, r-release-osx-x86_64-mavericks, r-release-osx-x86_64-snowleopard, r-release-windows-ix86+x86_64

Version: 0.3-1
Check: R code for possible problems
Result: NOTE
    ccc.mvn.mcmc: no visible global function definition for ‘mcmc’
    ccc.mvn.mcmc: no visible global function definition for ‘HPDinterval’
    ccc.mvt.mcmc: no visible global function definition for ‘mcmc’
    ccc.mvt.mcmc: no visible global function definition for ‘HPDinterval’
Flavors: r-devel-linux-x86_64-debian-clang, r-devel-linux-x86_64-debian-gcc, r-devel-linux-x86_64-fedora-clang, r-devel-linux-x86_64-fedora-gcc, r-devel-osx-x86_64-clang, r-devel-windows-ix86+x86_64, r-patched-linux-x86_64, r-patched-solaris-sparc, r-patched-solaris-x86, r-release-linux-x86_64, r-release-osx-x86_64-mavericks, r-release-osx-x86_64-snowleopard, r-release-windows-ix86+x86_64, r-oldrel-windows-ix86+x86_64