CRAN Package Check Results for Package agRee

Last updated on 2017-01-21 13:48:33.

Flavor Version Tinstall Tcheck Ttotal Status Flags
r-devel-linux-x86_64-debian-clang 0.5-0 4.41 42.91 47.32 OK
r-devel-linux-x86_64-debian-gcc 0.5-0 4.19 42.55 46.74 OK
r-devel-linux-x86_64-fedora-clang 0.5-0 107.08 OK --no-stop-on-test-error
r-devel-linux-x86_64-fedora-gcc 0.5-0 92.42 OK --no-stop-on-test-error
r-devel-windows-ix86+x86_64 0.5-0 15.00 115.00 130.00 OK
r-patched-linux-x86_64 0.5-0 3.79 39.69 43.48 OK
r-release-linux-x86_64 0.5-0 3.56 40.14 43.70 OK
r-release-osx-x86_64-mavericks 0.5-0 ERROR
r-release-windows-ix86+x86_64 0.5-0 14.00 94.00 108.00 OK
r-oldrel-windows-ix86+x86_64 0.5-0 16.00 128.00 144.00 OK

Check Details

Version: 0.5-0
Check: package dependencies
Result: ERROR
    Package required and available but unsuitable version: ‘miscF’
    
    See section ‘The DESCRIPTION file’ in the ‘Writing R Extensions’
    manual.
Flavor: r-release-osx-x86_64-mavericks