CRAN Package Check Results for Package agRee

Last updated on 2018-06-21 21:49:41 CEST.

Flavor Version Tinstall Tcheck Ttotal Status Flags
r-devel-linux-x86_64-debian-clang 0.5-1 7.67 77.16 84.83 WARN
r-devel-linux-x86_64-debian-gcc 0.5-1 6.90 71.87 78.77 WARN
r-devel-linux-x86_64-fedora-clang 0.5-1 104.13 OK
r-devel-linux-x86_64-fedora-gcc 0.5-1 99.58 OK
r-devel-windows-ix86+x86_64 0.5-1 17.00 87.00 104.00 OK
r-patched-linux-x86_64 0.5-1 5.89 70.75 76.64 WARN
r-patched-solaris-x86 0.5-1 147.80 OK
r-release-linux-x86_64 0.5-1 5.62 70.99 76.61 WARN
r-release-windows-ix86+x86_64 0.5-1 9.00 73.00 82.00 OK
r-release-osx-x86_64 0.5-1 OK
r-oldrel-windows-ix86+x86_64 0.5-1 10.00 76.00 86.00 OK
r-oldrel-osx-x86_64 0.5-1 OK

Check Details

Version: 0.5-1
Check: Rd cross-references
Result: WARN
    Unknown package ‘Agreement’ in Rd xrefs
Flavors: r-devel-linux-x86_64-debian-clang, r-devel-linux-x86_64-debian-gcc, r-patched-linux-x86_64, r-release-linux-x86_64