CRAN Package Check Results for Package agRee

Last updated on 2014-04-24 03:47:40.

Flavor Version Tinstall Tcheck Ttotal Status Flags
r-devel-linux-x86_64-debian-clang 0.2-2 1.46 19.74 21.21 NOTE
r-devel-linux-x86_64-debian-gcc 0.2-2 1.46 19.95 21.40 NOTE
r-devel-linux-x86_64-fedora-clang 0.2-2 39.93 NOTE
r-devel-linux-x86_64-fedora-gcc 0.2-2 41.12 NOTE
r-devel-osx-x86_64-clang 0.2-2 41.55 NOTE
r-devel-osx-x86_64-gcc 0.2-2 NOTE
r-devel-windows-ix86+x86_64 0.2-2 5.00 32.00 37.00 NOTE
r-patched-linux-x86_64 0.2-2 1.44 19.60 21.04 NOTE
r-patched-solaris-sparc 0.2-2 235.00 NOTE
r-patched-solaris-x86 0.2-2 59.20 NOTE
r-release-linux-ix86 0.2-2 2.00 39.00 41.00 NOTE
r-release-linux-x86_64 0.2-2 1.46 19.96 21.42 NOTE
r-release-osx-x86_64-mavericks 0.2-2 WARN
r-release-osx-x86_64-snowleopard 0.2-2 OK
r-release-windows-ix86+x86_64 0.2-2 6.00 37.00 43.00 NOTE
r-oldrel-windows-ix86+x86_64 0.2-2 6.00 33.00 39.00 NOTE

Check Details

Version: 0.2-2
Check: dependencies in R code
Result: NOTE
    Package in Depends field not imported from: ‘miscF’
     These packages need to be imported from (in the NAMESPACE file)
     for when this namespace is loaded but not attached.
    See the information on DESCRIPTION files in the chapter ‘Creating R
    packages’ of the ‘Writing R Extensions’ manual.
Flavors: r-devel-linux-x86_64-debian-clang, r-devel-linux-x86_64-debian-gcc, r-devel-linux-x86_64-fedora-clang, r-devel-linux-x86_64-fedora-gcc, r-devel-osx-x86_64-clang, r-devel-osx-x86_64-gcc, r-devel-windows-ix86+x86_64, r-patched-linux-x86_64, r-patched-solaris-sparc, r-patched-solaris-x86, r-release-linux-ix86, r-release-linux-x86_64, r-release-osx-x86_64-mavericks, r-release-windows-ix86+x86_64, r-oldrel-windows-ix86+x86_64

Version: 0.2-2
Check: Rd cross-references
Result: NOTE
    Package unavailable to check Rd xrefs: ‘cccrm’
Flavor: r-devel-osx-x86_64-gcc

Version: 0.2-2
Check: PDF version of manual
Result: WARNING
    LaTeX errors when creating PDF version.
    This typically indicates Rd problems.
    LaTeX errors found:
    ! LaTeX Error: File `upquote.sty' not found.
    
    Type X to quit or <RETURN> to proceed,
    or enter new name. (Default extension: sty)
    
    2b7df6/Rd2.tex:8: ==> Fatal error occurred, no output PDF file produced!
Flavor: r-release-osx-x86_64-mavericks