CRAN Package Check Results for Package agRee

Last updated on 2014-07-22 22:48:06.

Flavor Version Tinstall Tcheck Ttotal Status Flags
r-devel-linux-x86_64-debian-clang 0.3-1 5.27 57.94 63.22 OK
r-devel-linux-x86_64-debian-gcc 0.3-1 5.04 56.48 61.52 OK
r-devel-linux-x86_64-fedora-clang 0.3-1 151.00 OK
r-devel-linux-x86_64-fedora-gcc 0.3-1 147.64 OK
r-devel-osx-x86_64-clang 0.3-1 122.44 OK
r-devel-windows-ix86+x86_64 0.3-1 14.00 86.00 100.00 OK
r-patched-linux-x86_64 0.3-1 5.23 59.26 64.49 OK
r-patched-solaris-sparc 0.3-1 746.50 OK
r-patched-solaris-x86 0.3-1 198.20 OK
r-release-linux-ix86 0.3-1 6.48 71.18 77.66 OK
r-release-linux-x86_64 0.3-1 5.30 58.70 64.00 OK
r-release-osx-x86_64-mavericks 0.3-1 ERROR
r-release-osx-x86_64-snowleopard 0.3-1 OK
r-release-windows-ix86+x86_64 0.3-1 16.00 84.00 100.00 OK
r-oldrel-windows-ix86+x86_64 0.3-1 16.00 85.00 101.00 OK

Check Details

Version: 0.3-1
Check: package dependencies
Result: ERROR
    Package required but not available: ‘R2jags’
    
    See the information on DESCRIPTION files in the chapter ‘Creating R
    packages’ of the ‘Writing R Extensions’ manual.
Flavor: r-release-osx-x86_64-mavericks