CRAN Package Check Results for Package agRee

Last updated on 2017-11-25 09:49:10 CET.

Flavor Version Tinstall Tcheck Ttotal Status Flags
r-devel-linux-x86_64-debian-clang 0.5-0 5.15 99.91 105.06 OK
r-devel-linux-x86_64-debian-gcc 0.5-0 4.44 99.57 104.01 OK
r-devel-linux-x86_64-fedora-clang 0.5-0 90.90 OK
r-devel-linux-x86_64-fedora-gcc 0.5-0 88.29 OK
r-devel-windows-ix86+x86_64 0.5-0 10.00 133.00 143.00 OK
r-patched-linux-x86_64 0.5-0 6.11 108.98 115.10 OK
r-release-linux-x86_64 0.5-0 5.05 108.02 113.08 OK
r-release-windows-ix86+x86_64 0.5-0 12.00 73.00 85.00 OK
r-release-osx-x86_64 0.5-0 ERROR
r-oldrel-windows-ix86+x86_64 0.5-0 10.00 82.00 92.00 OK
r-oldrel-osx-x86_64 0.5-0 ERROR

Check Details

Version: 0.5-0
Check: package dependencies
Result: ERROR
    Package required but not available: ‘miscF’
    
    See section ‘The DESCRIPTION file’ in the ‘Writing R Extensions’
    manual.
Flavor: r-release-osx-x86_64

Version: 0.5-0
Check: package dependencies
Result: ERROR
    Package required and available but unsuitable version: ‘miscF’
    
    See section ‘The DESCRIPTION file’ in the ‘Writing R Extensions’
    manual.
Flavor: r-oldrel-osx-x86_64