CRAN Package Check Results for Package aggutils

Last updated on 2024-02-26 05:57:31 CET.

Flavor Version Tinstall Tcheck Ttotal Status Flags
r-devel-linux-x86_64-debian-clang 1.0.2 2.59 21.51 24.10 OK
r-devel-linux-x86_64-debian-gcc 1.0.2 2.16 17.23 19.39 OK
r-devel-linux-x86_64-fedora-clang 1.0.2 31.31 NOTE
r-devel-linux-x86_64-fedora-gcc 1.0.2 29.77 NOTE
r-devel-windows-x86_64 1.0.2 4.00 40.00 44.00 OK
r-patched-linux-x86_64 1.0.2 2.86 21.81 24.67 OK
r-release-linux-x86_64 1.0.2 2.31 21.70 24.01 OK
r-release-macos-arm64 1.0.2 20.00 OK
r-release-macos-x86_64 1.0.2 27.00 OK
r-release-windows-x86_64 1.0.2 5.00 38.00 43.00 OK
r-oldrel-macos-arm64 1.0.2 18.00 OK
r-oldrel-windows-x86_64 1.0.2 5.00 43.00 48.00 OK

Check Details

Version: 1.0.2
Check: dependencies in R code
Result: NOTE Namespace in Imports field not imported from: ‘docstring’ All declared Imports should be used. Flavors: r-devel-linux-x86_64-fedora-clang, r-devel-linux-x86_64-fedora-gcc