CRAN Package Check Results for Package aglm

Last updated on 2021-11-29 03:52:59 CET.

Flavor Version Tinstall Tcheck Ttotal Status Flags
r-devel-linux-x86_64-debian-clang 0.4.0 OK
r-devel-linux-x86_64-debian-gcc 0.4.0 6.83 106.42 113.25 OK
r-devel-linux-x86_64-fedora-clang 0.4.0 196.73 NOTE
r-devel-linux-x86_64-fedora-gcc 0.4.0 187.75 NOTE
r-devel-windows-x86_64-new-UL 0.4.0 17.00 188.00 205.00 OK
r-devel-windows-x86_64-new-TK 0.4.0 NOTE
r-devel-windows-x86_64-old 0.4.0 10.00 150.00 160.00 OK
r-patched-linux-x86_64 0.4.0 11.88 137.89 149.77 OK
r-patched-solaris-x86 0.4.0 395.30 NOTE
r-release-linux-x86_64 0.4.0 7.72 139.29 147.01 OK
r-release-macos-arm64 0.4.0 NOTE
r-release-macos-x86_64 0.4.0 NOTE
r-release-windows-ix86+x86_64 0.4.0 20.00 172.00 192.00 OK
r-oldrel-macos-x86_64 0.4.0 NOTE
r-oldrel-windows-ix86+x86_64 0.4.0 13.00 183.00 196.00 OK

Check Details

Version: 0.4.0
Check: dependencies in R code
Result: NOTE
    Namespace in Imports field not imported from: ‘mathjaxr’
     All declared Imports should be used.
Flavors: r-devel-linux-x86_64-fedora-clang, r-devel-linux-x86_64-fedora-gcc, r-devel-windows-x86_64-new-TK, r-patched-solaris-x86, r-release-macos-arm64, r-release-macos-x86_64, r-oldrel-macos-x86_64