CRAN Package Check Results for Package agop

Last updated on 2014-09-02 22:47:32.

Flavor Version Tinstall Tcheck Ttotal Status Flags
r-devel-linux-x86_64-debian-clang 0.1-3 5.69 34.52 40.21 NOTE
r-devel-linux-x86_64-debian-gcc 0.1-3 6.05 33.84 39.88 NOTE
r-devel-linux-x86_64-fedora-clang 0.1-3 103.38 NOTE
r-devel-linux-x86_64-fedora-gcc 0.1-3 93.13 NOTE
r-devel-osx-x86_64-clang 0.1-3 80.09 NOTE
r-devel-windows-ix86+x86_64 0.1-3 20.00 65.00 85.00 NOTE
r-patched-linux-x86_64 0.1-3 6.54 36.54 43.08 NOTE
r-patched-solaris-sparc 0.1-3 520.40 NOTE
r-patched-solaris-x86 0.1-3 138.20 NOTE
r-release-linux-ix86 0.1-3 7.36 46.25 53.61 NOTE
r-release-linux-x86_64 0.1-3 6.51 37.21 43.72 NOTE
r-release-osx-x86_64-mavericks 0.1-3 NOTE
r-release-osx-x86_64-snowleopard 0.1-3 NOTE
r-release-windows-ix86+x86_64 0.1-3 20.00 72.00 92.00 NOTE
r-oldrel-windows-ix86+x86_64 0.1-3 21.00 70.00 91.00 NOTE

Check Details

Version: 0.1-3
Check: dependencies in R code
Result: NOTE
    Packages in Depends field not imported from:
     ‘Matrix’ ‘igraph’
     These packages need to be imported from (in the NAMESPACE file)
     for when this namespace is loaded but not attached.
    See the information on DESCRIPTION files in the chapter ‘Creating R
    packages’ of the ‘Writing R Extensions’ manual.
Flavors: r-devel-linux-x86_64-debian-clang, r-devel-linux-x86_64-debian-gcc, r-devel-linux-x86_64-fedora-clang, r-devel-linux-x86_64-fedora-gcc, r-devel-osx-x86_64-clang, r-devel-windows-ix86+x86_64, r-patched-linux-x86_64, r-patched-solaris-sparc, r-patched-solaris-x86, r-release-linux-ix86, r-release-linux-x86_64, r-release-osx-x86_64-mavericks, r-release-windows-ix86+x86_64, r-oldrel-windows-ix86+x86_64

Version: 0.1-3
Check: R code for possible problems
Result: NOTE
    closure_total_fair: no visible global function definition for
     ‘get.adjacency’
    closure_transitive: no visible global function definition for
     ‘get.adjacency’
    de_transitive: no visible global function definition for
     ‘get.adjacency’
    get_equivalence_classes: no visible global function definition for
     ‘graph.adjacency’
    get_equivalence_classes: no visible global function definition for
     ‘get.adjacency’
    get_equivalence_classes: no visible global function definition for
     ‘maximal.cliques’
    get_incomparable_pairs: no visible global function definition for
     ‘get.adjacency’
    get_independent_sets: no visible global function definition for
     ‘graph.adjacency’
    get_independent_sets: no visible global function definition for
     ‘shortest.paths’
    get_independent_sets: no visible global function definition for
     ‘maximal.cliques’
    is_reflexive: no visible global function definition for ‘get.adjacency’
    is_total: no visible global function definition for ‘get.adjacency’
    is_transitive: no visible global function definition for
     ‘graph.adjacency’
    is_transitive: no visible global function definition for ‘vcount’
    is_transitive: no visible global function definition for ‘graph.bfs’
    rel_graph: no visible global function definition for ‘Matrix’
Flavors: r-devel-linux-x86_64-debian-clang, r-devel-linux-x86_64-debian-gcc, r-devel-linux-x86_64-fedora-clang, r-devel-linux-x86_64-fedora-gcc, r-devel-osx-x86_64-clang, r-devel-windows-ix86+x86_64

Version: 0.1-3
Check: for old-style vignette sources
Result: NOTE
    Vignette sources only in ‘inst/doc’:
     ‘agop-Tutorial.Rnw’
    A ‘vignettes’ directory is required as from R 3.1.0
    and these will not be indexed nor checked
Flavors: r-devel-linux-x86_64-debian-clang, r-devel-linux-x86_64-debian-gcc, r-devel-linux-x86_64-fedora-clang, r-devel-linux-x86_64-fedora-gcc, r-devel-osx-x86_64-clang, r-devel-windows-ix86+x86_64, r-patched-linux-x86_64, r-patched-solaris-sparc, r-patched-solaris-x86, r-release-linux-ix86, r-release-linux-x86_64, r-release-osx-x86_64-mavericks, r-release-osx-x86_64-snowleopard, r-release-windows-ix86+x86_64

Version: 0.1-3
Check: for old-style vignette sources
Result: NOTE
    Vignette sources only in 'inst/doc':
     'agop-Tutorial.Rnw'
    A 'vignettes' directory will be required as from R 3.1.0
Flavor: r-oldrel-windows-ix86+x86_64