CRAN Package Check Results for Package agop

Last updated on 2015-08-28 19:47:04.

Flavor Version Tinstall Tcheck Ttotal Status Flags
r-devel-linux-x86_64-debian-clang 0.1-4 5.07 33.69 38.76 NOTE
r-devel-linux-x86_64-debian-gcc 0.1-4 5.37 31.17 36.54 NOTE
r-devel-linux-x86_64-fedora-clang 0.1-4 79.83 NOTE
r-devel-linux-x86_64-fedora-gcc 0.1-4 72.72 NOTE
r-devel-osx-x86_64-clang 0.1-4 64.38 OK
r-devel-windows-ix86+x86_64 0.1-4 33.00 100.00 133.00 NOTE
r-patched-linux-x86_64 0.1-4 5.40 34.43 39.83 OK
r-patched-solaris-sparc 0.1-4 483.50 OK
r-patched-solaris-x86 0.1-4 115.80 OK
r-release-linux-x86_64 0.1-4 4.96 33.46 38.42 OK
r-release-osx-x86_64-mavericks 0.1-4 OK
r-release-windows-ix86+x86_64 0.1-4 25.00 103.00 128.00 OK
r-oldrel-windows-ix86+x86_64 0.1-4 31.00 94.00 125.00 OK

Check Details

Version: 0.1-4
Check: R code for possible problems
Result: NOTE
    closure_total_fair: no visible global function definition for ‘is’
    closure_transitive: no visible global function definition for ‘is’
    de_transitive: no visible global function definition for ‘is’
    get_equivalence_classes: no visible global function definition for ‘is’
    get_incomparable_pairs: no visible global function definition for ‘is’
    get_independent_sets: no visible global function definition for ‘is’
    is_reflexive: no visible global function definition for ‘is’
    is_total: no visible global function definition for ‘is’
    is_transitive: no visible global function definition for ‘is’
    pareto2_estimate_mle: no visible global function definition for
     ‘uniroot’
    pareto2_test_f: no visible global function definition for ‘qf’
    pareto2_test_f: no visible global function definition for ‘pf’
    plot.citfun: no visible global function definition for ‘plot’
    plot.citfun: no visible global function definition for ‘par’
    plot.citfun: no visible global function definition for ‘segments’
    plot.citfun: no visible global function definition for ‘points’
    plot_producer: no visible global function definition for ‘plot’
    plot_producer: no visible global function definition for ‘par’
    plot_producer: no visible global function definition for ‘segments’
    plot_producer: no visible global function definition for ‘points’
    rpareto2: no visible global function definition for ‘runif’
    Undefined global functions or variables:
     is par pf plot points qf runif segments uniroot
    Consider adding
     importFrom("graphics", "par", "plot", "points", "segments")
     importFrom("methods", "is")
     importFrom("stats", "pf", "qf", "runif", "uniroot")
    to your NAMESPACE (and ensure that your DESCRIPTION Imports field
    contains 'methods').
Flavors: r-devel-linux-x86_64-debian-clang, r-devel-linux-x86_64-debian-gcc, r-devel-linux-x86_64-fedora-clang, r-devel-linux-x86_64-fedora-gcc, r-devel-windows-ix86+x86_64