CRAN Package Check Results for Package agop

Last updated on 2014-07-23 11:49:35.

Flavor Version Tinstall Tcheck Ttotal Status Flags
r-devel-linux-x86_64-debian-clang 0.1-3 6.82 36.42 43.24 NOTE
r-devel-linux-x86_64-debian-gcc 0.1-3 5.94 35.62 41.56 NOTE
r-devel-linux-x86_64-fedora-clang 0.1-3 105.76 NOTE
r-devel-linux-x86_64-fedora-gcc 0.1-3 100.39 NOTE
r-devel-osx-x86_64-clang 0.1-3 85.66 NOTE
r-devel-windows-ix86+x86_64 0.1-3 21.00 70.00 91.00 NOTE
r-patched-linux-x86_64 0.1-3 6.32 36.12 42.44 NOTE
r-patched-solaris-sparc 0.1-3 530.00 NOTE
r-patched-solaris-x86 0.1-3 137.60 NOTE
r-release-linux-ix86 0.1-3 7.44 46.58 54.02 NOTE
r-release-linux-x86_64 0.1-3 6.06 37.17 43.24 NOTE
r-release-osx-x86_64-mavericks 0.1-3 NOTE
r-release-osx-x86_64-snowleopard 0.1-3 NOTE
r-release-windows-ix86+x86_64 0.1-3 21.00 75.00 96.00 NOTE
r-oldrel-windows-ix86+x86_64 0.1-3 22.00 73.00 95.00 NOTE

Check Details

Version: 0.1-3
Check: dependencies in R code
Result: NOTE
    Packages in Depends field not imported from:
     ‘Matrix’ ‘igraph’
     These packages need to be imported from (in the NAMESPACE file)
     for when this namespace is loaded but not attached.
    See the information on DESCRIPTION files in the chapter ‘Creating R
    packages’ of the ‘Writing R Extensions’ manual.
Flavors: r-devel-linux-x86_64-debian-clang, r-devel-linux-x86_64-debian-gcc, r-devel-linux-x86_64-fedora-clang, r-devel-linux-x86_64-fedora-gcc, r-devel-osx-x86_64-clang, r-devel-windows-ix86+x86_64, r-patched-linux-x86_64, r-patched-solaris-sparc, r-patched-solaris-x86, r-release-linux-ix86, r-release-linux-x86_64, r-release-osx-x86_64-mavericks, r-release-windows-ix86+x86_64, r-oldrel-windows-ix86+x86_64

Version: 0.1-3
Check: for old-style vignette sources
Result: NOTE
    Vignette sources only in ‘inst/doc’:
     ‘agop-Tutorial.Rnw’
    A ‘vignettes’ directory is required as from R 3.1.0
    and these will not be indexed nor checked
Flavors: r-devel-linux-x86_64-debian-clang, r-devel-linux-x86_64-debian-gcc, r-devel-linux-x86_64-fedora-clang, r-devel-linux-x86_64-fedora-gcc, r-devel-osx-x86_64-clang, r-patched-linux-x86_64, r-patched-solaris-sparc, r-patched-solaris-x86, r-release-linux-ix86, r-release-linux-x86_64, r-release-osx-x86_64-mavericks, r-release-osx-x86_64-snowleopard

Version: 0.1-3
Check: for old-style vignette sources
Result: NOTE
    Vignette sources only in 'inst/doc':
     'agop-Tutorial.Rnw'
    A 'vignettes' directory is required as from R 3.1.0
    and these will not be indexed nor checked
    * checking examples ...
Flavors: r-devel-windows-ix86+x86_64, r-release-windows-ix86+x86_64

Version: 0.1-3
Check: for old-style vignette sources
Result: NOTE
    Vignette sources only in 'inst/doc':
     'agop-Tutorial.Rnw'
    A 'vignettes' directory will be required as from R 3.1.0
    * checking examples ...
Flavor: r-oldrel-windows-ix86+x86_64