CRAN Package Check Results for Package agop

Last updated on 2015-05-05 11:47:56.

Flavor Version Tinstall Tcheck Ttotal Status Flags
r-devel-linux-x86_64-debian-clang 0.1-4 5.08 33.70 38.78 OK
r-devel-linux-x86_64-debian-gcc 0.1-4 4.97 32.89 37.86 OK
r-devel-linux-x86_64-fedora-clang 0.1-4 85.11 OK
r-devel-linux-x86_64-fedora-gcc 0.1-4 74.03 OK
r-devel-osx-x86_64-clang 0.1-4 68.48 OK
r-devel-windows-ix86+x86_64 0.1-4 21.00 72.00 93.00 OK
r-patched-linux-x86_64 0.1-4 5.20 33.03 38.23 OK
r-patched-solaris-sparc 0.1-4 476.00 OK
r-patched-solaris-x86 0.1-4 116.20 OK
r-release-linux-x86_64 0.1-4 4.95 32.60 37.56 OK
r-release-osx-x86_64-mavericks 0.1-4 OK
r-release-osx-x86_64-snowleopard 0.1-4 ERROR
r-release-windows-ix86+x86_64 0.1-4 25.00 71.00 96.00 OK
r-oldrel-windows-ix86+x86_64 0.1-4 20.00 108.00 128.00 OK

Check Details

Version: 0.1-4
Check: package dependencies
Result: ERROR
    Package required but not available: ‘igraph’
    
    See section ‘The DESCRIPTION file’ in the ‘Writing R Extensions’
    manual.
Flavor: r-release-osx-x86_64-snowleopard