CRAN Package Check Results for Package agop

Last updated on 2015-07-31 23:47:34.

Flavor Version Tinstall Tcheck Ttotal Status Flags
r-devel-linux-x86_64-debian-clang 0.1-4 5.28 34.23 39.51 NOTE
r-devel-linux-x86_64-debian-gcc 0.1-4 5.02 32.76 37.79 NOTE
r-devel-linux-x86_64-fedora-clang 0.1-4 81.69 NOTE
r-devel-linux-x86_64-fedora-gcc 0.1-4 76.86 NOTE
r-devel-osx-x86_64-clang 0.1-4 67.28 OK
r-devel-windows-ix86+x86_64 0.1-4 31.00 71.00 102.00 NOTE
r-patched-linux-x86_64 0.1-4 5.11 34.05 39.16 OK
r-patched-solaris-sparc 0.1-4 483.50 OK
r-patched-solaris-x86 0.1-4 111.10 OK
r-release-linux-x86_64 0.1-4 5.18 33.02 38.20 OK
r-release-osx-x86_64-mavericks 0.1-4 OK
r-release-windows-ix86+x86_64 0.1-4 27.00 80.00 107.00 OK
r-oldrel-windows-ix86+x86_64 0.1-4 23.00 94.00 117.00 OK

Check Details

Version: 0.1-4
Check: R code for possible problems
Result: NOTE
    closure_total_fair: no visible global function definition for ‘is’
    closure_transitive: no visible global function definition for ‘is’
    de_transitive: no visible global function definition for ‘is’
    get_equivalence_classes: no visible global function definition for ‘is’
    get_incomparable_pairs: no visible global function definition for ‘is’
    get_independent_sets: no visible global function definition for ‘is’
    is_reflexive: no visible global function definition for ‘is’
    is_total: no visible global function definition for ‘is’
    is_transitive: no visible global function definition for ‘is’
    pareto2_estimate_mle: no visible global function definition for
     ‘uniroot’
    pareto2_test_f: no visible global function definition for ‘qf’
    pareto2_test_f: no visible global function definition for ‘pf’
    plot.citfun: no visible global function definition for ‘plot’
    plot.citfun: no visible global function definition for ‘par’
    plot.citfun: no visible global function definition for ‘segments’
    plot.citfun: no visible global function definition for ‘points’
    plot_producer: no visible global function definition for ‘plot’
    plot_producer: no visible global function definition for ‘par’
    plot_producer: no visible global function definition for ‘segments’
    plot_producer: no visible global function definition for ‘points’
    rpareto2: no visible global function definition for ‘runif’
    Undefined global functions or variables:
     is par pf plot points qf runif segments uniroot
    Consider adding
     importFrom("graphics", "par", "plot", "points", "segments")
     importFrom("methods", "is")
     importFrom("stats", "pf", "qf", "runif", "uniroot")
    to your NAMESPACE.
Flavors: r-devel-linux-x86_64-debian-clang, r-devel-linux-x86_64-debian-gcc, r-devel-linux-x86_64-fedora-clang, r-devel-linux-x86_64-fedora-gcc, r-devel-windows-ix86+x86_64