CRAN Package Check Results for Package agricolae

Last updated on 2015-07-29 12:47:14.

Flavor Version Tinstall Tcheck Ttotal Status Flags
r-devel-linux-x86_64-debian-clang 1.2-1 4.33 89.90 94.24 NOTE
r-devel-linux-x86_64-debian-gcc 1.2-1 4.51 90.35 94.86 NOTE
r-devel-linux-x86_64-fedora-clang 1.2-1 186.52 NOTE
r-devel-linux-x86_64-fedora-gcc 1.2-1 178.46 NOTE
r-devel-osx-x86_64-clang 1.2-1 160.31 OK
r-devel-windows-ix86+x86_64 1.2-1 14.00 134.00 148.00 NOTE
r-patched-linux-x86_64 1.2-1 4.24 88.84 93.08 OK
r-patched-solaris-sparc 1.2-1 1125.20 OK
r-patched-solaris-x86 1.2-1 224.00 OK
r-release-linux-x86_64 1.2-1 4.33 87.47 91.80 OK
r-release-osx-x86_64-mavericks 1.2-1 OK
r-release-windows-ix86+x86_64 1.2-1 18.00 141.00 159.00 OK
r-oldrel-windows-ix86+x86_64 1.2-1 21.00 167.00 188.00 OK

Check Details

Version: 1.2-1
Check: R code for possible problems
Result: NOTE
    AMMI: no visible global function definition for ‘na.omit’
    AMMI: no visible global function definition for ‘aov’
    AMMI: no visible global function definition for ‘pf’
    AMMI: no visible global function definition for ‘df.residual’
    AMMI: no visible global function definition for ‘deviance’
    AMMI: no visible global function definition for ‘lm’
    AMMI: no visible global function definition for ‘predict’
    AMMI: no visible global function definition for ‘princomp’
    AMMI.contour: no visible global function definition for ‘lines’
    BIB.test: no visible global function definition for ‘formula’
    BIB.test: no visible global function definition for ‘lm’
    BIB.test: no visible global function definition for ‘df.residual’
    BIB.test: no visible global function definition for ‘deviance’
    BIB.test : <anonymous>: no visible global function definition for ‘sd’
    BIB.test: no visible global function definition for ‘anova’
    BIB.test: no visible global function definition for ‘qt’
    BIB.test: no visible global function definition for ‘qtukey’
    BIB.test: no visible global function definition for ‘combn’
    BIB.test: no visible global function definition for ‘pt’
    BIB.test: no visible global function definition for ‘ptukey’
    DAU.test: no visible global function definition for ‘formula’
    DAU.test: no visible global function definition for ‘lm’
    DAU.test: no visible global function definition for ‘df.residual’
    DAU.test: no visible global function definition for ‘deviance’
    DAU.test : <anonymous>: no visible global function definition for
     ‘na.omit’
    DAU.test : <anonymous>: no visible global function definition for ‘sd’
    DAU.test: no visible global function definition for ‘anova’
    DAU.test: no visible global function definition for ‘pf’
    DAU.test: no visible global function definition for ‘combn’
    DAU.test: no visible global function definition for ‘pt’
    DAU.test: no visible global function definition for ‘ptukey’
    HSD.test: no visible global function definition for ‘df.residual’
    HSD.test: no visible global function definition for ‘deviance’
    HSD.test: no visible global function definition for ‘qtukey’
    HSD.test: no visible global function definition for ‘combn’
    HSD.test: no visible global function definition for ‘ptukey’
    LSD.test: no visible global function definition for ‘df.residual’
    LSD.test: no visible global function definition for ‘deviance’
    LSD.test: no visible global function definition for ‘qt’
    LSD.test: no visible global function definition for ‘p.adjust’
    LSD.test: no visible global function definition for ‘combn’
    LSD.test: no visible global function definition for ‘pt’
    Median.test: no visible global function definition for ‘median’
    Median.test: no visible global function definition for ‘chisq.test’
    Median.test: no visible global function definition for ‘combn’
    PBIB.test : <anonymous>: no visible global function definition for
     ‘na.omit’
    PBIB.test : <anonymous>: no visible global function definition for ‘sd’
    PBIB.test: no visible global function definition for ‘na.omit’
    PBIB.test: no visible global function definition for ‘formula’
    PBIB.test: no visible global function definition for ‘lm’
    PBIB.test: no visible global function definition for ‘df.residual’
    PBIB.test: no visible global function definition for ‘anova’
    PBIB.test: no visible global function definition for ‘deviance’
    PBIB.test: no visible binding for global variable ‘na.omit’
    PBIB.test: no visible global function definition for ‘vcov’
    PBIB.test: no visible global function definition for ‘AIC’
    PBIB.test: no visible global function definition for ‘BIC’
    PBIB.test: no visible global function definition for ‘combn’
    PBIB.test: no visible global function definition for ‘pt’
    PBIB.test: no visible global function definition for ‘ptukey’
    SNK.test: no visible global function definition for ‘df.residual’
    SNK.test: no visible global function definition for ‘deviance’
    SNK.test: no visible global function definition for ‘qtukey’
    SNK.test: no visible global function definition for ‘combn’
    SNK.test: no visible global function definition for ‘ptukey’
    bar.err: no visible global function definition for ‘barplot’
    bar.err: no visible global function definition for ‘lines’
    bar.err: no visible global function definition for ‘text’
    bar.group: no visible global function definition for ‘barplot’
    bar.group: no visible global function definition for ‘text’
    carolina: no visible global function definition for ‘lm’
    carolina: no visible global function definition for ‘anova’
    consensus: no visible global function definition for ‘dist’
    consensus: no visible global function definition for ‘hclust’
    consensus: no visible global function definition for ‘cutree’
    consensus: no visible global function definition for ‘plot’
    consensus: no visible global function definition for ‘text’
    correl: no visible global function definition for ‘pt’
    correlation: no visible global function definition for ‘na.omit’
    cv.similarity: no visible global function definition for ‘na.omit’
    cv.similarity: no visible global function definition for ‘sd’
    delete.na: no visible global function definition for ‘na.omit’
    design.alpha: no visible global function definition for ‘runif’
    design.bib: no visible global function definition for ‘runif’
    design.bib: no visible global function definition for ‘combn’
    design.crd: no visible global function definition for ‘runif’
    design.cyclic: no visible global function definition for ‘runif’
    design.dau: no visible global function definition for ‘runif’
    design.graeco: no visible global function definition for ‘runif’
    design.lattice: no visible global function definition for ‘runif’
    design.lsd: no visible global function definition for ‘runif’
    design.rcbd: no visible global function definition for ‘runif’
    design.split: no visible global function definition for ‘runif’
    design.strip: no visible global function definition for ‘runif’
    design.youden: no visible global function definition for ‘runif’
    duncan.test: no visible global function definition for ‘df.residual’
    duncan.test: no visible global function definition for ‘deviance’
    duncan.test: no visible global function definition for ‘qtukey’
    duncan.test: no visible global function definition for ‘combn’
    duncan.test: no visible global function definition for ‘ptukey’
    durbin.test: no visible global function definition for ‘pchisq’
    durbin.test: no visible global function definition for ‘qt’
    durbin.test: no visible global function definition for ‘combn’
    durbin.test: no visible global function definition for ‘pt’
    friedman: no visible global function definition for ‘qt’
    friedman: no visible global function definition for ‘pchisq’
    friedman: no visible global function definition for ‘pf’
    friedman: no visible global function definition for ‘combn’
    friedman: no visible global function definition for ‘pt’
    graph.freq: no visible global function definition for ‘na.omit’
    graph.freq: no visible global function definition for ‘axis’
    graph.freq: no visible global function definition for ‘rect’
    hcut: no visible global function definition for ‘as.dendrogram’
    hcut: no visible global function definition for ‘plot’
    hcut: no visible global function definition for ‘text’
    index.bio: no visible global function definition for ‘quantile’
    index.smith: no visible global function definition for ‘lm’
    index.smith: no visible global function definition for ‘coef’
    index.smith: no visible global function definition for ‘plot’
    index.smith: no visible global function definition for ‘points’
    kendall: no visible global function definition for ‘pnorm’
    kruskal: no visible global function definition for ‘pchisq’
    kruskal: no visible global function definition for ‘qt’
    kruskal: no visible global function definition for ‘p.adjust’
    kruskal: no visible global function definition for ‘combn’
    kruskal: no visible global function definition for ‘pt’
    kurtosis: no visible global function definition for ‘na.omit’
    kurtosis: no visible global function definition for ‘var’
    lateblight: no visible global function definition for ‘plot’
    lateblight: no visible global function definition for ‘points’
    lateblight: no visible global function definition for ‘segments’
    lateblight: no visible global function definition for ‘legend’
    lineXtester: no visible global function definition for ‘aov’
    lineXtester: no visible global function definition for ‘anova’
    lineXtester: no visible global function definition for ‘na.omit’
    lineXtester: no visible global function definition for ‘pf’
    montecarlo: no visible global function definition for ‘runif’
    montecarlo: no visible global function definition for ‘density’
    nonadditivity: no visible global function definition for ‘lm’
    nonadditivity: no visible global function definition for ‘predict’
    nonadditivity: no visible global function definition for ‘residuals’
    nonadditivity: no visible global function definition for ‘anova’
    nonadditivity: no visible global function definition for ‘coef’
    nonadditivity: no visible global function definition for ‘pf’
    normal.freq: no visible global function definition for ‘lines’
    normal.freq: no visible global function definition for ‘abline’
    ogive.freq: no visible global function definition for ‘plot’
    ogive.freq: no visible global function definition for ‘axis’
    ogive.freq: no visible global function definition for ‘abline’
    order.group: no visible global function definition for ‘qtukey’
    order.group: no visible global function definition for ‘qt’
    plot.AMMI: no visible global function definition for ‘plot’
    plot.AMMI: no visible global function definition for ‘text’
    plot.AMMI: no visible global function definition for ‘arrows’
    plot.AMMI: no visible global function definition for ‘abline’
    plot.graph.freq: no visible global function definition for ‘na.omit’
    plot.graph.freq: no visible global function definition for ‘axis’
    plot.graph.freq: no visible global function definition for ‘rect’
    polygon.freq: no visible global function definition for ‘lines’
    polygon.freq: no visible global function definition for ‘abline’
    reg.homog : sumx: no visible global function definition for ‘var’
    reg.homog: no visible global function definition for ‘pf’
    resampling.cv: no visible global function definition for ‘lm’
    resampling.model: no visible global function definition for
     ‘as.formula’
    resampling.model: no visible global function definition for ‘lm’
    resampling.model: no visible global function definition for ‘anova’
    scheffe.test: no visible global function definition for ‘df.residual’
    scheffe.test: no visible global function definition for ‘deviance’
    scheffe.test: no visible global function definition for ‘anova’
    scheffe.test: no visible global function definition for ‘qf’
    scheffe.test: no visible global function definition for ‘combn’
    scheffe.test: no visible global function definition for ‘pf’
    similarity: no visible global function definition for ‘na.omit’
    similarity: no visible global function definition for ‘as.dist’
    simulation.model: no visible global function definition for
     ‘as.formula’
    simulation.model: no visible global function definition for ‘lm’
    simulation.model: no visible global function definition for ‘anova’
    simulation.model: no visible global function definition for ‘predict’
    simulation.model: no visible global function definition for ‘deviance’
    simulation.model: no visible global function definition for ‘rnorm’
    skewness: no visible global function definition for ‘na.omit’
    skewness: no visible global function definition for ‘var’
    sp.plot: no visible global function definition for ‘aov’
    sp.plot: no visible global function definition for ‘anova’
    sp.plot: no visible global function definition for ‘pf’
    ssp.plot: no visible global function definition for ‘aov’
    ssp.plot: no visible global function definition for ‘anova’
    ssp.plot: no visible global function definition for ‘pf’
    stability.nonpar: no visible global function definition for ‘var’
    stability.nonpar: no visible global function definition for ‘qchisq’
    stability.par: no visible global function definition for ‘qf’
    stability.par: no visible global function definition for ‘qt’
    stability.par: no visible global function definition for ‘pf’
    strip.plot: no visible global function definition for ‘aov’
    strip.plot: no visible global function definition for ‘anova’
    strip.plot: no visible global function definition for ‘pf’
    strip.plot: no visible global function definition for ‘df.residual’
    strip.plot: no visible global function definition for ‘deviance’
    sturges.freq: no visible global function definition for ‘median’
    waerden.test: no visible global function definition for ‘qnorm’
    waerden.test: no visible global function definition for ‘pchisq’
    waerden.test: no visible global function definition for ‘qt’
    waerden.test: no visible global function definition for ‘combn’
    waerden.test: no visible global function definition for ‘pt’
    waller : h: no visible global function definition for ‘dt’
    waller : h: no visible global function definition for ‘pt’
    waller: no visible global function definition for ‘integrate’
    waller.test: no visible global function definition for ‘df.residual’
    waller.test: no visible global function definition for ‘deviance’
    waller.test: no visible global function definition for ‘anova’
    waller.test: no visible global function definition for ‘combn’
    weatherSeverity : <anonymous>: no visible global function definition
     for ‘sd’
    Undefined global functions or variables:
     AIC BIC abline anova aov arrows as.dendrogram as.dist as.formula axis
     barplot chisq.test coef combn cutree density deviance df.residual
     dist dt formula hclust integrate legend lines lm median na.omit
     p.adjust pchisq pf plot pnorm points predict princomp pt ptukey
     qchisq qf qnorm qt qtukey quantile rect residuals rnorm runif sd
     segments text var vcov
    Consider adding
     importFrom("graphics", "abline", "arrows", "axis", "barplot", "legend",
     "lines", "plot", "points", "rect", "segments", "text")
     importFrom("stats", "AIC", "BIC", "anova", "aov", "as.dendrogram",
     "as.dist", "as.formula", "chisq.test", "coef", "cutree",
     "density", "deviance", "df.residual", "dist", "dt",
     "formula", "hclust", "integrate", "lm", "median", "na.omit",
     "p.adjust", "pchisq", "pf", "pnorm", "predict", "princomp",
     "pt", "ptukey", "qchisq", "qf", "qnorm", "qt", "qtukey",
     "quantile", "residuals", "rnorm", "runif", "sd", "var",
     "vcov")
     importFrom("utils", "combn")
    to your NAMESPACE.
Flavors: r-devel-linux-x86_64-debian-clang, r-devel-linux-x86_64-debian-gcc, r-devel-linux-x86_64-fedora-clang, r-devel-linux-x86_64-fedora-gcc, r-devel-windows-ix86+x86_64