CRAN Package Check Results for Package agricolae

Last updated on 2015-05-29 15:46:26.

Flavor Version Tinstall Tcheck Ttotal Status Flags
r-devel-linux-x86_64-debian-clang 1.2-1 4.34 95.48 99.82 OK
r-devel-linux-x86_64-debian-gcc 1.2-1 4.24 88.11 92.34 OK
r-devel-linux-x86_64-fedora-clang 1.2-1 203.85 OK
r-devel-linux-x86_64-fedora-gcc 1.2-1 176.80 OK
r-devel-osx-x86_64-clang 1.2-1 157.55 OK
r-devel-windows-ix86+x86_64 1.2-1 13.00 132.00 145.00 OK
r-patched-linux-x86_64 1.2-1 4.40 86.92 91.32 OK
r-patched-solaris-sparc 1.2-1 1119.60 OK
r-patched-solaris-x86 1.2-1 227.30 OK
r-release-linux-x86_64 1.2-1 4.31 90.34 94.65 OK
r-release-osx-x86_64-mavericks 1.2-1 OK
r-release-osx-x86_64-snowleopard 1.2-1 ERROR
r-release-windows-ix86+x86_64 1.2-1 13.00 140.00 153.00 OK
r-oldrel-windows-ix86+x86_64 1.2-1 18.00 149.00 167.00 OK

Check Details

Version: 1.2-1
Check: package dependencies
Result: ERROR
    Package required but not available: ‘spdep’
    
    See section ‘The DESCRIPTION file’ in the ‘Writing R Extensions’
    manual.
Flavor: r-release-osx-x86_64-snowleopard