CRAN Package Check Results for Package agricolae

Last updated on 2014-09-03 05:47:36.

Flavor Version Tinstall Tcheck Ttotal Status Flags
r-devel-linux-x86_64-debian-clang 1.2-1 5.98 97.74 103.71 OK
r-devel-linux-x86_64-debian-gcc 1.2-1 8.21 96.88 105.08 OK
r-devel-linux-x86_64-fedora-clang 1.2-1 250.92 OK
r-devel-linux-x86_64-fedora-gcc 1.2-1 231.03 OK
r-devel-osx-x86_64-clang 1.2-1 125.31 OK
r-devel-windows-ix86+x86_64 1.2-0 7.00 97.00 104.00 NOTE
r-patched-linux-x86_64 1.2-1 6.34 102.13 108.47 OK
r-patched-solaris-sparc 1.2-1 1205.60 OK
r-patched-solaris-x86 1.2-1 295.00 OK
r-release-linux-ix86 1.2-0 2.49 89.38 91.87 OK
r-release-linux-x86_64 1.2-0 1.90 71.56 73.46 OK
r-release-osx-x86_64-mavericks 1.2-1 OK
r-release-osx-x86_64-snowleopard 1.2-1 OK
r-release-windows-ix86+x86_64 1.2-1 15.00 139.00 154.00 OK
r-oldrel-windows-ix86+x86_64 1.2-1 17.00 156.00 173.00 OK

Check Details

Version: 1.2-0
Check: R code for possible problems
Result: NOTE
    PBIB.test: no visible global function definition for 'lme'
    PBIB.test: no visible global function definition for 'VarCorr'
    PBIB.test: no visible global function definition for 'ginv'
    PBIB.test: no visible global function definition for 'fixef'
    consensus: no visible global function definition for 'daisy'
    grid3p: no visible global function definition for 'interpp'
    plot.AMMI: no visible global function definition for 'triplot'
    plot.AMMI: no visible global function definition for 'tritrafo'
    plot.AMMI: no visible global function definition for 'trilines'
    plot.AMMI: no visible global function definition for 'centerlines'
    plot.AMMI: no visible global function definition for 'tri2nb'
    plot.AMMI: no visible global function definition for 'graph2nb'
    plot.AMMI: no visible global function definition for 'soi.graph'
Flavor: r-devel-windows-ix86+x86_64