CRAN Package Check Results for Package agricolae

Last updated on 2017-06-22 17:47:32.

Flavor Version Tinstall Tcheck Ttotal Status Flags
r-devel-linux-x86_64-debian-clang 1.2-4 4.43 92.09 96.52 OK
r-devel-linux-x86_64-debian-gcc 1.2-4 4.19 91.91 96.09 OK
r-devel-linux-x86_64-fedora-clang 1.2-4 201.58 OK
r-devel-linux-x86_64-fedora-gcc 1.2-4 194.10 OK
r-devel-windows-ix86+x86_64 1.2-4 15.00 206.00 221.00 OK
r-patched-linux-x86_64 1.2-4 4.27 92.29 96.56 OK
r-patched-solaris-sparc 1.2-4 1145.70 OK
r-patched-solaris-x86 1.2-4 221.90 OK
r-release-linux-x86_64 1.2-4 5.06 93.70 98.75 OK
r-release-windows-ix86+x86_64 1.2-4 16.00 167.00 183.00 OK
r-release-osx-x86_64 1.2-4 ERROR
r-oldrel-windows-ix86+x86_64 1.2-4 18.00 138.00 156.00 OK
r-oldrel-osx-x86_64 1.2-4 OK

Check Details

Version: 1.2-4
Check: package dependencies
Result: NOTE
    Package suggested but not available for checking: ‘rgeos’
Flavor: r-release-osx-x86_64

Version: 1.2-4
Check: examples
Result: ERROR
    Running examples in ‘agricolae-Ex.R’ failed
    The error most likely occurred in:
    
    > ### Name: plot.AMMI
    > ### Title: PLOT AMMI
    > ### Aliases: plot.AMMI
    > ### Keywords: aplot
    >
    > ### ** Examples
    >
    > library(agricolae)
    > data(plrv)
    > model<- with(plrv,AMMI(Locality, Genotype, Rep, Yield))
    > # biplot PC2 vs PC1
    > plot(model)
    > ## plot PC1 vs Yield
    > plot(model,0,1,gcol="blue",ecol="green")
    > ## triplot PC 2,3,4
    > plot(model,first=2,second=3,third=4, type=2,number=TRUE)
    > # biplot with influence genotype in pc3 vs pc2
    > plot(model,first=2,second=3, type=3,number=TRUE,icol="green")
    
     PLEASE NOTE: The components "delsgs" and "summary" of the
     object returned by deldir() are now DATA FRAMES rather than
     matrices (as they were prior to release 0.0-18).
     See help("deldir").
    
     PLEASE NOTE: The process that deldir() uses for determining
     duplicated points has changed from that used in version
     0.0-9 of this package (and previously). See help("deldir").
    
    
    Error in spdep::soi.graph(tri, coords) : rgeos required
    Calls: plot ... plot.AMMI -> <Anonymous> -> inherits -> <Anonymous>
    Execution halted
Flavor: r-release-osx-x86_64