CRAN Package Check Results for Package agricolae

Last updated on 2014-04-25 09:52:09.

Flavor Version Tinstall Tcheck Ttotal Status Flags
r-devel-linux-x86_64-debian-clang 1.1-8 2.27 52.58 54.85 OK
r-devel-linux-x86_64-debian-gcc 1.1-8 2.16 52.64 54.80 OK
r-devel-linux-x86_64-fedora-clang 1.1-8 115.79 OK
r-devel-linux-x86_64-fedora-gcc 1.1-8 114.09 OK
r-devel-osx-x86_64-clang 1.1-8 81.57 OK
r-devel-osx-x86_64-gcc 1.1-8 ERROR
r-devel-windows-ix86+x86_64 1.1-8 5.00 73.00 78.00 OK
r-patched-linux-x86_64 1.1-8 1.98 54.11 56.08 OK
r-patched-solaris-sparc 1.1-8 600.10 OK
r-patched-solaris-x86 1.1-8 128.10 OK
r-release-linux-ix86 1.1-8 3.00 83.00 86.00 OK
r-release-linux-x86_64 1.1-8 1.98 52.84 54.82 OK
r-release-osx-x86_64-mavericks 1.1-8 WARN
r-release-osx-x86_64-snowleopard 1.1-8 OK
r-release-windows-ix86+x86_64 1.1-8 6.00 75.00 81.00 OK
r-oldrel-windows-ix86+x86_64 1.1-8 7.00 68.00 75.00 OK

Check Details

Version: 1.1-8
Check: package dependencies
Result: NOTE
    Package suggested but not available for checking: ‘klaR’
Flavor: r-devel-osx-x86_64-gcc

Version: 1.1-8
Check: R code for possible problems
Result: NOTE
    AMMI: no visible global function definition for ‘triplot’
    AMMI: no visible global function definition for ‘tritrafo’
    AMMI: no visible global function definition for ‘trilines’
    AMMI: no visible global function definition for ‘centerlines’
Flavor: r-devel-osx-x86_64-gcc

Version: 1.1-8
Check: examples
Result: ERROR
    Running examples in ‘agricolae-Ex.R’ failed
    The error most likely occurred in:
    
    > ### Name: AMMI
    > ### Title: AMMI Analysis
    > ### Aliases: AMMI
    > ### Keywords: models
    >
    > ### ** Examples
    >
    > # Full replications
    > library(agricolae)
    > library(klaR)
    Error in library(klaR) : there is no package called ‘klaR’
    Execution halted
Flavor: r-devel-osx-x86_64-gcc

Version: 1.1-8
Check: PDF version of manual
Result: WARNING
    LaTeX errors when creating PDF version.
    This typically indicates Rd problems.
    LaTeX errors found:
    ! LaTeX Error: File `upquote.sty' not found.
    
    Type X to quit or <RETURN> to proceed,
    or enter new name. (Default extension: sty)
    
    7ff53aa/Rd2.tex:8: ==> Fatal error occurred, no output PDF file produced!
Flavor: r-release-osx-x86_64-mavericks