CRAN Package Check Results for Package agricolae

Last updated on 2014-08-20 15:50:09.

Flavor Version Tinstall Tcheck Ttotal Status Flags
r-devel-linux-x86_64-debian-clang 1.2-0 1.99 71.96 73.95 OK
r-devel-linux-x86_64-debian-gcc 1.2-0 1.92 66.74 68.66 OK
r-devel-linux-x86_64-fedora-clang 1.2-0 154.18 NOTE
r-devel-linux-x86_64-fedora-gcc 1.2-0 147.54 NOTE
r-devel-osx-x86_64-clang 1.2-0 119.31 NOTE
r-devel-windows-ix86+x86_64 1.2-0 6.00 102.00 108.00 OK
r-patched-linux-x86_64 1.2-0 1.87 71.32 73.18 OK
r-patched-solaris-sparc 1.2-0 868.90 OK
r-patched-solaris-x86 1.2-0 176.60 OK
r-release-linux-ix86 1.2-0 2.50 89.89 92.39 OK
r-release-linux-x86_64 1.2-0 1.91 71.02 72.93 OK
r-release-osx-x86_64-mavericks 1.2-0 OK
r-release-osx-x86_64-snowleopard 1.2-0 OK
r-release-windows-ix86+x86_64 1.2-0 6.00 111.00 117.00 OK
r-oldrel-windows-ix86+x86_64 1.2-0 6.00 100.00 106.00 OK

Check Details

Version: 1.2-0
Check: R code for possible problems
Result: NOTE
    PBIB.test: no visible global function definition for ‘lme’
    PBIB.test: no visible global function definition for ‘VarCorr’
    PBIB.test: no visible global function definition for ‘ginv’
    PBIB.test: no visible global function definition for ‘fixef’
    consensus: no visible global function definition for ‘daisy’
    grid3p: no visible global function definition for ‘interpp’
    plot.AMMI: no visible global function definition for ‘triplot’
    plot.AMMI: no visible global function definition for ‘tritrafo’
    plot.AMMI: no visible global function definition for ‘trilines’
    plot.AMMI: no visible global function definition for ‘centerlines’
    plot.AMMI: no visible global function definition for ‘tri2nb’
    plot.AMMI: no visible global function definition for ‘graph2nb’
    plot.AMMI: no visible global function definition for ‘soi.graph’
Flavors: r-devel-linux-x86_64-fedora-clang, r-devel-linux-x86_64-fedora-gcc, r-devel-osx-x86_64-clang