CRAN Package Check Results for Package agricolaeplotr

Last updated on 2022-01-27 05:55:45 CET.

Flavor Version Tinstall Tcheck Ttotal Status Flags
r-devel-linux-x86_64-debian-clang 0.2.2 8.06 120.07 128.13 OK
r-devel-linux-x86_64-debian-gcc 0.2.2 6.34 87.11 93.45 OK
r-devel-linux-x86_64-fedora-clang 0.2.2 148.40 NOTE
r-devel-linux-x86_64-fedora-gcc 0.2.2 137.35 NOTE
r-devel-windows-x86_64-new-UL 0.2.2 101.00 147.00 248.00 OK
r-devel-windows-x86_64-new-TK 0.2.2 NOTE
r-patched-linux-x86_64 0.2.2 7.01 103.87 110.88 OK
r-release-linux-x86_64 0.2.2 6.42 101.45 107.87 OK
r-release-macos-arm64 0.2.2 NOTE
r-release-macos-x86_64 0.2.2 NOTE
r-release-windows-ix86+x86_64 0.2.2 20.00 127.00 147.00 OK
r-oldrel-macos-x86_64 0.2.2 NOTE
r-oldrel-windows-ix86+x86_64 0.2.2 20.00 128.00 148.00 OK

Check Details

Version: 0.2.2
Check: dependencies in R code
Result: NOTE
    Namespace in Imports field not imported from: ‘rmarkdown’
     All declared Imports should be used.
Flavors: r-devel-linux-x86_64-fedora-clang, r-devel-linux-x86_64-fedora-gcc, r-devel-windows-x86_64-new-TK, r-release-macos-arm64, r-release-macos-x86_64, r-oldrel-macos-x86_64