CRAN Package Check Results for Package agridat

Last updated on 2017-10-21 22:46:28.

Flavor Version Tinstall Tcheck Ttotal Status Flags
r-devel-linux-x86_64-debian-clang 1.12 4.44 116.39 120.83 OK
r-devel-linux-x86_64-debian-gcc 1.12 4.29 122.89 127.18 OK
r-devel-linux-x86_64-fedora-clang 1.12 221.70 OK
r-devel-linux-x86_64-fedora-gcc 1.12 226.46 OK
r-devel-windows-ix86+x86_64 1.12 12.00 178.00 190.00 OK
r-patched-linux-x86_64 1.12 4.58 123.31 127.88 OK
r-patched-solaris-x86 1.12 273.00 OK
r-release-linux-x86_64 1.12 4.87 121.67 126.53 OK
r-release-windows-ix86+x86_64 1.12 17.00 199.00 216.00 OK
r-release-osx-x86_64 1.12 ERROR
r-oldrel-windows-ix86+x86_64 1.12 14.00 246.00 260.00 OK
r-oldrel-osx-x86_64 1.12 OK

Check Details

Version: 1.12
Check: package dependencies
Result: NOTE
    Package suggested but not available for checking: ‘HH’
Flavor: r-release-osx-x86_64

Version: 1.12
Check: examples
Result: ERROR
    Running examples in ‘agridat-Ex.R’ failed
    The error most likely occurred in:
    
    > ### Name: gomez.nitrogen
    > ### Title: Soil nitrogen at three times for eight fertilizer treatments
    > ### Aliases: gomez.nitrogen
    > ### Keywords: datasets
    >
    > ### ** Examples
    >
    >
    > data(gomez.nitrogen)
    > dat <- gomez.nitrogen
    >
    > # Note the depletion of nitrogen over time (stage)
    > require(HH)
    Loading required package: HH
    Warning in library(package, lib.loc = lib.loc, character.only = TRUE, logical.return = TRUE, :
     there is no package called ‘HH’
    > interaction2wt(nitro ~ rep/trt + trt*stage, data=dat,
    + main="gomez.nitrogen")
    Error in interaction2wt(nitro ~ rep/trt + trt * stage, data = dat, main = "gomez.nitrogen") :
     could not find function "interaction2wt"
    Execution halted
Flavor: r-release-osx-x86_64

Version: 1.12
Check: re-building of vignette outputs
Result: WARN
    Error in re-building vignettes:
     ...
    Warning: running command 'kpsewhich framed.sty' had status 1
    Warning in test_latex_pkg("framed", system.file("misc", "framed.sty", package = "knitr")) :
     unable to find LaTeX package 'framed'; will use a copy from knitr
    Quitting from lines 79-86 (agridat_examples.Rnw)
    Error: processing vignette 'agridat_examples.Rnw' failed with diagnostics:
    there is no package called 'HH'
    Execution halted
Flavor: r-release-osx-x86_64