CRAN Package Check Results for Package agridat

Last updated on 2014-12-22 19:48:16.

Flavor Version Tinstall Tcheck Ttotal Status Flags
r-devel-linux-x86_64-debian-clang 1.10 7.73 123.50 131.22 OK
r-devel-linux-x86_64-debian-gcc 1.10 7.53 115.04 122.57 OK
r-devel-linux-x86_64-fedora-clang 1.10 264.26 OK
r-devel-linux-x86_64-fedora-gcc 1.10 257.31 OK
r-devel-osx-x86_64-clang 1.10 230.45 OK
r-devel-windows-ix86+x86_64 1.10 25.00 168.00 193.00 OK
r-patched-linux-x86_64 1.10 8.11 131.28 139.39 OK
r-patched-solaris-sparc 1.10 1538.60 OK
r-patched-solaris-x86 1.10 373.10 OK
r-release-linux-ix86 1.10 9.36 147.12 156.48 OK
r-release-linux-x86_64 1.10 8.19 129.20 137.39 OK
r-release-osx-x86_64-mavericks 1.10 ERROR
r-release-osx-x86_64-snowleopard 1.10 OK
r-release-windows-ix86+x86_64 1.10 25.00 198.00 223.00 OK
r-oldrel-windows-ix86+x86_64 1.10 29.00 204.00 233.00 OK

Check Details

Version: 1.10
Check: package dependencies
Result: NOTE
    Package suggested but not available for checking: ‘gstat’
Flavor: r-release-osx-x86_64-mavericks

Version: 1.10
Check: examples
Result: ERROR
    Running examples in ‘agridat-Ex.R’ failed
    The error most likely occurred in:
    
    > ### Name: waynick.soil
    > ### Title: Soil nitrogen and carbon in two fields
    > ### Aliases: waynick.soil
    > ### Keywords: datasets
    >
    > ### ** Examples
    >
    > dat <- waynick.soil
    >
    > # Strong relationship between N,C
    > require(lattice)
    Loading required package: lattice
    > xyplot(nitro~carbon|field, data=dat, main="waynick.soil")
    >
    > # Spatial plot
    > require(sp)
    Loading required package: sp
    > require(gstat)
    Loading required package: gstat
    Warning in library(package, lib.loc = lib.loc, character.only = TRUE, logical.return = TRUE, :
     there is no package called ‘gstat’
    > d1 <- subset(dat, field=="Davis")
    > d2 <- subset(dat, field=="Oakley")
    > coordinates(d1) <- data.frame(x=d1$x, y=d1$y)
    > coordinates(d2) <- data.frame(x=d2$x, y=d2$y)
    > spplot(d1, zcol = "nitro", cuts=8, cex = 1.6,
    + main = "waynick.soil - Davis field - nitrogen",
    + col.regions = bpy.colors(8), key.space = "right")
    >
    > # Variogram
    > v1 <- variogram(nitro~1, data=d1)
    Error: could not find function "variogram"
    Execution halted
Flavor: r-release-osx-x86_64-mavericks