CRAN Package Check Results for Package agridat

Last updated on 2015-05-27 17:47:06.

Flavor Version Tinstall Tcheck Ttotal Status Flags
r-devel-linux-x86_64-debian-clang 1.11 4.66 112.66 117.32 OK
r-devel-linux-x86_64-debian-gcc 1.11 6.30 112.58 118.88 OK
r-devel-linux-x86_64-fedora-clang 1.11 231.00 OK
r-devel-linux-x86_64-fedora-gcc 1.11 225.12 OK
r-devel-osx-x86_64-clang 1.11 198.72 OK
r-devel-windows-ix86+x86_64 1.11 17.00 163.00 180.00 OK
r-patched-linux-x86_64 1.11 4.86 111.46 116.32 OK
r-patched-solaris-sparc 1.11 1289.90 OK
r-patched-solaris-x86 1.11 306.00 OK
r-release-linux-x86_64 1.11 4.80 109.47 114.26 OK
r-release-osx-x86_64-mavericks 1.11 OK
r-release-osx-x86_64-snowleopard 1.11 ERROR
r-release-windows-ix86+x86_64 1.11 17.00 155.00 172.00 OK
r-oldrel-windows-ix86+x86_64 1.11 26.00 182.00 208.00 OK

Check Details

Version: 1.11
Check: package dependencies
Result: ERROR
    Packages suggested but not available for checking:
     ‘AER’ ‘betareg’ ‘car’ ‘FrF2’ ‘gstat’ ‘HH’ ‘knitr’ ‘latticeExtra’
     ‘lucid’
    
    VignetteBuilder package required for checking but not installed: ‘knitr’
    
    Files named as vignettes but with no recognized vignette engine:
     ‘inst/doc/agridat_examples.Rnw’
    (Is a VignetteBuilder field missing?)
    
    See section ‘The DESCRIPTION file’ in the ‘Writing R Extensions’
    manual.
Flavor: r-release-osx-x86_64-snowleopard