CRAN Package Check Results for Package agridat

Last updated on 2015-01-31 16:46:46.

Flavor Version Tinstall Tcheck Ttotal Status Flags
r-devel-linux-x86_64-debian-clang 1.10 0.63 1.55 2.18 ERROR
r-devel-linux-x86_64-debian-gcc 1.10 0.63 1.56 2.19 ERROR
r-devel-linux-x86_64-fedora-clang 1.10 261.85 OK
r-devel-linux-x86_64-fedora-gcc 1.10 246.90 OK
r-devel-osx-x86_64-clang 1.10 231.73 OK
r-devel-windows-ix86+x86_64 1.10 27.00 160.00 187.00 OK
r-patched-linux-x86_64 1.10 8.68 137.76 146.43 OK
r-patched-solaris-sparc 1.10 1540.60 OK
r-patched-solaris-x86 1.10 364.90 OK
r-release-linux-ix86 1.10 9.38 167.14 176.53 OK
r-release-linux-x86_64 1.10 7.67 130.26 137.93 OK
r-release-osx-x86_64-mavericks 1.10 OK
r-release-osx-x86_64-snowleopard 1.10 OK
r-release-windows-ix86+x86_64 1.10 23.00 203.00 226.00 OK
r-oldrel-windows-ix86+x86_64 1.10 23.00 217.00 240.00 OK

Check Details

Version: 1.10
Check: package dependencies
Result: ERROR
    Package required but not available: ‘pcaMethods’
    
    See section ‘The DESCRIPTION file’ in the ‘Writing R Extensions’
    manual.
Flavors: r-devel-linux-x86_64-debian-clang, r-devel-linux-x86_64-debian-gcc