CRAN Package Check Results for Package agridat

Last updated on 2017-08-21 05:47:52.

Flavor Version Tinstall Tcheck Ttotal Status Flags
r-devel-linux-x86_64-debian-clang 1.12 4.76 115.26 120.01 OK
r-devel-linux-x86_64-debian-gcc 1.12 4.40 112.14 116.55 OK
r-devel-linux-x86_64-fedora-clang 1.12 220.01 OK
r-devel-linux-x86_64-fedora-gcc 1.12 211.77 OK
r-devel-windows-ix86+x86_64 1.12 15.00 177.00 192.00 OK
r-patched-linux-x86_64 1.12 4.77 119.58 124.35 OK
r-patched-solaris-x86 1.12 266.70 OK
r-release-linux-x86_64 1.12 4.68 122.70 127.39 OK
r-release-windows-ix86+x86_64 1.12 23.00 180.00 203.00 OK
r-release-osx-x86_64 1.12 ERROR
r-oldrel-windows-ix86+x86_64 1.12 14.00 173.00 187.00 OK
r-oldrel-osx-x86_64 1.12 OK

Check Details

Version: 1.12
Check: package dependencies
Result: NOTE
    Package suggested but not available for checking: ‘HH’
Flavor: r-release-osx-x86_64

Version: 1.12
Check: examples
Result: ERROR
    Running examples in ‘agridat-Ex.R’ failed
    The error most likely occurred in:
    
    > ### Name: gomez.nitrogen
    > ### Title: Soil nitrogen at three times for eight fertilizer treatments
    > ### Aliases: gomez.nitrogen
    > ### Keywords: datasets
    >
    > ### ** Examples
    >
    >
    > data(gomez.nitrogen)
    > dat <- gomez.nitrogen
    >
    > # Note the depletion of nitrogen over time (stage)
    > require(HH)
    Loading required package: HH
    Warning in library(package, lib.loc = lib.loc, character.only = TRUE, logical.return = TRUE, :
     there is no package called ‘HH’
    > interaction2wt(nitro ~ rep/trt + trt*stage, data=dat,
    + main="gomez.nitrogen")
    Error in interaction2wt(nitro ~ rep/trt + trt * stage, data = dat, main = "gomez.nitrogen") :
     could not find function "interaction2wt"
    Execution halted
Flavor: r-release-osx-x86_64

Version: 1.12
Check: re-building of vignette outputs
Result: WARN
    Error in re-building vignettes:
     ...
    Warning: running command 'kpsewhich framed.sty' had status 1
    Warning in test_latex_pkg("framed", system.file("misc", "framed.sty", package = "knitr")) :
     unable to find LaTeX package 'framed'; will use a copy from knitr
    Quitting from lines 79-86 (agridat_examples.Rnw)
    Error: processing vignette 'agridat_examples.Rnw' failed with diagnostics:
    there is no package called 'HH'
    Execution halted
Flavor: r-release-osx-x86_64