CRAN Package Check Results for Package agridat

Last updated on 2015-07-01 03:47:18.

Flavor Version Tinstall Tcheck Ttotal Status Flags
r-devel-linux-x86_64-debian-clang 1.12 4.60 106.38 110.98 OK
r-devel-linux-x86_64-debian-gcc 1.12 4.79 101.17 105.96 OK
r-devel-linux-x86_64-fedora-clang 1.12 217.02 OK
r-devel-linux-x86_64-fedora-gcc 1.12 208.74 OK
r-devel-osx-x86_64-clang 1.12 97.28 OK
r-devel-windows-ix86+x86_64 1.11 16.00 172.00 188.00 NOTE
r-patched-linux-x86_64 1.12 4.67 106.00 110.67 OK
r-patched-solaris-sparc 1.12 1120.20 OK
r-patched-solaris-x86 1.12 233.30 OK
r-release-linux-x86_64 1.11 4.56 102.99 107.55 OK
r-release-osx-x86_64-mavericks 1.12 OK
r-release-windows-ix86+x86_64 1.12 23.00 159.00 182.00 OK
r-oldrel-windows-ix86+x86_64 1.12 23.00 194.00 217.00 OK

Check Details

Version: 1.11
Check: R code for possible problems
Result: NOTE
    biplot.gge: no visible global function definition for 'col2rgb'
    biplot.gge: no visible global function definition for 'rgb'
    biplot.gge: no visible global function definition for 'cor'
    biplot.gge: no visible global function definition for 'par'
    biplot.gge: no visible global function definition for 'plot'
    biplot.gge: no visible global function definition for 'mtext'
    biplot.gge: no visible global function definition for 'lines'
    biplot.gge: no visible global function definition for 'text'
    biplot.gge: no visible global function definition for 'points'
    biplot.gge: no visible global function definition for 'segments'
    desplot: no visible global function definition for 'formula'
    desplot: no visible global function definition for 'as.formula'
    gge.matrix : <anonymous>: no visible global function definition for
     'na.omit'
    nipals: no visible global function definition for 'head'
    nipals: no visible binding for global variable 'sd'
    plot.gge: no visible global function definition for 'par'
    plot.gge: no visible global function definition for 'plot'
    plot.gge: no visible global function definition for 'axis'
    plot.gge: no visible global function definition for 'mosaicplot'
    plot.gge: no visible global function definition for 'mtext'
    plot.gge: no visible global function definition for 'image'
Flavor: r-devel-windows-ix86+x86_64