CRAN Package Check Results for Package agrmt

Last updated on 2015-08-30 15:46:34.

Flavor Version Tinstall Tcheck Ttotal Status Flags
r-devel-linux-x86_64-debian-clang 1.39 0.70 14.44 15.15 NOTE
r-devel-linux-x86_64-debian-gcc 1.39 0.71 14.45 15.16 NOTE
r-devel-linux-x86_64-fedora-clang 1.39 29.48 NOTE
r-devel-linux-x86_64-fedora-gcc 1.39 27.84 NOTE
r-devel-osx-x86_64-clang 1.39 27.44 OK
r-devel-windows-ix86+x86_64 1.39 4.00 44.00 48.00 NOTE
r-patched-linux-x86_64 1.39 0.68 15.10 15.77 OK
r-patched-solaris-sparc 1.39 185.50 OK
r-patched-solaris-x86 1.39 41.80 OK
r-release-linux-x86_64 1.39 0.69 14.91 15.60 OK
r-release-osx-x86_64-mavericks 1.39 OK
r-release-windows-ix86+x86_64 1.39 3.00 38.00 41.00 OK
r-oldrel-windows-ix86+x86_64 1.39 4.00 26.00 30.00 OK

Check Details

Version: 1.39
Check: R code for possible problems
Result: NOTE
    ajusPlot: no visible global function definition for ‘na.omit’
    ajusPlot: no visible global function definition for ‘plot’
    ajusPlot: no visible global function definition for ‘axis’
    ajusPlot: no visible global function definition for ‘text’
    compareAgreement: no visible global function definition for ‘sd’
    Undefined global functions or variables:
     axis na.omit plot sd text
    Consider adding
     importFrom("graphics", "axis", "plot", "text")
     importFrom("stats", "na.omit", "sd")
    to your NAMESPACE.
Flavors: r-devel-linux-x86_64-debian-clang, r-devel-linux-x86_64-debian-gcc, r-devel-linux-x86_64-fedora-clang, r-devel-linux-x86_64-fedora-gcc, r-devel-windows-ix86+x86_64