CRAN Package Check Results for Package ahMLE

Last updated on 2024-07-15 04:48:29 CEST.

Flavor Version Tinstall Tcheck Ttotal Status Flags
r-devel-linux-x86_64-debian-clang 1.20.1 39.81 78.75 118.56 NOTE
r-devel-linux-x86_64-debian-gcc 1.20.1 29.23 59.66 88.89 NOTE
r-devel-linux-x86_64-fedora-clang 1.20.1 160.88 NOTE
r-devel-linux-x86_64-fedora-gcc 1.20.1 169.52 NOTE
r-devel-windows-x86_64 1.20.1 35.00 87.00 122.00 NOTE
r-patched-linux-x86_64 1.20.1 36.80 74.69 111.49 NOTE
r-release-linux-x86_64 1.20.1 34.62 76.37 110.99 NOTE
r-release-macos-arm64 1.20.1 48.00 NOTE
r-release-macos-x86_64 1.20.1 71.00 NOTE
r-release-windows-x86_64 1.20.1 34.00 89.00 123.00 NOTE
r-oldrel-macos-arm64 1.20.1 44.00 NOTE
r-oldrel-macos-x86_64 1.20.1 69.00 NOTE
r-oldrel-windows-x86_64 1.20.1 42.00 110.00 152.00 NOTE

Check Details

Version: 1.20.1
Check: C++ specification
Result: NOTE Specified C++11: please drop specification unless essential Flavors: r-devel-linux-x86_64-debian-clang, r-devel-linux-x86_64-debian-gcc, r-devel-linux-x86_64-fedora-clang, r-devel-linux-x86_64-fedora-gcc, r-devel-windows-x86_64, r-patched-linux-x86_64, r-release-linux-x86_64, r-release-macos-arm64, r-release-macos-x86_64, r-release-windows-x86_64, r-oldrel-macos-arm64, r-oldrel-macos-x86_64, r-oldrel-windows-x86_64