CRAN Package Check Results for Package ahaz

Last updated on 2015-04-21 03:49:20.

Flavor Version Tinstall Tcheck Ttotal Status Flags
r-devel-linux-x86_64-debian-clang 1.14 3.40 38.70 42.10 OK
r-devel-linux-x86_64-debian-gcc 1.14 4.74 38.84 43.57 OK
r-devel-linux-x86_64-fedora-clang 1.14 91.72 OK
r-devel-linux-x86_64-fedora-gcc 1.14 82.93 OK
r-devel-osx-x86_64-clang 1.14 82.53 OK
r-devel-windows-ix86+x86_64 1.14 16.00 74.00 90.00 OK
r-patched-linux-x86_64 1.14 3.84 37.72 41.55 OK
r-patched-solaris-sparc 1.14 527.90 OK
r-patched-solaris-x86 1.14 117.20 OK
r-release-linux-x86_64 1.14 3.74 38.92 42.66 OK
r-release-osx-x86_64-mavericks 1.14 OK
r-release-osx-x86_64-snowleopard 1.14 OK
r-release-windows-ix86+x86_64 1.14 9.00 73.00 82.00 WARN
r-oldrel-windows-ix86+x86_64 1.14 11.00 83.00 94.00 OK

Check Details

Version: 1.14
Check: whether package can be installed
Result: WARN
    Found the following significant warnings:
     Warning: package 'survival' was built under R version 3.3.0
Flavor: r-release-windows-ix86+x86_64