CRAN Package Check Results for Package ahaz

Last updated on 2017-10-21 04:46:57.

Flavor Version Tinstall Tcheck Ttotal Status Flags
r-devel-linux-x86_64-debian-clang 1.14 3.41 37.19 40.60 NOTE
r-devel-linux-x86_64-debian-gcc 1.14 4.36 38.71 43.06 NOTE
r-devel-linux-x86_64-fedora-clang 1.14 93.32 NOTE
r-devel-linux-x86_64-fedora-gcc 1.14 91.74 NOTE
r-devel-windows-ix86+x86_64 1.14 11.00 118.00 129.00 NOTE
r-patched-linux-x86_64 1.14 3.58 37.70 41.28 NOTE
r-patched-solaris-x86 1.14 121.20 NOTE
r-release-linux-x86_64 1.14 3.77 38.11 41.88 NOTE
r-release-windows-ix86+x86_64 1.14 14.00 88.00 102.00 NOTE
r-release-osx-x86_64 1.14 NOTE
r-oldrel-windows-ix86+x86_64 1.14 9.00 108.00 117.00 NOTE
r-oldrel-osx-x86_64 1.14 NOTE

Check Details

Version: 1.14
Check: R code for possible problems
Result: NOTE
    ahaz: no visible global function definition for ‘predict’
    ahaz.linterp: no visible global function definition for ‘approx’
    ahazpen: no visible global function definition for ‘new’
    coef.ahaz: no visible global function definition for ‘predict’
    coef.ahazpen: no visible global function definition for ‘predict’
    coef.tune.ahazpen: no visible global function definition for ‘predict’
    error.bars: no visible global function definition for ‘segments’
    plot.ahaz: no visible global function definition for ‘predict’
    plot.ahaz: no visible global function definition for ‘plot’
    plot.ahazpen: no visible global function definition for ‘matplot’
    plot.ahazpen: no visible global function definition for ‘axis’
    plot.ahazpen: no visible global function definition for ‘mtext’
    plot.cumahaz: no visible global function definition for ‘stepfun’
    plot.tune.ahazpen: no visible global function definition for ‘abline’
    plot.tune.ahazpen: no visible global function definition for ‘axis’
    plot.tune.ahazpen: no visible global function definition for ‘mtext’
    predict.tune.ahazpen: no visible global function definition for
     ‘predict’
    print.ahaz: no visible global function definition for ‘coef’
    print.summary.ahaz: no visible global function definition for
     ‘printCoefmat’
    residuals.ahaz: no visible global function definition for ‘predict’
    sscad.control : init.sol: no visible global function definition for
     ‘coef’
    summary.ahaz: no visible global function definition for ‘pchisq’
    summary.ahaz: no visible global function definition for ‘pnorm’
    tune.ahazpen: no visible global function definition for ‘coef’
    tune.ahazpen: no visible binding for global variable ‘sd’
    Undefined global functions or variables:
     abline approx axis coef matplot mtext new pchisq plot pnorm predict
     printCoefmat sd segments stepfun
    Consider adding
     importFrom("graphics", "abline", "axis", "matplot", "mtext", "plot",
     "segments")
     importFrom("methods", "new")
     importFrom("stats", "approx", "coef", "pchisq", "pnorm", "predict",
     "printCoefmat", "sd", "stepfun")
    to your NAMESPACE file (and ensure that your DESCRIPTION Imports field
    contains 'methods').
Flavors: r-devel-linux-x86_64-debian-clang, r-devel-linux-x86_64-debian-gcc, r-devel-linux-x86_64-fedora-clang, r-devel-linux-x86_64-fedora-gcc, r-devel-windows-ix86+x86_64, r-patched-linux-x86_64, r-patched-solaris-x86, r-release-linux-x86_64, r-release-windows-ix86+x86_64, r-release-osx-x86_64, r-oldrel-windows-ix86+x86_64, r-oldrel-osx-x86_64

Version: 1.14
Check: compiled code
Result: NOTE
    File ‘ahaz/libs/ahaz.so’:
     Found no calls to: ‘R_registerRoutines’, ‘R_useDynamicSymbols’
    
    It is good practice to register native routines and to disable symbol
    search.
    
    See ‘Writing portable packages’ in the ‘Writing R Extensions’ manual.
Flavors: r-devel-linux-x86_64-debian-clang, r-devel-linux-x86_64-debian-gcc, r-devel-linux-x86_64-fedora-clang, r-devel-linux-x86_64-fedora-gcc, r-patched-linux-x86_64, r-release-linux-x86_64