CRAN Package Check Results for Package ahaz

Last updated on 2015-06-30 06:46:47.

Flavor Version Tinstall Tcheck Ttotal Status Flags
r-devel-linux-x86_64-debian-clang 1.14 3.40 39.43 42.83 NOTE
r-devel-linux-x86_64-debian-gcc 1.14 3.55 37.90 41.45 NOTE
r-devel-linux-x86_64-fedora-clang 1.14 81.46 OK
r-devel-linux-x86_64-fedora-gcc 1.14 80.88 OK
r-devel-osx-x86_64-clang 1.14 76.68 OK
r-devel-windows-ix86+x86_64 1.14 19.00 117.00 136.00 NOTE
r-patched-linux-x86_64 1.14 3.75 37.08 40.82 OK
r-patched-solaris-sparc 1.14 529.20 OK
r-patched-solaris-x86 1.14 118.40 OK
r-release-linux-x86_64 1.14 3.57 38.45 42.02 OK
r-release-osx-x86_64-mavericks 1.14 OK
r-release-windows-ix86+x86_64 1.14 14.00 81.00 95.00 OK
r-oldrel-windows-ix86+x86_64 1.14 13.00 133.00 146.00 OK

Check Details

Version: 1.14
Check: R code for possible problems
Result: NOTE
    ahaz: no visible global function definition for ‘predict’
    ahaz.linterp: no visible global function definition for ‘approx’
    ahazpen: no visible global function definition for ‘new’
    coef.ahaz: no visible global function definition for ‘predict’
    coef.ahazpen: no visible global function definition for ‘predict’
    coef.tune.ahazpen: no visible global function definition for ‘predict’
    error.bars: no visible global function definition for ‘segments’
    plot.ahaz: no visible global function definition for ‘predict’
    plot.ahaz: no visible global function definition for ‘plot’
    plot.ahazpen: no visible global function definition for ‘matplot’
    plot.ahazpen: no visible global function definition for ‘axis’
    plot.ahazpen: no visible global function definition for ‘mtext’
    plot.cumahaz: no visible global function definition for ‘stepfun’
    plot.tune.ahazpen: no visible global function definition for ‘abline’
    plot.tune.ahazpen: no visible global function definition for ‘axis’
    plot.tune.ahazpen: no visible global function definition for ‘mtext’
    predict.tune.ahazpen: no visible global function definition for
     ‘predict’
    print.ahaz: no visible global function definition for ‘coef’
    print.summary.ahaz: no visible global function definition for
     ‘printCoefmat’
    residuals.ahaz: no visible global function definition for ‘predict’
    sscad.control : init.sol: no visible global function definition for
     ‘coef’
    summary.ahaz: no visible global function definition for ‘pchisq’
    summary.ahaz: no visible global function definition for ‘pnorm’
    tune.ahazpen: no visible global function definition for ‘coef’
    tune.ahazpen: no visible binding for global variable ‘sd’
Flavors: r-devel-linux-x86_64-debian-clang, r-devel-linux-x86_64-debian-gcc, r-devel-windows-ix86+x86_64