CRAN Package Check Results for Package ahaz

Last updated on 2014-04-21 12:31:27.

Flavor Version Tinstall Tcheck Ttotal Status Flags
r-devel-linux-x86_64-debian-clang 1.14 4.39 47.57 51.96 OK
r-devel-linux-x86_64-debian-gcc 1.14 4.70 47.31 52.01 OK
r-devel-linux-x86_64-fedora-clang 1.14 114.97 OK
r-devel-linux-x86_64-fedora-gcc 1.14 112.47 OK
r-devel-osx-x86_64-clang 1.14 84.79 OK
r-devel-osx-x86_64-gcc 1.14 OK
r-devel-windows-ix86+x86_64 1.14 12.00 85.00 97.00 OK
r-patched-linux-x86_64 1.14 4.60 46.24 50.84 OK
r-patched-solaris-sparc 1.14 610.90 OK
r-patched-solaris-x86 1.14 151.80 OK
r-release-linux-x86_64 1.14 4.63 46.26 50.89 OK
r-release-osx-x86_64-mavericks 1.14 WARN
r-release-osx-x86_64-snowleopard 1.14 OK
r-release-windows-ix86+x86_64 1.14 18.00 86.00 104.00 OK
r-oldrel-windows-ix86+x86_64 1.14 14.00 85.00 99.00 OK

Check Details

Version: 1.14
Check: PDF version of manual
Result: WARNING
    LaTeX errors when creating PDF version.
    This typically indicates Rd problems.
    LaTeX errors found:
    ! LaTeX Error: File `upquote.sty' not found.
    
    Type X to quit or <RETURN> to proceed,
    or enter new name. (Default extension: sty)
    
    601e02/Rd2.tex:8: ==> Fatal error occurred, no output PDF file produced!
Flavor: r-release-osx-x86_64-mavericks